Jan 7 11:30:55 projectok postfix/trivial-rewrite[277366]: warning: do not list domain projectok.com in BOTH mydestination and virtual_alias_domains
Jan 7 11:30:55 projectok postfix/smtpd[278140]: warning: connect to /var/spool/postfix/postgrey/socket: No such file or directory
Jan 7 11:30:56 projectok postfix/smtpd[279364]: warning: connect to Milter service inet:localhost:8891: Connection timed out
Jan 7 11:30:56 projectok postfix/smtpd[278140]: warning: connect to /var/spool/postfix/postgrey/socket: No such file or directory
Jan 7 11:30:56 projectok postfix/smtpd[278140]: warning: problem talking to server /var/spool/postfix/postgrey/socket: No such file or directory
Jan 7 11:30:56 projectok postfix/smtpd[278140]: NOQUEUE: reject: RCPT from smtp-backup-out1.dfw.wordpress.com[192.0.85.212]: 451 4.3.5 : Recipient address rejected: Server configuration problem; from= to= proto=ESMTP helo=
Jan 7 11:30:57 projectok postfix/smtpd[278140]: disconnect from smtp-backup-out1.dfw.wordpress.com[192.0.85.212] ehlo=2 starttls=1 mail=1 rcpt=0/1 data=0/1 rset=1 quit=1 commands=6/8
Jan 7 11:30:57 projectok postfix/smtpd[278986]: connect from unknown[46.148.40.103]
Jan 7 11:30:58 projectok postfix/smtpd[276687]: warning: connect to Milter service inet:localhost:8891: Connection timed out
Jan 7 11:30:58 projectok postfix/smtpd[276687]: lost connection after CONNECT from unknown[46.148.40.195]
Jan 7 11:30:58 projectok postfix/smtpd[276687]: disconnect from unknown[46.148.40.195] commands=0/0
Jan 7 11:30:58 projectok postfix/smtpd[279364]: warning: SASL authentication failure: cannot connect to saslauthd server: No such file or directory
Jan 7 11:30:58 projectok postfix/smtpd[279364]: warning: unknown[141.98.11.112]: SASL LOGIN authentication failed: generic failure
Jan 7 11:30:59 projectok postfix/smtpd[279364]: disconnect from unknown[141.98.11.112] ehlo=1 auth=0/1 rset=1 quit=1 commands=3/4
Jan 7 11:30:59 projectok postfix/smtpd[278140]: connect from unknown[46.148.40.173]
Jan 7 11:31:00 projectok postfix/smtpd[279812]: warning: connect to Milter service inet:localhost:8891: Connection timed out
Jan 7 11:31:04 projectok postfix/smtpd[279364]: warning: hostname swear.medyamol.com does not resolve to address 141.98.11.112
Jan 7 11:31:04 projectok postfix/smtpd[279364]: connect from unknown[141.98.11.112]
Jan 7 11:31:05 projectok postfix/smtpd[279812]: warning: SASL authentication failure: cannot connect to saslauthd server: No such file or directory
Jan 7 11:31:05 projectok postfix/smtpd[279812]: warning: unknown[46.148.40.173]: SASL LOGIN authentication failed: generic failure
Jan 7 11:31:05 projectok postfix/smtpd[279813]: warning: connect to Milter service inet:localhost:8891: Connection timed out
Jan 7 11:31:06 projectok postfix/smtpd[279812]: disconnect from unknown[46.148.40.173] ehlo=1 auth=0/1 rset=1 quit=1 commands=3/4
Jan 7 11:31:06 projectok postfix/smtpd[279813]: warning: SASL authentication failure: cannot connect to saslauthd server: No such file or directory
Jan 7 11:31:06 projectok postfix/smtpd[279813]: warning: unknown[46.148.40.103]: SASL LOGIN authentication failed: generic failure
Jan 7 11:31:07 projectok postfix/smtpd[279813]: disconnect from unknown[46.148.40.103] ehlo=1 auth=0/1 rset=1 quit=1 commands=3/4
Jan 7 11:31:10 projectok postfix/smtpd[279825]: warning: connect to Milter service inet:localhost:8891: Connection timed out
Jan 7 11:31:10 projectok postfix/smtpd[279812]: connect from unknown[46.148.40.173]
Jan 7 11:31:15 projectok postfix/smtpd[279825]: warning: SASL authentication failure: cannot connect to saslauthd server: No such file or directory
Jan 7 11:31:15 projectok postfix/smtpd[279825]: warning: unknown[46.148.40.173]: SASL LOGIN authentication failed: generic failure
Jan 7 11:31:15 projectok postfix/smtpd[279826]: warning: connect to Milter service inet:localhost:8891: Connection timed out
Jan 7 11:31:16 projectok postfix/smtpd[279825]: disconnect from unknown[46.148.40.173] ehlo=1 auth=0/1 rset=1 quit=1 commands=3/4
Jan 7 11:31:16 projectok postfix/smtpd[279826]: warning: SASL authentication failure: cannot connect to saslauthd server: No such file or directory
Jan 7 11:31:16 projectok postfix/smtpd[279826]: warning: unknown[141.98.11.112]: SASL LOGIN authentication failed: generic failure
Jan 7 11:31:17 projectok postfix/smtpd[279826]: disconnect from unknown[141.98.11.112] ehlo=1 auth=0/1 rset=1 quit=1 commands=3/4
Jan 7 11:31:18 projectok postfix/pickup[270349]: 3DACDC261635: uid=0 from=
Jan 7 11:31:18 projectok postfix/smtpd[279813]: connect from unknown[46.148.40.103]
Jan 7 11:31:20 projectok postfix/smtpd[279838]: warning: connect to Milter service inet:localhost:8891: Connection timed out
Jan 7 11:31:20 projectok postfix/smtpd[276689]: warning: connect to Milter service inet:localhost:8891: Connection timed out
Jan 7 11:31:20 projectok postfix/smtpd[276689]: lost connection after CONNECT from unknown[46.148.40.77]
Jan 7 11:31:20 projectok postfix/smtpd[276689]: disconnect from unknown[46.148.40.77] commands=0/0
Jan 7 11:31:20 projectok postfix/smtpd[279825]: connect from unknown[46.148.40.173]
Jan 7 11:31:22 projectok postfix/smtpd[267584]: warning: connect to Milter service inet:localhost:8891: Connection timed out
Jan 7 11:31:22 projectok postfix/smtpd[267584]: lost connection after CONNECT from unknown[46.148.40.199]
Jan 7 11:31:22 projectok postfix/smtpd[267584]: disconnect from unknown[46.148.40.199] commands=0/0
Jan 7 11:31:22 projectok postfix/smtpd[279826]: warning: hostname swear.medyamol.com does not resolve to address 141.98.11.112
Jan 7 11:31:22 projectok postfix/smtpd[279826]: connect from unknown[141.98.11.112]
Jan 7 11:31:24 projectok postfix/smtpd[270393]: connect from unknown[46.148.40.49]
Jan 7 11:31:25 projectok postfix/smtpd[279838]: warning: SASL authentication failure: cannot connect to saslauthd server: No such file or directory
Jan 7 11:31:25 projectok postfix/smtpd[279838]: warning: unknown[46.148.40.173]: SASL LOGIN authentication failed: generic failure
Jan 7 11:31:26 projectok postfix/smtpd[279838]: disconnect from unknown[46.148.40.173] ehlo=1 auth=0/1 rset=1 quit=1 commands=3/4
Jan 7 11:31:27 projectok postfix/smtpd[278986]: warning: connect to Milter service inet:localhost:8891: Connection timed out
Jan 7 11:31:29 projectok postfix/smtpd[278140]: warning: connect to Milter service inet:localhost:8891: Connection timed out
Jan 7 11:31:31 projectok postfix/smtpd[279838]: connect from unknown[46.148.40.173]
Jan 7 11:31:32 projectok postfix/smtpd[278986]: warning: SASL authentication failure: cannot connect to saslauthd server: No such file or directory
Jan 7 11:31:32 projectok postfix/smtpd[278986]: warning: unknown[46.148.40.103]: SASL LOGIN authentication failed: generic failure
Jan 7 11:31:33 projectok postfix/smtpd[276687]: connect from unknown[46.148.40.196]
Jan 7 11:31:33 projectok postfix/smtpd[278986]: disconnect from unknown[46.148.40.103] ehlo=1 auth=0/1 rset=1 quit=1 commands=3/4
Jan 7 11:31:33 projectok postfix/smtpd[278140]: warning: SASL authentication failure: cannot connect to saslauthd server: No such file or directory
Jan 7 11:31:33 projectok postfix/smtpd[278140]: warning: unknown[46.148.40.173]: SASL LOGIN authentication failed: generic failure
Jan 7 11:31:33 projectok postfix/smtpd[278140]: disconnect from unknown[46.148.40.173] ehlo=1 auth=0/1 rset=1 quit=1 commands=3/4
Jan 7 11:31:34 projectok postfix/smtpd[279364]: warning: connect to Milter service inet:localhost:8891: Connection timed out
Jan 7 11:31:36 projectok postfix/smtpd[279364]: warning: SASL authentication failure: cannot connect to saslauthd server: No such file or directory
Jan 7 11:31:36 projectok postfix/smtpd[279364]: warning: unknown[141.98.11.112]: SASL LOGIN authentication failed: generic failure
Jan 7 11:31:37 projectok postfix/smtpd[279364]: disconnect from unknown[141.98.11.112] ehlo=1 auth=0/1 rset=1 quit=1 commands=3/4
Jan 7 11:31:40 projectok postfix/smtpd[279812]: warning: connect to Milter service inet:localhost:8891: Connection timed out
Jan 7 11:31:41 projectok postfix/smtpd[278986]: connect from unknown[46.148.40.173]
Jan 7 11:31:41 projectok postfix/smtpd[276689]: connect from unknown[46.148.40.192]
Jan 7 11:31:41 projectok postfix/smtpd[278140]: warning: hostname swear.medyamol.com does not resolve to address 141.98.11.112
Jan 7 11:31:41 projectok postfix/smtpd[278140]: connect from unknown[141.98.11.112]
Jan 7 11:31:45 projectok postfix/smtpd[279812]: warning: SASL authentication failure: cannot connect to saslauthd server: No such file or directory
Jan 7 11:31:45 projectok postfix/smtpd[279812]: warning: unknown[46.148.40.173]: SASL LOGIN authentication failed: generic failure
Jan 7 11:31:46 projectok postfix/smtpd[279812]: disconnect from unknown[46.148.40.173] ehlo=1 auth=0/1 rset=1 quit=1 commands=3/4
Jan 7 11:31:48 projectok postfix/cleanup[279920]: warning: connect to Milter service inet:localhost:8891: Connection timed out
Jan 7 11:31:48 projectok postfix/cleanup[279920]: 3DACDC261635: message-id=<1673071278.275246.3@projectok.com>
Jan 7 11:31:48 projectok postfix/qmgr[66657]: 3DACDC261635: from=, size=4635, nrcpt=1 (queue active)
Jan 7 11:31:48 projectok postfix/trivial-rewrite[277366]: warning: do not list domain projectok.com in BOTH mydestination and virtual_alias_domains
Jan 7 11:31:48 projectok postfix/smtpd[279813]: warning: connect to Milter service inet:localhost:8891: Connection timed out
Jan 7 11:31:50 projectok postfix/smtpd[279825]: warning: connect to Milter service inet:localhost:8891: Connection timed out
Jan 7 11:31:51 projectok postfix/smtpd[267584]: connect from unknown[46.148.40.190]
Jan 7 11:31:51 projectok postfix/smtpd[279813]: warning: SASL authentication failure: cannot connect to saslauthd server: No such file or directory
Jan 7 11:31:51 projectok postfix/smtpd[279813]: warning: unknown[46.148.40.103]: SASL LOGIN authentication failed: generic failure
Jan 7 11:31:51 projectok postfix/smtpd[279813]: disconnect from unknown[46.148.40.103] ehlo=1 auth=0/1 rset=1 quit=1 commands=3/4
Jan 7 11:31:52 projectok postfix/smtpd[279826]: warning: connect to Milter service inet:localhost:8891: Connection timed out
Jan 7 11:31:55 projectok postfix/smtpd[279825]: warning: SASL authentication failure: cannot connect to saslauthd server: No such file or directory
Jan 7 11:31:55 projectok postfix/smtpd[279825]: warning: unknown[46.148.40.173]: SASL LOGIN authentication failed: generic failure
Jan 7 11:31:56 projectok postfix/smtpd[279825]: disconnect from unknown[46.148.40.173] ehlo=1 auth=0/1 rset=1 quit=1 commands=3/4
Jan 7 11:31:56 projectok postfix/smtpd[279826]: warning: SASL authentication failure: cannot connect to saslauthd server: No such file or directory
Jan 7 11:31:56 projectok postfix/smtpd[279826]: warning: unknown[141.98.11.112]: SASL LOGIN authentication failed: generic failure
Jan 7 11:31:56 projectok postfix/smtpd[279826]: disconnect from unknown[141.98.11.112] ehlo=1 auth=0/1 rset=1 quit=1 commands=3/4
Jan 7 11:31:56 projectok postfix/smtpd[270393]: warning: connect to Milter service inet:localhost:8891: Connection timed out
Jan 7 11:31:56 projectok postfix/smtpd[270393]: lost connection after CONNECT from unknown[46.148.40.49]
Jan 7 11:31:56 projectok postfix/smtpd[270393]: disconnect from unknown[46.148.40.49] commands=0/0
Jan 7 11:31:59 projectok postfix/smtpd[270393]: connect from unknown[46.148.40.153]
Jan 7 11:32:00 projectok postfix/smtpd[279364]: warning: hostname swear.medyamol.com does not resolve to address 141.98.11.112
Jan 7 11:32:00 projectok postfix/smtpd[279364]: connect from unknown[141.98.11.112]
Jan 7 11:32:01 projectok postfix/smtpd[279838]: warning: connect to Milter service inet:localhost:8891: Connection timed out
Jan 7 11:32:05 projectok postfix/smtpd[276687]: warning: connect to Milter service inet:localhost:8891: Connection timed out
Jan 7 11:32:05 projectok postfix/smtpd[276687]: lost connection after CONNECT from unknown[46.148.40.196]
Jan 7 11:32:05 projectok postfix/smtpd[276687]: disconnect from unknown[46.148.40.196] commands=0/0
Jan 7 11:32:06 projectok postfix/smtpd[279838]: warning: SASL authentication failure: cannot connect to saslauthd server: No such file or directory
Jan 7 11:32:06 projectok postfix/smtpd[279838]: warning: unknown[46.148.40.173]: SASL LOGIN authentication failed: generic failure
Jan 7 11:32:07 projectok postfix/smtpd[279838]: disconnect from unknown[46.148.40.173] ehlo=1 auth=0/1 rset=1 quit=1 commands=3/4
Jan 7 11:32:08 projectok spamd[2638]: spamd: connection from ::1 [::1]:56626 to port 783, fd 5
Jan 7 11:32:08 projectok spamd[2638]: spamd: setuid to projectok.ga succeeded
Jan 7 11:32:08 projectok spamd[2638]: spamd: processing message <1673071278.275246.3@projectok.com> for projectok.ga:1134
Jan 7 11:32:09 projectok spamd[2638]: spamd: clean message (0.0/5.0) for projectok.ga:1134 in 1.3 seconds, 4668 bytes.
Jan 7 11:32:09 projectok spamd[2638]: spamd: result: . 0 - NO_RELAYS,URIBL_BLOCKED scantime=1.3,size=4668,user=projectok.ga,uid=1134,required_score=5.0,rhost=::1,raddr=::1,rport=56626,mid=<1673071278.275246.3@projectok.com>,autolearn=ham autolearn_force=no
Jan 7 11:32:09 projectok postfix/local[280001]: 3DACDC261635: to=, orig_to=, relay=local, delay=52, delays=30/0/0/22, dsn=2.0.0, status=sent (delivered to command: /usr/bin/procmail-wrapper -o -a $DOMAIN -d $LOGNAME)
Jan 7 11:32:09 projectok postfix/qmgr[66657]: 3DACDC261635: removed
Jan 7 11:32:11 projectok postfix/smtpd[278986]: warning: connect to Milter service inet:localhost:8891: Connection timed out
Jan 7 11:32:11 projectok postfix/smtpd[278140]: warning: connect to Milter service inet:localhost:8891: Connection timed out
Jan 7 11:32:12 projectok postfix/smtpd[278140]: warning: SASL authentication failure: cannot connect to saslauthd server: No such file or directory
Jan 7 11:32:12 projectok postfix/smtpd[278140]: warning: unknown[141.98.11.112]: SASL LOGIN authentication failed: generic failure
Jan 7 11:32:13 projectok postfix/smtpd[278140]: disconnect from unknown[141.98.11.112] ehlo=1 auth=0/1 rset=1 quit=1 commands=3/4
Jan 7 11:32:14 projectok postfix/smtpd[278986]: warning: SASL authentication failure: cannot connect to saslauthd server: No such file or directory
Jan 7 11:32:14 projectok postfix/smtpd[278986]: warning: unknown[46.148.40.173]: SASL LOGIN authentication failed: generic failure
Jan 7 11:32:15 projectok postfix/smtpd[278986]: disconnect from unknown[46.148.40.173] ehlo=1 auth=0/1 rset=1 quit=1 commands=3/4
Jan 7 11:32:15 projectok postfix/smtpd[276689]: warning: connect to Milter service inet:localhost:8891: Connection timed out
Jan 7 11:32:15 projectok postfix/smtpd[276689]: lost connection after CONNECT from unknown[46.148.40.192]
Jan 7 11:32:15 projectok postfix/smtpd[276689]: disconnect from unknown[46.148.40.192] commands=0/0
Jan 7 11:32:22 projectok postfix/smtpd[276687]: connect from unknown[46.148.40.183]
Jan 7 11:32:25 projectok postfix/smtpd[267584]: warning: connect to Milter service inet:localhost:8891: Connection timed out
Jan 7 11:32:25 projectok postfix/smtpd[267584]: lost connection after CONNECT from unknown[46.148.40.190]
Jan 7 11:32:25 projectok postfix/smtpd[267584]: disconnect from unknown[46.148.40.190] commands=0/0
Jan 7 11:32:30 projectok postfix/smtpd[279364]: warning: connect to Milter service inet:localhost:8891: Connection timed out
Jan 7 11:32:33 projectok postfix/smtpd[270393]: warning: connect to Milter service inet:localhost:8891: Connection timed out
Jan 7 11:32:33 projectok postfix/smtpd[270393]: lost connection after CONNECT from unknown[46.148.40.153]
Jan 7 11:32:33 projectok postfix/smtpd[270393]: disconnect from unknown[46.148.40.153] commands=0/0
Jan 7 11:32:36 projectok postfix/smtpd[279364]: warning: SASL authentication failure: cannot connect to saslauthd server: No such file or directory
Jan 7 11:32:36 projectok postfix/smtpd[279364]: warning: unknown[141.98.11.112]: SASL LOGIN authentication failed: generic failure
Jan 7 11:32:36 projectok postfix/smtpd[279364]: disconnect from unknown[141.98.11.112] ehlo=1 auth=0/1 rset=1 quit=1 commands=3/4
Jan 7 11:32:39 projectok postfix/smtpd[276689]: connect from unknown[46.148.40.186]
Jan 7 11:32:55 projectok postfix/smtpd[276687]: warning: connect to Milter service inet:localhost:8891: Connection timed out
Jan 7 11:32:55 projectok postfix/smtpd[276687]: lost connection after CONNECT from unknown[46.148.40.183]
Jan 7 11:32:55 projectok postfix/smtpd[276687]: disconnect from unknown[46.148.40.183] commands=0/0
Jan 7 11:33:11 projectok postfix/smtpd[279812]: connect from unknown[193.56.29.118]
Jan 7 11:33:12 projectok postfix/smtpd[276689]: warning: connect to Milter service inet:localhost:8891: Connection timed out
Jan 7 11:33:12 projectok postfix/smtpd[276689]: lost connection after CONNECT from unknown[46.148.40.186]
Jan 7 11:33:12 projectok postfix/smtpd[276689]: disconnect from unknown[46.148.40.186] commands=0/0
Jan 7 11:33:27 projectok postfix/pickup[270349]: 17421C1779A9: uid=0 from=
Jan 7 11:33:33 projectok postfix/smtpd[267584]: connect from unknown[46.148.40.108]
Jan 7 11:33:41 projectok postfix/smtpd[279812]: warning: connect to Milter service inet:localhost:8891: Connection timed out
Jan 7 11:33:42 projectok postfix/smtpd[279812]: warning: SASL authentication failure: cannot connect to saslauthd server: No such file or directory
Jan 7 11:33:42 projectok postfix/smtpd[279812]: warning: unknown[193.56.29.118]: SASL LOGIN authentication failed: generic failure
Jan 7 11:33:43 projectok postfix/smtpd[279812]: disconnect from unknown[193.56.29.118] ehlo=1 auth=0/1 quit=1 commands=2/3
Jan 7 11:33:46 projectok postfix/smtpd[279838]: connect from unknown[193.56.29.178]
Jan 7 11:33:57 projectok postfix/cleanup[279920]: warning: connect to Milter service inet:localhost:8891: Connection timed out
Jan 7 11:33:57 projectok postfix/cleanup[279920]: 17421C1779A9: message-id=<1673071407.275246.4@projectok.com>
Jan 7 11:33:57 projectok postfix/qmgr[66657]: 17421C1779A9: from=, size=4635, nrcpt=1 (queue active)
Jan 7 11:33:57 projectok postfix/trivial-rewrite[277366]: warning: do not list domain projectok.com in BOTH mydestination and virtual_alias_domains
Jan 7 11:34:06 projectok postfix/smtpd[267584]: warning: connect to Milter service inet:localhost:8891: Connection timed out
Jan 7 11:34:06 projectok postfix/smtpd[267584]: lost connection after CONNECT from unknown[46.148.40.108]
Jan 7 11:34:06 projectok postfix/smtpd[267584]: disconnect from unknown[46.148.40.108] commands=0/0
Jan 7 11:34:09 projectok postfix/smtpd[270393]: connect from unknown[46.148.40.189]
Jan 7 11:34:12 projectok postfix/qmgr[66657]: 5876EC1798C3: from=, size=669, nrcpt=1 (queue active)
Jan 7 11:34:12 projectok postfix/smtp[282221]: fatal: unknown service: smtp/tcp
Jan 7 11:34:13 projectok postfix/qmgr[66657]: warning: private/smtp socket: malformed response
Jan 7 11:34:13 projectok postfix/qmgr[66657]: warning: transport smtp failure -- see a previous warning/fatal/panic logfile record for the problem description
Jan 7 11:34:13 projectok postfix/master[66343]: warning: process /usr/libexec/postfix/smtp pid 282221 exit status 1
Jan 7 11:34:13 projectok postfix/master[66343]: warning: /usr/libexec/postfix/smtp: bad command startup -- throttling
Jan 7 11:34:13 projectok postfix/error[282222]: 5876EC1798C3: to=, relay=none, delay=25755, delays=25754/1.1/0/0.04, dsn=4.3.0, status=deferred (unknown mail transport error)
Jan 7 11:34:16 projectok postfix/smtpd[279838]: warning: connect to Milter service inet:localhost:8891: Connection timed out
Jan 7 11:34:17 projectok spamd[2638]: spamd: connection from ::1 [::1]:34074 to port 783, fd 5
Jan 7 11:34:17 projectok spamd[2638]: spamd: setuid to projectok.gq succeeded
Jan 7 11:34:17 projectok spamd[2638]: spamd: processing message <1673071407.275246.4@projectok.com> for projectok.gq:1135
Jan 7 11:34:18 projectok postfix/smtpd[279838]: warning: SASL authentication failure: cannot connect to saslauthd server: No such file or directory
Jan 7 11:34:18 projectok postfix/smtpd[279838]: warning: unknown[193.56.29.178]: SASL LOGIN authentication failed: generic failure
Jan 7 11:34:18 projectok postfix/smtpd[279838]: disconnect from unknown[193.56.29.178] ehlo=1 auth=0/1 quit=1 commands=2/3
Jan 7 11:34:18 projectok postfix/smtpd[276687]: connect from unknown[46.148.40.114]
Jan 7 11:34:18 projectok spamd[2638]: spamd: clean message (0.0/5.0) for projectok.gq:1135 in 1.4 seconds, 4668 bytes.
Jan 7 11:34:18 projectok spamd[2638]: spamd: result: . 0 - NO_RELAYS,URIBL_BLOCKED scantime=1.4,size=4668,user=projectok.gq,uid=1135,required_score=5.0,rhost=::1,raddr=::1,rport=34074,mid=<1673071407.275246.4@projectok.com>,autolearn=ham autolearn_force=no
Jan 7 11:34:18 projectok postfix/local[282207]: 17421C1779A9: to=, orig_to=, relay=local, delay=52, delays=30/0/0/22, dsn=2.0.0, status=sent (delivered to command: /usr/bin/procmail-wrapper -o -a $DOMAIN -d $LOGNAME)
Jan 7 11:34:18 projectok postfix/qmgr[66657]: 17421C1779A9: removed
Jan 7 11:34:44 projectok postfix/smtpd[270393]: warning: connect to Milter service inet:localhost:8891: Connection timed out
Jan 7 11:34:44 projectok postfix/smtpd[270393]: lost connection after CONNECT from unknown[46.148.40.189]
Jan 7 11:34:44 projectok postfix/smtpd[270393]: disconnect from unknown[46.148.40.189] commands=0/0
Jan 7 11:34:46 projectok postfix/anvil[66871]: statistics: max connection rate 6/60s for (smtp:46.148.40.173) at
Jan 7 06:01:20
Jan 7 11:34:46 projectok postfix/anvil[66871]: statistics: max connection count 4 for (smtp:46.148.40.173) at
Jan 7 06:00:59
Jan 7 11:34:46 projectok postfix/anvil[66871]: statistics: max cache size 11 at
Jan 7 06:01:54
Jan 7 11:34:51 projectok postfix/smtpd[276687]: warning: connect to Milter service inet:localhost:8891: Connection timed out
Jan 7 11:34:51 projectok postfix/smtpd[276687]: lost connection after CONNECT from unknown[46.148.40.114]
Jan 7 11:34:51 projectok postfix/smtpd[276687]: disconnect from unknown[46.148.40.114] commands=0/0
Jan 7 11:35:03 projectok postfix/smtpd[267584]: connect from unknown[46.148.40.94]
Jan 7 11:35:35 projectok postfix/smtpd[267584]: warning: connect to Milter service inet:localhost:8891: Connection timed out
Jan 7 11:35:35 projectok postfix/smtpd[267584]: lost connection after CONNECT from unknown[46.148.40.94]
Jan 7 11:35:35 projectok postfix/smtpd[267584]: disconnect from unknown[46.148.40.94] commands=0/0
Jan 7 11:36:02 projectok postfix/smtpd[282375]: connect from unknown[193.56.29.118]
Jan 7 11:36:31 projectok postfix/pickup[270349]: AF998C17371C: uid=0 from=
Jan 7 11:36:32 projectok postfix/smtpd[282375]: warning: connect to Milter service inet:localhost:8891: Connection timed out
Jan 7 11:36:34 projectok postfix/smtpd[282375]: warning: SASL authentication failure: cannot connect to saslauthd server: No such file or directory
Jan 7 11:36:34 projectok postfix/smtpd[282375]: warning: unknown[193.56.29.118]: SASL LOGIN authentication failed: generic failure
Jan 7 11:36:35 projectok postfix/smtpd[282375]: disconnect from unknown[193.56.29.118] ehlo=1 auth=0/1 quit=1 commands=2/3
Jan 7 11:36:42 projectok postfix/smtpd[267584]: connect from unknown[46.148.40.195]
Jan 7 11:36:54 projectok postfix/smtpd[282618]: connect from unknown[46.148.40.58]
Jan 7 11:37:01 projectok postfix/cleanup[282458]: warning: connect to Milter service inet:localhost:8891: Connection timed out
Jan 7 11:37:01 projectok postfix/cleanup[282458]: AF998C17371C: message-id=<1673071589.275246.5@projectok.com>
Jan 7 11:37:01 projectok postfix/qmgr[66657]: AF998C17371C: from=, size=4635, nrcpt=1 (queue active)
Jan 7 11:37:01 projectok postfix/trivial-rewrite[282460]: warning: do not list domain projectok.com in BOTH mydestination and virtual_alias_domains
Jan 7 11:37:09 projectok postfix/smtpd[282638]: connect from unknown[46.148.40.13]
Jan 7 11:37:10 projectok postfix/smtpd[282639]: connect from unknown[46.148.40.77]
Jan 7 11:37:14 projectok postfix/smtpd[267584]: warning: connect to Milter service inet:localhost:8891: Connection timed out
Jan 7 11:37:14 projectok postfix/smtpd[267584]: lost connection after CONNECT from unknown[46.148.40.195]
Jan 7 11:37:14 projectok postfix/smtpd[267584]: disconnect from unknown[46.148.40.195] commands=0/0
Jan 7 11:37:22 projectok spamd[2638]: spamd: connection from ::1 [::1]:50174 to port 783, fd 5
Jan 7 11:37:22 projectok spamd[2638]: spamd: setuid to projectok.ml succeeded
Jan 7 11:37:22 projectok spamd[2638]: spamd: processing message <1673071589.275246.5@projectok.com> for projectok.ml:1136
Jan 7 11:37:25 projectok spamd[2638]: spamd: clean message (0.0/5.0) for projectok.ml:1136 in 3.8 seconds, 4668 bytes.
Jan 7 11:37:25 projectok spamd[2638]: spamd: result: . 0 - NO_RELAYS,URIBL_BLOCKED scantime=3.8,size=4668,user=projectok.ml,uid=1136,required_score=5.0,rhost=::1,raddr=::1,rport=50174,mid=<1673071589.275246.5@projectok.com>,autolearn=ham autolearn_force=no
Jan 7 11:37:26 projectok postfix/local[282624]: AF998C17371C: to=, orig_to=, relay=local, delay=57, delays=33/0/0/24, dsn=2.0.0, status=sent (delivered to command: /usr/bin/procmail-wrapper -o -a $DOMAIN -d $LOGNAME)
Jan 7 11:37:26 projectok postfix/qmgr[66657]: AF998C17371C: removed
Jan 7 11:37:27 projectok postfix/smtpd[282618]: warning: connect to Milter service inet:localhost:8891: Connection timed out
Jan 7 11:37:27 projectok postfix/smtpd[282618]: lost connection after CONNECT from unknown[46.148.40.58]
Jan 7 11:37:27 projectok postfix/smtpd[282618]: disconnect from unknown[46.148.40.58] commands=0/0
Jan 7 11:37:36 projectok postfix/smtpd[267584]: connect from unknown[46.148.40.197]
Jan 7 11:37:42 projectok postfix/smtpd[282638]: warning: connect to Milter service inet:localhost:8891: Connection timed out
Jan 7 11:37:42 projectok postfix/smtpd[282638]: lost connection after CONNECT from unknown[46.148.40.13]
Jan 7 11:37:42 projectok postfix/smtpd[282638]: disconnect from unknown[46.148.40.13] commands=0/0
Jan 7 11:37:43 projectok postfix/smtpd[282639]: warning: connect to Milter service inet:localhost:8891: Connection timed out
Jan 7 11:37:43 projectok postfix/smtpd[282639]: lost connection after CONNECT from unknown[46.148.40.77]
Jan 7 11:37:43 projectok postfix/smtpd[282639]: disconnect from unknown[46.148.40.77] commands=0/0
Jan 7 11:37:52 projectok postfix/smtpd[282618]: connect from unknown[46.148.40.193]
Jan 7 11:38:05 projectok postfix/smtpd[282638]: connect from unknown[46.148.40.130]
Jan 7 11:38:11 projectok postfix/smtpd[267584]: warning: connect to Milter service inet:localhost:8891: Connection timed out
Jan 7 11:38:11 projectok postfix/smtpd[267584]: lost connection after CONNECT from unknown[46.148.40.197]
Jan 7 11:38:11 projectok postfix/smtpd[267584]: disconnect from unknown[46.148.40.197] commands=0/0
Jan 7 11:38:25 projectok postfix/smtpd[282618]: warning: connect to Milter service inet:localhost:8891: Connection timed out
Jan 7 11:38:25 projectok postfix/smtpd[282618]: lost connection after CONNECT from unknown[46.148.40.193]
Jan 7 11:38:25 projectok postfix/smtpd[282618]: disconnect from unknown[46.148.40.193] commands=0/0
Jan 7 11:38:35 projectok postfix/smtpd[282639]: connect from unknown[46.148.40.185]
Jan 7 11:38:38 projectok postfix/smtpd[282638]: warning: connect to Milter service inet:localhost:8891: Connection timed out
Jan 7 11:38:38 projectok postfix/smtpd[282638]: lost connection after CONNECT from unknown[46.148.40.130]
Jan 7 11:38:38 projectok postfix/smtpd[282638]: disconnect from unknown[46.148.40.130] commands=0/0
Jan 7 11:39:07 projectok postfix/smtpd[282639]: warning: connect to Milter service inet:localhost:8891: Connection timed out
Jan 7 11:39:07 projectok postfix/smtpd[282639]: lost connection after CONNECT from unknown[46.148.40.185]
Jan 7 11:39:07 projectok postfix/smtpd[282639]: disconnect from unknown[46.148.40.185] commands=0/0
Jan 7 11:39:08 projectok postfix/smtpd[267584]: connect from unknown[46.148.40.95]
Jan 7 11:39:16 projectok postfix/smtpd[282618]: connect from unknown[46.148.40.198]
Jan 7 11:39:20 projectok postfix/pickup[270349]: 067F2C1779AA: uid=0 from=
Jan 7 11:39:33 projectok dovecot[4654]: imap-login: Disconnected: Too many invalid commands (no auth attempts in 1 secs): user=<>, rip=159.223.112.228, lip=192.168.1.53, session=
Jan 7 11:39:41 projectok postfix/smtpd[267584]: warning: connect to Milter service inet:localhost:8891: Connection timed out
Jan 7 11:39:41 projectok postfix/smtpd[267584]: lost connection after CONNECT from unknown[46.148.40.95]
Jan 7 11:39:41 projectok postfix/smtpd[267584]: disconnect from unknown[46.148.40.95] commands=0/0
Jan 7 11:39:50 projectok postfix/cleanup[284826]: warning: connect to Milter service inet:localhost:8891: Connection timed out
Jan 7 11:39:50 projectok postfix/cleanup[284826]: 067F2C1779AA: message-id=<1673071759.275246.6@projectok.com>
Jan 7 11:39:50 projectok postfix/qmgr[66657]: 067F2C1779AA: from=, size=5284, nrcpt=1 (queue active)
Jan 7 11:39:50 projectok postfix/trivial-rewrite[284828]: warning: do not list domain projectok.com in BOTH mydestination and virtual_alias_domains
Jan 7 11:39:50 projectok postfix/smtpd[282618]: warning: connect to Milter service inet:localhost:8891: Connection timed out
Jan 7 11:39:50 projectok postfix/smtpd[282618]: lost connection after CONNECT from unknown[46.148.40.198]
Jan 7 11:39:50 projectok postfix/smtpd[282618]: disconnect from unknown[46.148.40.198] commands=0/0
Jan 7 11:39:52 projectok postfix/smtpd[282638]: connect from unknown[46.148.40.108]
Jan 7 11:39:58 projectok postfix/smtpd[282639]: connect from unknown[46.148.40.153]
Jan 7 11:39:58 projectok postfix/smtpd[267584]: connect from unknown[46.148.40.135]
Jan 7 11:40:09 projectok dovecot[4654]: pop3-login: Disconnected: Disconnected: Too many bad commands (no auth attempts in 0 secs): user=<>, rip=137.184.192.220, lip=192.168.1.53, session=
Jan 7 11:40:10 projectok spamd[2638]: spamd: connection from ::1 [::1]:48260 to port 783, fd 5
Jan 7 11:40:10 projectok spamd[2638]: spamd: setuid to survey.cf succeeded
Jan 7 11:40:10 projectok spamd[2638]: spamd: processing message <1673071759.275246.6@projectok.com> for survey.cf:1153
Jan 7 11:40:12 projectok spamd[2638]: spamd: clean message (0.0/5.0) for survey.cf:1153 in 1.5 seconds, 5302 bytes.
Jan 7 11:40:12 projectok spamd[2638]: spamd: result: . 0 - NO_RELAYS,URIBL_BLOCKED scantime=1.5,size=5302,user=survey.cf,uid=1153,required_score=5.0,rhost=::1,raddr=::1,rport=48260,mid=<1673071759.275246.6@projectok.com>,autolearn=ham autolearn_force=no
Jan 7 11:40:12 projectok postfix/local[285231]: 067F2C1779AA: to=, orig_to=, relay=local, delay=52, delays=30/0/0/22, dsn=2.0.0, status=sent (delivered to command: /usr/bin/procmail-wrapper -o -a $DOMAIN -d $LOGNAME)
Jan 7 11:40:12 projectok postfix/qmgr[66657]: 067F2C1779AA: removed
Jan 7 11:40:25 projectok postfix/smtpd[282638]: warning: connect to Milter service inet:localhost:8891: Connection timed out
Jan 7 11:40:25 projectok postfix/smtpd[282638]: lost connection after CONNECT from unknown[46.148.40.108]
Jan 7 11:40:25 projectok postfix/smtpd[282638]: disconnect from unknown[46.148.40.108] commands=0/0
Jan 7 11:40:31 projectok postfix/smtpd[267584]: warning: connect to Milter service inet:localhost:8891: Connection timed out
Jan 7 11:40:31 projectok postfix/smtpd[267584]: lost connection after CONNECT from unknown[46.148.40.135]
Jan 7 11:40:31 projectok postfix/smtpd[267584]: disconnect from unknown[46.148.40.135] commands=0/0
Jan 7 11:40:31 projectok postfix/smtpd[282639]: warning: connect to Milter service inet:localhost:8891: Connection timed out
Jan 7 11:40:31 projectok postfix/smtpd[282639]: lost connection after CONNECT from unknown[46.148.40.153]
Jan 7 11:40:31 projectok postfix/smtpd[282639]: disconnect from unknown[46.148.40.153] commands=0/0
Jan 7 11:40:42 projectok postfix/smtpd[282618]: connect from unknown[46.148.40.189]
Jan 7 11:41:04 projectok postfix/smtpd[282638]: connect from unknown[219.139.131.21]
Jan 7 11:41:15 projectok postfix/smtpd[282618]: warning: connect to Milter service inet:localhost:8891: Connection timed out
Jan 7 11:41:15 projectok postfix/smtpd[282618]: lost connection after CONNECT from unknown[46.148.40.189]
Jan 7 11:41:15 projectok postfix/smtpd[282618]: disconnect from unknown[46.148.40.189] commands=0/0
Jan 7 11:41:20 projectok postfix/smtpd[267584]: connect from unknown[46.148.40.94]
Jan 7 11:41:28 projectok postfix/smtpd[282639]: connect from unknown[91.74.104.250]
Jan 7 11:41:31 projectok postfix/smtpd[282618]: connect from unknown[46.148.40.136]
Jan 7 11:41:37 projectok postfix/smtpd[282638]: warning: connect to Milter service inet:localhost:8891: Connection timed out
Jan 7 11:41:37 projectok postfix/smtpd[282638]: lost connection after CONNECT from unknown[219.139.131.21]
Jan 7 11:41:37 projectok postfix/smtpd[282638]: disconnect from unknown[219.139.131.21] commands=0/0
Jan 7 11:41:38 projectok postfix/smtpd[282638]: connect from unknown[46.148.40.199]
Jan 7 11:41:42 projectok postfix/smtpd[285312]: connect from unknown[101.203.172.86]
Jan 7 11:41:42 projectok postfix/smtpd[285314]: connect from unknown[46.148.40.103]
Jan 7 11:41:48 projectok postfix/smtpd[285326]: connect from unknown[46.148.40.107]
Jan 7 11:41:52 projectok postfix/smtpd[267584]: warning: connect to Milter service inet:localhost:8891: Connection timed out
Jan 7 11:41:52 projectok postfix/smtpd[267584]: lost connection after CONNECT from unknown[46.148.40.94]
Jan 7 11:41:52 projectok postfix/smtpd[267584]: disconnect from unknown[46.148.40.94] commands=0/0
Jan 7 11:41:56 projectok postfix/smtpd[285333]: connect from unknown[46.148.40.173]
Jan 7 11:42:00 projectok postfix/smtpd[282639]: warning: connect to Milter service inet:localhost:8891: Connection timed out
Jan 7 11:42:00 projectok postfix/smtpd[282639]: lost connection after CONNECT from unknown[91.74.104.250]
Jan 7 11:42:00 projectok postfix/smtpd[282639]: disconnect from unknown[91.74.104.250] commands=0/0
Jan 7 11:42:02 projectok postfix/smtpd[285327]: connect from unknown[61.134.36.10]
Jan 7 11:42:02 projectok postfix/smtpd[285327]: SSL_accept error from unknown[61.134.36.10]: -1
Jan 7 11:42:02 projectok postfix/smtpd[285327]: warning: TLS library problem: error:0A000126:SSL routines::unexpected eof while reading:ssl/record/rec_layer_s3.c:308:
Jan 7 11:42:02 projectok postfix/smtpd[285327]: lost connection after CONNECT from unknown[61.134.36.10]
Jan 7 11:42:02 projectok postfix/smtpd[285327]: disconnect from unknown[61.134.36.10] commands=0/0
Jan 7 11:42:04 projectok postfix/smtpd[282618]: warning: connect to Milter service inet:localhost:8891: Connection timed out
Jan 7 11:42:04 projectok postfix/smtpd[282618]: lost connection after CONNECT from unknown[46.148.40.136]
Jan 7 11:42:04 projectok postfix/smtpd[282618]: disconnect from unknown[46.148.40.136] commands=0/0
Jan 7 11:42:04 projectok postfix/smtpd[285334]: connect from unknown[46.148.40.103]
Jan 7 11:42:05 projectok postfix/smtpd[285335]: connect from unknown[46.148.40.173]
Jan 7 11:42:11 projectok postfix/smtpd[267584]: connect from 200-232-169-13.dsl.telesp.net.br[200.232.169.13]
Jan 7 11:42:11 projectok postfix/smtpd[267584]: SSL_accept error from 200-232-169-13.dsl.telesp.net.br[200.232.169.13]: -1
Jan 7 11:42:11 projectok postfix/smtpd[267584]: warning: TLS library problem: error:0A000126:SSL routines::unexpected eof while reading:ssl/record/rec_layer_s3.c:308:
Jan 7 11:42:11 projectok postfix/smtpd[267584]: lost connection after CONNECT from 200-232-169-13.dsl.telesp.net.br[200.232.169.13]
Jan 7 11:42:11 projectok postfix/smtpd[267584]: disconnect from 200-232-169-13.dsl.telesp.net.br[200.232.169.13] commands=0/0
Jan 7 11:42:11 projectok postfix/smtpd[282638]: warning: connect to Milter service inet:localhost:8891: Connection timed out
Jan 7 11:42:11 projectok postfix/smtpd[282638]: lost connection after CONNECT from unknown[46.148.40.199]
Jan 7 11:42:11 projectok postfix/smtpd[282638]: disconnect from unknown[46.148.40.199] commands=0/0
Jan 7 11:42:12 projectok postfix/smtpd[285314]: warning: connect to Milter service inet:localhost:8891: Connection timed out
Jan 7 11:42:13 projectok postfix/smtpd[285312]: warning: connect to Milter service inet:localhost:8891: Connection timed out
Jan 7 11:42:13 projectok postfix/smtpd[285312]: lost connection after CONNECT from unknown[101.203.172.86]
Jan 7 11:42:13 projectok postfix/smtpd[285312]: disconnect from unknown[101.203.172.86] commands=0/0
Jan 7 11:42:15 projectok postfix/smtpd[282639]: connect from unknown[36.92.114.20]
Jan 7 11:42:15 projectok postfix/smtpd[285314]: warning: SASL authentication failure: cannot connect to saslauthd server: No such file or directory
Jan 7 11:42:15 projectok postfix/smtpd[285314]: warning: unknown[46.148.40.103]: SASL LOGIN authentication failed: generic failure
Jan 7 11:42:15 projectok postfix/smtpd[285348]: connect from unknown[46.148.40.173]
Jan 7 11:42:15 projectok postfix/smtpd[285314]: disconnect from unknown[46.148.40.103] ehlo=1 auth=0/1 rset=1 quit=1 commands=3/4
Jan 7 11:42:19 projectok postfix/smtpd[285314]: warning: hostname swear.medyamol.com does not resolve to address 141.98.11.112
Jan 7 11:42:19 projectok postfix/smtpd[285314]: connect from unknown[141.98.11.112]
Jan 7 11:42:21 projectok postfix/smtpd[282639]: SSL_accept error from unknown[36.92.114.20]: -1
Jan 7 11:42:21 projectok postfix/smtpd[282639]: warning: TLS library problem: error:0A000126:SSL routines::unexpected eof while reading:ssl/record/rec_layer_s3.c:308:
Jan 7 11:42:21 projectok postfix/smtpd[282639]: lost connection after CONNECT from unknown[36.92.114.20]
Jan 7 11:42:21 projectok postfix/smtpd[282639]: disconnect from unknown[36.92.114.20] commands=0/0
Jan 7 11:42:21 projectok postfix/smtpd[285326]: warning: connect to Milter service inet:localhost:8891: Connection timed out
Jan 7 11:42:21 projectok postfix/smtpd[285326]: lost connection after CONNECT from unknown[46.148.40.107]
Jan 7 11:42:21 projectok postfix/smtpd[285326]: disconnect from unknown[46.148.40.107] commands=0/0
Jan 7 11:42:24 projectok postfix/smtpd[285327]: connect from unknown[118.218.209.149]
Jan 7 11:42:26 projectok postfix/smtpd[285333]: warning: connect to Milter service inet:localhost:8891: Connection timed out
Jan 7 11:42:26 projectok postfix/smtpd[285349]: connect from unknown[46.148.40.173]
Jan 7 11:42:26 projectok postfix/smtpd[285350]: connect from unknown[46.148.40.103]
Jan 7 11:42:31 projectok postfix/smtpd[285351]: connect from unknown[193.56.29.178]
Jan 7 11:42:31 projectok postfix/smtpd[285333]: warning: SASL authentication failure: cannot connect to saslauthd server: No such file or directory
Jan 7 11:42:31 projectok postfix/smtpd[285333]: warning: unknown[46.148.40.173]: SASL LOGIN authentication failed: generic failure
Jan 7 11:42:32 projectok postfix/smtpd[285333]: disconnect from unknown[46.148.40.173] ehlo=1 auth=0/1 rset=1 quit=1 commands=3/4
Jan 7 11:42:34 projectok postfix/smtpd[285334]: warning: connect to Milter service inet:localhost:8891: Connection timed out
Jan 7 11:42:36 projectok postfix/smtpd[285335]: warning: connect to Milter service inet:localhost:8891: Connection timed out
Jan 7 11:42:36 projectok postfix/smtpd[285333]: connect from unknown[46.148.40.173]
Jan 7 11:42:37 projectok postfix/smtpd[285352]: warning: hostname swear.medyamol.com does not resolve to address 141.98.11.112
Jan 7 11:42:37 projectok postfix/smtpd[285352]: connect from unknown[141.98.11.112]
Jan 7 11:42:37 projectok postfix/smtpd[285334]: warning: SASL authentication failure: cannot connect to saslauthd server: No such file or directory
Jan 7 11:42:37 projectok postfix/smtpd[285334]: warning: unknown[46.148.40.103]: SASL LOGIN authentication failed: generic failure
Jan 7 11:42:38 projectok postfix/smtpd[285334]: disconnect from unknown[46.148.40.103] ehlo=1 auth=0/1 rset=1 quit=1 commands=3/4
Jan 7 11:42:39 projectok postfix/smtpd[285335]: warning: SASL authentication failure: cannot connect to saslauthd server: No such file or directory
Jan 7 11:42:39 projectok postfix/smtpd[285335]: warning: unknown[46.148.40.173]: SASL LOGIN authentication failed: generic failure
Jan 7 11:42:40 projectok postfix/smtpd[282618]: connect from unknown[120.33.137.113]
Jan 7 11:42:41 projectok postfix/smtpd[285335]: disconnect from unknown[46.148.40.173] ehlo=1 auth=0/1 rset=1 quit=1 commands=3/4
Jan 7 11:42:45 projectok postfix/smtpd[285348]: warning: connect to Milter service inet:localhost:8891: Connection timed out
Jan 7 11:42:45 projectok postfix/smtpd[285348]: disconnect from unknown[46.148.40.173] quit=1 commands=1
Jan 7 11:42:47 projectok postfix/smtpd[285334]: connect from unknown[46.148.40.173]
Jan 7 11:42:47 projectok postfix/smtpd[285335]: connect from unknown[46.148.40.103]
Jan 7 11:42:50 projectok postfix/smtpd[285314]: warning: connect to Milter service inet:localhost:8891: Connection timed out
Jan 7 11:42:50 projectok postfix/smtpd[285314]: disconnect from unknown[141.98.11.112] quit=1 commands=1
Jan 7 11:42:55 projectok postfix/smtpd[285327]: warning: connect to Milter service inet:localhost:8891: Connection timed out
Jan 7 11:42:55 projectok postfix/smtpd[285327]: lost connection after CONNECT from unknown[118.218.209.149]
Jan 7 11:42:55 projectok postfix/smtpd[285327]: disconnect from unknown[118.218.209.149] commands=0/0
Jan 7 11:42:55 projectok postfix/smtpd[267584]: connect from unknown[81.16.114.179]
Jan 7 11:42:55 projectok postfix/smtpd[285348]: warning: hostname swear.medyamol.com does not resolve to address 141.98.11.112
Jan 7 11:42:55 projectok postfix/smtpd[285348]: connect from unknown[141.98.11.112]
Jan 7 11:42:56 projectok postfix/smtpd[285349]: warning: connect to Milter service inet:localhost:8891: Connection timed out
Jan 7 11:42:56 projectok postfix/smtpd[285350]: warning: connect to Milter service inet:localhost:8891: Connection timed out
Jan 7 11:42:57 projectok postfix/smtpd[285314]: connect from unknown[46.148.40.173]
Jan 7 11:42:58 projectok postfix/smtpd[285350]: warning: SASL authentication failure: cannot connect to saslauthd server: No such file or directory
Jan 7 11:42:58 projectok postfix/smtpd[285350]: warning: unknown[46.148.40.103]: SASL LOGIN authentication failed: generic failure
Jan 7 11:42:59 projectok postfix/smtpd[285350]: disconnect from unknown[46.148.40.103] ehlo=1 auth=0/1 rset=1 quit=1 commands=3/4
Jan 7 11:42:59 projectok postfix/smtpd[282638]: connect from unknown[46.148.40.191]
Jan 7 11:43:01 projectok postfix/smtpd[285351]: warning: connect to Milter service inet:localhost:8891: Connection timed out
Jan 7 11:43:01 projectok postfix/smtpd[285349]: warning: SASL authentication failure: cannot connect to saslauthd server: No such file or directory
Jan 7 11:43:01 projectok postfix/smtpd[285349]: warning: unknown[46.148.40.173]: SASL LOGIN authentication failed: generic failure
Jan 7 11:43:01 projectok postfix/smtpd[285351]: warning: SASL authentication failure: cannot connect to saslauthd server: No such file or directory
Jan 7 11:43:01 projectok postfix/smtpd[285351]: warning: unknown[193.56.29.178]: SASL LOGIN authentication failed: generic failure
Jan 7 11:43:02 projectok postfix/smtpd[285349]: disconnect from unknown[46.148.40.173] ehlo=1 auth=0/1 rset=1 quit=1 commands=3/4
Jan 7 11:43:02 projectok postfix/smtpd[285351]: disconnect from unknown[193.56.29.178] ehlo=1 auth=0/1 quit=1 commands=2/3
Jan 7 11:43:05 projectok postfix/smtpd[285312]: connect from unknown[46.148.40.195]
Jan 7 11:43:06 projectok postfix/smtpd[285333]: warning: connect to Milter service inet:localhost:8891: Connection timed out
Jan 7 11:43:07 projectok postfix/smtpd[285352]: warning: connect to Milter service inet:localhost:8891: Connection timed out
Jan 7 11:43:07 projectok postfix/smtpd[285350]: connect from unknown[46.148.40.173]
Jan 7 11:43:08 projectok postfix/smtpd[285352]: warning: SASL authentication failure: cannot connect to saslauthd server: No such file or directory
Jan 7 11:43:08 projectok postfix/smtpd[285352]: warning: unknown[141.98.11.112]: SASL LOGIN authentication failed: generic failure
Jan 7 11:43:09 projectok postfix/smtpd[285349]: connect from unknown[46.148.40.103]
Jan 7 11:43:10 projectok postfix/smtpd[285352]: disconnect from unknown[141.98.11.112] ehlo=1 auth=0/1 rset=1 quit=1 commands=3/4
Jan 7 11:43:12 projectok postfix/smtpd[285333]: warning: SASL authentication failure: cannot connect to saslauthd server: No such file or directory
Jan 7 11:43:12 projectok postfix/smtpd[285333]: warning: unknown[46.148.40.173]: SASL LOGIN authentication failed: generic failure
Jan 7 11:43:13 projectok postfix/smtpd[285333]: disconnect from unknown[46.148.40.173] ehlo=1 auth=0/1 rset=1 quit=1 commands=3/4
Jan 7 11:43:14 projectok postfix/smtpd[285351]: warning: hostname swear.medyamol.com does not resolve to address 141.98.11.112
Jan 7 11:43:14 projectok postfix/smtpd[285351]: connect from unknown[141.98.11.112]
Jan 7 11:43:17 projectok postfix/smtpd[285334]: warning: connect to Milter service inet:localhost:8891: Connection timed out
Jan 7 11:43:17 projectok postfix/smtpd[285352]: connect from unknown[46.148.40.173]
Jan 7 11:43:17 projectok postfix/smtpd[282639]: warning: hostname 223-22-233-95.mobile.dynamic.aptg.com.tw does not resolve to address 223.22.233.95: Name or service not known
Jan 7 11:43:17 projectok postfix/smtpd[282639]: connect from unknown[223.22.233.95]
Jan 7 11:43:17 projectok postfix/smtpd[282639]: SSL_accept error from unknown[223.22.233.95]: -1
Jan 7 11:43:17 projectok postfix/smtpd[282639]: warning: TLS library problem: error:0A000126:SSL routines::unexpected eof while reading:ssl/record/rec_layer_s3.c:308:
Jan 7 11:43:17 projectok postfix/smtpd[282639]: lost connection after CONNECT from unknown[223.22.233.95]
Jan 7 11:43:17 projectok postfix/smtpd[282639]: disconnect from unknown[223.22.233.95] commands=0/0
Jan 7 11:43:17 projectok postfix/smtpd[285335]: warning: connect to Milter service inet:localhost:8891: Connection timed out
Jan 7 11:43:18 projectok postfix/smtpd[282618]: warning: connect to Milter service inet:localhost:8891: Connection timed out
Jan 7 11:43:18 projectok postfix/smtpd[282618]: lost connection after CONNECT from unknown[120.33.137.113]
Jan 7 11:43:18 projectok postfix/smtpd[282618]: disconnect from unknown[120.33.137.113] commands=0/0
Jan 7 11:43:21 projectok postfix/smtpd[285335]: warning: SASL authentication failure: cannot connect to saslauthd server: No such file or directory
Jan 7 11:43:21 projectok postfix/smtpd[285335]: warning: unknown[46.148.40.103]: SASL LOGIN authentication failed: generic failure
Jan 7 11:43:22 projectok postfix/smtpd[285334]: warning: SASL authentication failure: cannot connect to saslauthd server: No such file or directory
Jan 7 11:43:22 projectok postfix/smtpd[285334]: warning: unknown[46.148.40.173]: SASL LOGIN authentication failed: generic failure
Jan 7 11:43:22 projectok postfix/smtpd[285335]: disconnect from unknown[46.148.40.103] ehlo=1 auth=0/1 rset=1 quit=1 commands=3/4
Jan 7 11:43:23 projectok postfix/smtpd[285334]: disconnect from unknown[46.148.40.173] ehlo=1 auth=0/1 rset=1 quit=1 commands=3/4
Jan 7 11:43:25 projectok postfix/smtpd[285348]: warning: connect to Milter service inet:localhost:8891: Connection timed out
Jan 7 11:43:27 projectok postfix/smtpd[285327]: warning: hostname www.nettlinx.com does not resolve to address 202.53.74.106
Jan 7 11:43:27 projectok postfix/smtpd[285327]: connect from unknown[202.53.74.106]
Jan 7 11:43:27 projectok postfix/smtpd[285314]: warning: connect to Milter service inet:localhost:8891: Connection timed out
Jan 7 11:43:27 projectok postfix/smtpd[267584]: warning: connect to Milter service inet:localhost:8891: Connection timed out
Jan 7 11:43:27 projectok postfix/smtpd[267584]: lost connection after CONNECT from unknown[81.16.114.179]
Jan 7 11:43:27 projectok postfix/smtpd[267584]: disconnect from unknown[81.16.114.179] commands=0/0
Jan 7 11:43:28 projectok postfix/smtpd[285348]: warning: SASL authentication failure: cannot connect to saslauthd server: No such file or directory
Jan 7 11:43:28 projectok postfix/smtpd[285348]: warning: unknown[141.98.11.112]: SASL LOGIN authentication failed: generic failure
Jan 7 11:43:28 projectok postfix/smtpd[285348]: disconnect from unknown[141.98.11.112] ehlo=1 auth=0/1 rset=1 quit=1 commands=3/4
Jan 7 11:43:31 projectok postfix/smtpd[285333]: connect from unknown[46.148.40.103]
Jan 7 11:43:31 projectok postfix/smtpd[282639]: connect from unknown[46.148.40.77]
Jan 7 11:43:32 projectok postfix/smtpd[285314]: warning: SASL authentication failure: cannot connect to saslauthd server: No such file or directory
Jan 7 11:43:32 projectok postfix/smtpd[285314]: warning: unknown[46.148.40.173]: SASL LOGIN authentication failed: generic failure
Jan 7 11:43:33 projectok postfix/smtpd[282638]: warning: connect to Milter service inet:localhost:8891: Connection timed out
Jan 7 11:43:33 projectok postfix/smtpd[282638]: lost connection after CONNECT from unknown[46.148.40.191]
Jan 7 11:43:33 projectok postfix/smtpd[282638]: disconnect from unknown[46.148.40.191] commands=0/0
Jan 7 11:43:33 projectok postfix/smtpd[285326]: connect from unknown[120.211.157.123]
Jan 7 11:43:33 projectok postfix/smtpd[285326]: SSL_accept error from unknown[120.211.157.123]: -1
Jan 7 11:43:33 projectok postfix/smtpd[285326]: warning: TLS library problem: error:0A000126:SSL routines::unexpected eof while reading:ssl/record/rec_layer_s3.c:308:
Jan 7 11:43:33 projectok postfix/smtpd[285326]: lost connection after CONNECT from unknown[120.211.157.123]
Jan 7 11:43:33 projectok postfix/smtpd[285326]: disconnect from unknown[120.211.157.123] commands=0/0
Jan 7 11:43:34 projectok postfix/smtpd[285314]: disconnect from unknown[46.148.40.173] ehlo=1 auth=0/1 rset=1 quit=1 commands=3/4
Jan 7 11:43:34 projectok postfix/smtpd[285335]: warning: hostname swear.medyamol.com does not resolve to address 141.98.11.112
