Jan 7 06:49:03 projectok postfix/smtpd[142178]: warning: connect to Milter service inet:localhost:8891: Connection timed out
Jan 7 06:49:05 projectok postfix/smtpd[142178]: warning: SASL authentication failure: cannot connect to saslauthd server: No such file or directory
Jan 7 06:49:05 projectok postfix/smtpd[142178]: warning: unknown[46.148.40.173]: SASL LOGIN authentication failed: generic failure
Jan 7 06:49:06 projectok postfix/smtpd[142178]: disconnect from unknown[46.148.40.173] ehlo=1 auth=0/1 rset=1 quit=1 commands=3/4
Jan 7 06:49:07 projectok postfix/smtpd[141829]: connect from unknown[46.148.40.197]
Jan 7 06:49:08 projectok spamd[2638]: spamd: connection from ::1 [::1]:51504 to port 783, fd 5
Jan 7 06:49:08 projectok spamd[2638]: spamd: setuid to anujchadha.tk succeeded
Jan 7 06:49:08 projectok spamd[2638]: spamd: processing message <1673054292.140872.2@projectok.com> for anujchadha.tk:1020
Jan 7 06:49:11 projectok spamd[2638]: spamd: clean message (0.0/5.0) for anujchadha.tk:1020 in 2.3 seconds, 5618 bytes.
Jan 7 06:49:11 projectok spamd[2638]: spamd: result: . 0 - NO_RELAYS,URIBL_BLOCKED scantime=2.3,size=5618,user=anujchadha.tk,uid=1020,required_score=5.0,rhost=::1,raddr=::1,rport=51504,mid=<1673054292.140872.2@projectok.com>,autolearn=ham autolearn_force=no
Jan 7 06:49:11 projectok postfix/local[142214]: 0060DC1798FF: to=, orig_to=, relay=local, delay=58, delays=30/0/0/28, dsn=2.0.0, status=sent (delivered to command: /usr/bin/procmail-wrapper -o -a $DOMAIN -d $LOGNAME)
Jan 7 06:49:11 projectok postfix/qmgr[66657]: 0060DC1798FF: removed
Jan 7 06:49:12 projectok postfix/qmgr[66657]: 0E578C1798DB: from=, size=668, nrcpt=1 (queue active)
Jan 7 06:49:12 projectok postfix/smtp[143642]: fatal: unknown service: smtp/tcp
Jan 7 06:49:13 projectok postfix/qmgr[66657]: warning: private/smtp socket: malformed response
Jan 7 06:49:13 projectok postfix/master[66343]: warning: process /usr/libexec/postfix/smtp pid 143642 exit status 1
Jan 7 06:49:13 projectok postfix/master[66343]: warning: /usr/libexec/postfix/smtp: bad command startup -- throttling
Jan 7 06:49:13 projectok postfix/qmgr[66657]: warning: transport smtp failure -- see a previous warning/fatal/panic logfile record for the problem description
Jan 7 06:49:13 projectok postfix/error[143643]: 0E578C1798DB: to=, relay=none, delay=8846, delays=8844/1.2/0/0.04, dsn=4.3.0, status=deferred (unknown mail transport error)
Jan 7 06:49:16 projectok postfix/smtpd[142600]: connect from unknown[46.148.40.198]
Jan 7 06:49:23 projectok postfix/smtpd[143613]: connect from unknown[46.148.40.189]
Jan 7 06:49:30 projectok postfix/smtpd[143656]: connect from unknown[46.148.40.107]
Jan 7 06:49:40 projectok postfix/smtpd[141829]: warning: connect to Milter service inet:localhost:8891: Connection timed out
Jan 7 06:49:40 projectok postfix/smtpd[141829]: lost connection after CONNECT from unknown[46.148.40.197]
Jan 7 06:49:40 projectok postfix/smtpd[141829]: disconnect from unknown[46.148.40.197] commands=0/0
Jan 7 06:49:41 projectok postfix/smtpd[141829]: connect from unknown[46.148.40.195]
Jan 7 06:49:50 projectok postfix/smtpd[142600]: warning: connect to Milter service inet:localhost:8891: Connection timed out
Jan 7 06:49:50 projectok postfix/smtpd[142600]: lost connection after CONNECT from unknown[46.148.40.198]
Jan 7 06:49:50 projectok postfix/smtpd[142600]: disconnect from unknown[46.148.40.198] commands=0/0
Jan 7 06:49:55 projectok postfix/smtpd[142600]: connect from unknown[46.148.40.13]
Jan 7 06:49:57 projectok postfix/smtpd[143613]: warning: connect to Milter service inet:localhost:8891: Connection timed out
Jan 7 06:49:57 projectok postfix/smtpd[143613]: lost connection after CONNECT from unknown[46.148.40.189]
Jan 7 06:49:57 projectok postfix/smtpd[143613]: disconnect from unknown[46.148.40.189] commands=0/0
Jan 7 06:49:58 projectok postfix/smtpd[142186]: connect from mail-qv1-f42.google.com[209.85.219.42]
Jan 7 06:50:03 projectok postfix/smtpd[143656]: warning: connect to Milter service inet:localhost:8891: Connection timed out
Jan 7 06:50:03 projectok postfix/smtpd[143656]: lost connection after CONNECT from unknown[46.148.40.107]
Jan 7 06:50:03 projectok postfix/smtpd[143656]: disconnect from unknown[46.148.40.107] commands=0/0
Jan 7 06:50:14 projectok postfix/smtpd[141829]: warning: connect to Milter service inet:localhost:8891: Connection timed out
Jan 7 06:50:14 projectok postfix/smtpd[141829]: lost connection after CONNECT from unknown[46.148.40.195]
Jan 7 06:50:14 projectok postfix/smtpd[141829]: disconnect from unknown[46.148.40.195] commands=0/0
Jan 7 06:50:16 projectok postfix/smtpd[143613]: connect from unknown[46.148.40.185]
Jan 7 06:50:17 projectok postfix/smtpd[143656]: connect from unknown[46.148.40.58]
Jan 7 06:50:27 projectok postfix/smtpd[142600]: warning: connect to Milter service inet:localhost:8891: Connection timed out
Jan 7 06:50:27 projectok postfix/smtpd[142600]: lost connection after CONNECT from unknown[46.148.40.13]
Jan 7 06:50:27 projectok postfix/smtpd[142600]: disconnect from unknown[46.148.40.13] commands=0/0
Jan 7 06:50:28 projectok postfix/smtpd[142186]: warning: connect to Milter service inet:localhost:8891: Connection timed out
Jan 7 06:50:30 projectok postfix/smtpd[142186]: warning: connect to /var/spool/postfix/postgrey/socket: No such file or directory
Jan 7 06:50:31 projectok postfix/smtpd[142186]: warning: connect to /var/spool/postfix/postgrey/socket: No such file or directory
Jan 7 06:50:31 projectok postfix/smtpd[142186]: warning: problem talking to server /var/spool/postfix/postgrey/socket: No such file or directory
Jan 7 06:50:31 projectok postfix/smtpd[142186]: NOQUEUE: reject: RCPT from mail-qv1-f42.google.com[209.85.219.42]: 451 4.3.5 : Recipient address rejected: Server configuration problem; from= to= proto=ESMTP helo=
Jan 7 06:50:42 projectok postfix/smtpd[142178]: connect from unknown[193.56.29.178]
Jan 7 06:50:48 projectok postfix/smtpd[143613]: warning: connect to Milter service inet:localhost:8891: Connection timed out
Jan 7 06:50:48 projectok postfix/smtpd[143613]: lost connection after CONNECT from unknown[46.148.40.185]
Jan 7 06:50:48 projectok postfix/smtpd[143613]: disconnect from unknown[46.148.40.185] commands=0/0
Jan 7 06:50:49 projectok postfix/smtpd[143656]: warning: connect to Milter service inet:localhost:8891: Connection timed out
Jan 7 06:50:49 projectok postfix/smtpd[143656]: lost connection after CONNECT from unknown[46.148.40.58]
Jan 7 06:50:49 projectok postfix/smtpd[143656]: disconnect from unknown[46.148.40.58] commands=0/0
Jan 7 06:51:00 projectok postfix/smtpd[143772]: connect from unknown[103.151.125.9]
Jan 7 06:51:04 projectok postfix/smtpd[142186]: disconnect from mail-qv1-f42.google.com[209.85.219.42] ehlo=2 starttls=1 mail=1 rcpt=0/1 bdat=0/1 rset=1 quit=1 commands=6/8
Jan 7 06:51:12 projectok postfix/smtpd[142178]: warning: connect to Milter service inet:localhost:8891: Connection timed out
Jan 7 06:51:13 projectok postfix/smtpd[142178]: warning: SASL authentication failure: cannot connect to saslauthd server: No such file or directory
Jan 7 06:51:13 projectok postfix/smtpd[142178]: warning: unknown[193.56.29.178]: SASL LOGIN authentication failed: generic failure
Jan 7 06:51:13 projectok postfix/smtpd[142178]: disconnect from unknown[193.56.29.178] ehlo=1 auth=0/1 quit=1 commands=2/3
Jan 7 06:51:15 projectok postfix/pickup[113416]: 76449C178D1D: uid=0 from=
Jan 7 06:51:22 projectok postfix/smtpd[142186]: connect from unknown[46.148.40.103]
Jan 7 06:51:30 projectok postfix/smtpd[143772]: warning: connect to Milter service inet:localhost:8891: Connection timed out
Jan 7 06:51:30 projectok postfix/smtpd[143772]: warning: SASL authentication failure: cannot connect to saslauthd server: No such file or directory
Jan 7 06:51:30 projectok postfix/smtpd[143772]: warning: unknown[103.151.125.9]: SASL LOGIN authentication failed: generic failure
Jan 7 06:51:30 projectok postfix/smtpd[143772]: disconnect from unknown[103.151.125.9] ehlo=1 auth=0/1 quit=1 commands=2/3
Jan 7 06:51:35 projectok postfix/smtpd[141829]: connect from unknown[46.148.40.108]
Jan 7 06:51:42 projectok postfix/smtpd[142600]: connect from unknown[46.148.40.77]
Jan 7 06:51:43 projectok postfix/smtpd[142178]: connect from unknown[46.148.40.103]
Jan 7 06:51:45 projectok postfix/cleanup[143863]: warning: connect to Milter service inet:localhost:8891: Connection timed out
Jan 7 06:51:45 projectok postfix/cleanup[143863]: 76449C178D1D: message-id=<1673054475.140872.3@projectok.com>
Jan 7 06:51:45 projectok postfix/qmgr[66657]: 76449C178D1D: from=, size=4827, nrcpt=1 (queue active)
Jan 7 06:51:45 projectok postfix/trivial-rewrite[142116]: warning: do not list domain projectok.com in BOTH mydestination and virtual_alias_domains
Jan 7 06:51:52 projectok postfix/smtpd[142186]: warning: connect to Milter service inet:localhost:8891: Connection timed out
Jan 7 06:51:53 projectok postfix/smtpd[142186]: warning: SASL authentication failure: cannot connect to saslauthd server: No such file or directory
Jan 7 06:51:53 projectok postfix/smtpd[142186]: warning: unknown[46.148.40.103]: SASL LOGIN authentication failed: generic failure
Jan 7 06:51:53 projectok postfix/smtpd[142186]: disconnect from unknown[46.148.40.103] ehlo=1 auth=0/1 rset=1 quit=1 commands=3/4
Jan 7 06:52:05 projectok postfix/smtpd[143772]: connect from unknown[46.148.40.103]
Jan 7 06:52:07 projectok postfix/smtpd[141829]: warning: connect to Milter service inet:localhost:8891: Connection timed out
Jan 7 06:52:07 projectok postfix/smtpd[141829]: lost connection after CONNECT from unknown[46.148.40.108]
Jan 7 06:52:07 projectok postfix/smtpd[141829]: disconnect from unknown[46.148.40.108] commands=0/0
Jan 7 06:52:12 projectok spamd[2638]: spamd: connection from ::1 [::1]:57522 to port 783, fd 5
Jan 7 06:52:12 projectok spamd[2638]: spamd: setuid to companyreviews succeeded
Jan 7 06:52:12 projectok spamd[2638]: spamd: processing message <1673054475.140872.3@projectok.com> for companyreviews:1030
Jan 7 06:52:13 projectok postfix/smtpd[142178]: warning: connect to Milter service inet:localhost:8891: Connection timed out
Jan 7 06:52:15 projectok spamd[2638]: spamd: clean message (0.0/5.0) for companyreviews:1030 in 3.2 seconds, 4869 bytes.
Jan 7 06:52:15 projectok spamd[2638]: spamd: result: . 0 - NO_RELAYS,URIBL_BLOCKED scantime=3.2,size=4869,user=companyreviews,uid=1030,required_score=5.0,rhost=::1,raddr=::1,rport=57522,mid=<1673054475.140872.3@projectok.com>,autolearn=ham autolearn_force=no
Jan 7 06:52:15 projectok postfix/local[144757]: 76449C178D1D: to=, orig_to=, relay=local, delay=60, delays=30/0/0/30, dsn=2.0.0, status=sent (delivered to command: /usr/bin/procmail-wrapper -o -a $DOMAIN -d $LOGNAME)
Jan 7 06:52:15 projectok postfix/qmgr[66657]: 76449C178D1D: removed
Jan 7 06:52:15 projectok postfix/smtpd[142600]: warning: connect to Milter service inet:localhost:8891: Connection timed out
Jan 7 06:52:15 projectok postfix/smtpd[142600]: lost connection after CONNECT from unknown[46.148.40.77]
Jan 7 06:52:15 projectok postfix/smtpd[142600]: disconnect from unknown[46.148.40.77] commands=0/0
Jan 7 06:52:18 projectok postfix/smtpd[142178]: warning: SASL authentication failure: cannot connect to saslauthd server: No such file or directory
Jan 7 06:52:18 projectok postfix/smtpd[142178]: warning: unknown[46.148.40.103]: SASL LOGIN authentication failed: generic failure
Jan 7 06:52:19 projectok postfix/smtpd[142178]: disconnect from unknown[46.148.40.103] ehlo=1 auth=0/1 rset=1 quit=1 commands=3/4
Jan 7 06:52:26 projectok postfix/smtpd[142186]: connect from unknown[46.148.40.103]
Jan 7 06:52:35 projectok postfix/smtpd[141829]: connect from unknown[46.148.40.130]
Jan 7 06:52:35 projectok postfix/smtpd[143772]: warning: connect to Milter service inet:localhost:8891: Connection timed out
Jan 7 06:52:35 projectok postfix/smtpd[143772]: disconnect from unknown[46.148.40.103] quit=1 commands=1
Jan 7 06:52:41 projectok postfix/smtpd[142178]: connect from unknown[193.56.29.118]
Jan 7 06:52:47 projectok postfix/smtpd[143772]: connect from unknown[46.148.40.103]
Jan 7 06:52:48 projectok postfix/smtpd[142600]: connect from unknown[46.148.40.95]
Jan 7 06:52:56 projectok postfix/smtpd[142186]: warning: connect to Milter service inet:localhost:8891: Connection timed out
Jan 7 06:53:01 projectok postfix/smtpd[142186]: warning: SASL authentication failure: cannot connect to saslauthd server: No such file or directory
Jan 7 06:53:01 projectok postfix/smtpd[142186]: warning: unknown[46.148.40.103]: SASL LOGIN authentication failed: generic failure
Jan 7 06:53:02 projectok postfix/smtpd[142186]: disconnect from unknown[46.148.40.103] ehlo=1 auth=0/1 rset=1 quit=1 commands=3/4
Jan 7 06:53:07 projectok postfix/smtpd[141829]: warning: connect to Milter service inet:localhost:8891: Connection timed out
Jan 7 06:53:07 projectok postfix/smtpd[141829]: lost connection after CONNECT from unknown[46.148.40.130]
Jan 7 06:53:07 projectok postfix/smtpd[141829]: disconnect from unknown[46.148.40.130] commands=0/0
Jan 7 06:53:07 projectok postfix/smtpd[141829]: connect from unknown[46.148.40.153]
Jan 7 06:53:09 projectok postfix/smtpd[142186]: connect from unknown[46.148.40.103]
Jan 7 06:53:12 projectok postfix/smtpd[142178]: warning: connect to Milter service inet:localhost:8891: Connection timed out
Jan 7 06:53:16 projectok postfix/smtpd[142178]: warning: SASL authentication failure: cannot connect to saslauthd server: No such file or directory
Jan 7 06:53:16 projectok postfix/smtpd[142178]: warning: unknown[193.56.29.118]: SASL LOGIN authentication failed: generic failure
Jan 7 06:53:16 projectok postfix/smtpd[142178]: disconnect from unknown[193.56.29.118] ehlo=1 auth=0/1 quit=1 commands=2/3
Jan 7 06:53:16 projectok postfix/pickup[113416]: D2F26C2610D6: uid=0 from=
Jan 7 06:53:17 projectok postfix/smtpd[143772]: warning: connect to Milter service inet:localhost:8891: Connection timed out
Jan 7 06:53:19 projectok postfix/smtpd[143772]: warning: SASL authentication failure: cannot connect to saslauthd server: No such file or directory
Jan 7 06:53:19 projectok postfix/smtpd[143772]: warning: unknown[46.148.40.103]: SASL LOGIN authentication failed: generic failure
Jan 7 06:53:21 projectok postfix/smtpd[143772]: disconnect from unknown[46.148.40.103] ehlo=1 auth=0/1 rset=1 quit=1 commands=3/4
Jan 7 06:53:21 projectok postfix/smtpd[142600]: warning: connect to Milter service inet:localhost:8891: Connection timed out
Jan 7 06:53:21 projectok postfix/smtpd[142600]: lost connection after CONNECT from unknown[46.148.40.95]
Jan 7 06:53:21 projectok postfix/smtpd[142600]: disconnect from unknown[46.148.40.95] commands=0/0
Jan 7 06:53:30 projectok postfix/smtpd[142178]: connect from unknown[46.148.40.103]
Jan 7 06:53:39 projectok postfix/smtpd[142186]: warning: connect to Milter service inet:localhost:8891: Connection timed out
Jan 7 06:53:39 projectok postfix/smtpd[141829]: warning: connect to Milter service inet:localhost:8891: Connection timed out
Jan 7 06:53:39 projectok postfix/smtpd[141829]: lost connection after CONNECT from unknown[46.148.40.153]
Jan 7 06:53:39 projectok postfix/smtpd[141829]: disconnect from unknown[46.148.40.153] commands=0/0
Jan 7 06:53:44 projectok postfix/smtpd[142186]: warning: SASL authentication failure: cannot connect to saslauthd server: No such file or directory
Jan 7 06:53:44 projectok postfix/smtpd[142186]: warning: unknown[46.148.40.103]: SASL LOGIN authentication failed: generic failure
Jan 7 06:53:45 projectok postfix/smtpd[142186]: disconnect from unknown[46.148.40.103] ehlo=1 auth=0/1 rset=1 quit=1 commands=3/4
Jan 7 06:53:46 projectok postfix/smtpd[144958]: connect from unknown[46.148.40.94]
Jan 7 06:53:46 projectok postfix/cleanup[143863]: warning: connect to Milter service inet:localhost:8891: Connection timed out
Jan 7 06:53:46 projectok postfix/cleanup[143863]: D2F26C2610D6: message-id=<1673054596.142346.1@projectok.com>
Jan 7 06:53:46 projectok postfix/qmgr[66657]: D2F26C2610D6: from=, size=5589, nrcpt=1 (queue active)
Jan 7 06:53:46 projectok postfix/trivial-rewrite[142116]: warning: do not list domain projectok.com in BOTH mydestination and virtual_alias_domains
Jan 7 06:53:53 projectok postfix/smtpd[142600]: connect from unknown[46.148.40.199]
Jan 7 06:54:00 projectok postfix/smtpd[142178]: warning: connect to Milter service inet:localhost:8891: Connection timed out
Jan 7 06:54:03 projectok postfix/smtpd[142178]: warning: SASL authentication failure: cannot connect to saslauthd server: No such file or directory
Jan 7 06:54:03 projectok postfix/smtpd[142178]: warning: unknown[46.148.40.103]: SASL LOGIN authentication failed: generic failure
Jan 7 06:54:03 projectok postfix/smtpd[142178]: disconnect from unknown[46.148.40.103] ehlo=1 auth=0/1 rset=1 quit=1 commands=3/4
Jan 7 06:54:08 projectok spamd[2638]: spamd: connection from ::1 [::1]:51102 to port 783, fd 5
Jan 7 06:54:08 projectok spamd[2638]: spamd: setuid to anujchadha.tk succeeded
Jan 7 06:54:08 projectok spamd[2638]: spamd: processing message <1673054596.142346.1@projectok.com> for anujchadha.tk:1020
Jan 7 06:54:10 projectok spamd[2638]: spamd: clean message (0.0/5.0) for anujchadha.tk:1020 in 1.6 seconds, 5618 bytes.
Jan 7 06:54:10 projectok spamd[2638]: spamd: result: . 0 - NO_RELAYS,URIBL_BLOCKED scantime=1.6,size=5618,user=anujchadha.tk,uid=1020,required_score=5.0,rhost=::1,raddr=::1,rport=51102,mid=<1673054596.142346.1@projectok.com>,autolearn=ham autolearn_force=no
Jan 7 06:54:10 projectok postfix/local[144757]: D2F26C2610D6: to=, orig_to=, relay=local, delay=54, delays=30/0/0/23, dsn=2.0.0, status=sent (delivered to command: /usr/bin/procmail-wrapper -o -a $DOMAIN -d $LOGNAME)
Jan 7 06:54:10 projectok postfix/qmgr[66657]: D2F26C2610D6: removed
Jan 7 06:54:12 projectok postfix/qmgr[66657]: 5876EC1798C3: from=, size=669, nrcpt=1 (queue active)
Jan 7 06:54:12 projectok postfix/smtp[147110]: fatal: unknown service: smtp/tcp
Jan 7 06:54:13 projectok postfix/qmgr[66657]: warning: private/smtp socket: malformed response
Jan 7 06:54:13 projectok postfix/master[66343]: warning: process /usr/libexec/postfix/smtp pid 147110 exit status 1
Jan 7 06:54:13 projectok postfix/master[66343]: warning: /usr/libexec/postfix/smtp: bad command startup -- throttling
Jan 7 06:54:13 projectok postfix/qmgr[66657]: warning: transport smtp failure -- see a previous warning/fatal/panic logfile record for the problem description
Jan 7 06:54:13 projectok postfix/error[147111]: 5876EC1798C3: to=, relay=none, delay=8955, delays=8954/1.1/0/0.04, dsn=4.3.0, status=deferred (unknown mail transport error)
Jan 7 06:54:19 projectok postfix/smtpd[144958]: warning: connect to Milter service inet:localhost:8891: Connection timed out
Jan 7 06:54:19 projectok postfix/smtpd[144958]: lost connection after CONNECT from unknown[46.148.40.94]
Jan 7 06:54:19 projectok postfix/smtpd[144958]: disconnect from unknown[46.148.40.94] commands=0/0
Jan 7 06:54:26 projectok postfix/smtpd[142600]: warning: connect to Milter service inet:localhost:8891: Connection timed out
Jan 7 06:54:26 projectok postfix/smtpd[142600]: lost connection after CONNECT from unknown[46.148.40.199]
Jan 7 06:54:26 projectok postfix/smtpd[142600]: disconnect from unknown[46.148.40.199] commands=0/0
Jan 7 06:54:40 projectok postfix/smtpd[141829]: connect from unknown[46.148.40.190]
Jan 7 06:54:46 projectok postfix/anvil[66871]: statistics: max connection rate 7/60s for (smtp:46.148.40.173) at
Jan 7 01:18:22
Jan 7 06:54:46 projectok postfix/anvil[66871]: statistics: max connection count 4 for (smtp:46.148.40.173) at
Jan 7 01:17:52
Jan 7 06:54:46 projectok postfix/anvil[66871]: statistics: max cache size 10 at
Jan 7 01:19:58
Jan 7 06:55:11 projectok postfix/smtpd[144958]: connect from unknown[46.148.40.114]
Jan 7 06:55:12 projectok postfix/smtpd[142186]: connect from unknown[193.56.29.178]
Jan 7 06:55:13 projectok postfix/smtpd[141829]: warning: connect to Milter service inet:localhost:8891: Connection timed out
Jan 7 06:55:13 projectok postfix/smtpd[141829]: lost connection after CONNECT from unknown[46.148.40.190]
Jan 7 06:55:13 projectok postfix/smtpd[141829]: disconnect from unknown[46.148.40.190] commands=0/0
Jan 7 06:55:22 projectok postfix/smtpd[142600]: connect from unknown[46.148.40.191]
Jan 7 06:55:26 projectok postfix/pickup[113416]: B88C5C2610E5: uid=0 from=
Jan 7 06:55:42 projectok postfix/smtpd[142186]: warning: connect to Milter service inet:localhost:8891: Connection timed out
Jan 7 06:55:43 projectok postfix/smtpd[142186]: warning: SASL authentication failure: cannot connect to saslauthd server: No such file or directory
Jan 7 06:55:43 projectok postfix/smtpd[142186]: warning: unknown[193.56.29.178]: SASL LOGIN authentication failed: generic failure
Jan 7 06:55:43 projectok postfix/smtpd[142186]: disconnect from unknown[193.56.29.178] ehlo=1 auth=0/1 quit=1 commands=2/3
Jan 7 06:55:43 projectok postfix/smtpd[144958]: warning: connect to Milter service inet:localhost:8891: Connection timed out
Jan 7 06:55:43 projectok postfix/smtpd[144958]: lost connection after CONNECT from unknown[46.148.40.114]
Jan 7 06:55:43 projectok postfix/smtpd[144958]: disconnect from unknown[46.148.40.114] commands=0/0
Jan 7 06:55:55 projectok postfix/smtpd[141829]: connect from unknown[46.148.40.189]
Jan 7 06:55:56 projectok postfix/smtpd[142600]: warning: connect to Milter service inet:localhost:8891: Connection timed out
Jan 7 06:55:56 projectok postfix/smtpd[142600]: lost connection after CONNECT from unknown[46.148.40.191]
Jan 7 06:55:56 projectok postfix/smtpd[142600]: disconnect from unknown[46.148.40.191] commands=0/0
Jan 7 06:55:56 projectok postfix/cleanup[147749]: warning: connect to Milter service inet:localhost:8891: Connection timed out
Jan 7 06:55:56 projectok postfix/cleanup[147749]: B88C5C2610E5: message-id=<1673054726.142346.2@projectok.com>
Jan 7 06:55:56 projectok postfix/qmgr[66657]: B88C5C2610E5: from=, size=4827, nrcpt=1 (queue active)
Jan 7 06:55:56 projectok postfix/trivial-rewrite[142116]: warning: do not list domain projectok.com in BOTH mydestination and virtual_alias_domains
Jan 7 06:56:05 projectok postfix/smtpd[144958]: connect from unknown[46.148.40.192]
Jan 7 06:56:06 projectok postfix/smtpd[142600]: connect from unknown[46.148.40.195]
Jan 7 06:56:07 projectok postfix/smtpd[142186]: warning: hostname igum.navic.shop does not resolve to address 45.85.190.69
Jan 7 06:56:07 projectok postfix/smtpd[142186]: connect from unknown[45.85.190.69]
Jan 7 06:56:10 projectok postfix/smtpd[148093]: connect from unknown[46.148.40.186]
Jan 7 06:56:16 projectok postfix/smtpd[148100]: connect from unknown[46.148.40.183]
Jan 7 06:56:19 projectok postfix/smtpd[148102]: connect from unknown[46.148.40.196]
Jan 7 06:56:22 projectok spamd[2638]: spamd: connection from ::1 [::1]:56746 to port 783, fd 5
Jan 7 06:56:22 projectok spamd[2638]: spamd: setuid to companyreviews succeeded
Jan 7 06:56:22 projectok spamd[2638]: spamd: processing message <1673054726.142346.2@projectok.com> for companyreviews:1030
Jan 7 06:56:22 projectok postfix/smtpd[148116]: connect from unknown[46.148.40.136]
Jan 7 06:56:22 projectok postfix/smtpd[148117]: connect from smtp-backup-out3.dca.wordpress.com[192.0.97.107]
Jan 7 06:56:24 projectok spamd[2638]: spamd: clean message (0.0/5.0) for companyreviews:1030 in 2.0 seconds, 4869 bytes.
Jan 7 06:56:24 projectok spamd[2638]: spamd: result: . 0 - NO_RELAYS,URIBL_BLOCKED scantime=2.0,size=4869,user=companyreviews,uid=1030,required_score=5.0,rhost=::1,raddr=::1,rport=56746,mid=<1673054726.142346.2@projectok.com>,autolearn=ham autolearn_force=no
Jan 7 06:56:24 projectok postfix/local[148017]: B88C5C2610E5: to=, orig_to=, relay=local, delay=57, delays=30/0/0/27, dsn=2.0.0, status=sent (delivered to command: /usr/bin/procmail-wrapper -o -a $DOMAIN -d $LOGNAME)
Jan 7 06:56:24 projectok postfix/qmgr[66657]: B88C5C2610E5: removed
Jan 7 06:56:28 projectok postfix/smtpd[148124]: warning: hostname igum.navic.shop does not resolve to address 45.85.190.69
Jan 7 06:56:28 projectok postfix/smtpd[148124]: connect from unknown[45.85.190.69]
Jan 7 06:56:29 projectok postfix/smtpd[141829]: warning: connect to Milter service inet:localhost:8891: Connection timed out
Jan 7 06:56:29 projectok postfix/smtpd[141829]: lost connection after CONNECT from unknown[46.148.40.189]
Jan 7 06:56:29 projectok postfix/smtpd[141829]: disconnect from unknown[46.148.40.189] commands=0/0
Jan 7 06:56:37 projectok postfix/smtpd[142186]: warning: connect to Milter service inet:localhost:8891: Connection timed out
Jan 7 06:56:37 projectok postfix/smtpd[142186]: lost connection after CONNECT from unknown[45.85.190.69]
Jan 7 06:56:37 projectok postfix/smtpd[142186]: disconnect from unknown[45.85.190.69] commands=0/0
Jan 7 06:56:39 projectok postfix/smtpd[144958]: warning: connect to Milter service inet:localhost:8891: Connection timed out
Jan 7 06:56:39 projectok postfix/smtpd[144958]: lost connection after CONNECT from unknown[46.148.40.192]
Jan 7 06:56:39 projectok postfix/smtpd[144958]: disconnect from unknown[46.148.40.192] commands=0/0
Jan 7 06:56:39 projectok postfix/smtpd[142600]: warning: connect to Milter service inet:localhost:8891: Connection timed out
Jan 7 06:56:39 projectok postfix/smtpd[142600]: lost connection after CONNECT from unknown[46.148.40.195]
Jan 7 06:56:39 projectok postfix/smtpd[142600]: disconnect from unknown[46.148.40.195] commands=0/0
Jan 7 06:56:46 projectok postfix/smtpd[148093]: warning: connect to Milter service inet:localhost:8891: Connection timed out
Jan 7 06:56:46 projectok postfix/smtpd[148093]: lost connection after CONNECT from unknown[46.148.40.186]
Jan 7 06:56:46 projectok postfix/smtpd[148093]: disconnect from unknown[46.148.40.186] commands=0/0
Jan 7 06:56:49 projectok postfix/smtpd[148100]: warning: connect to Milter service inet:localhost:8891: Connection timed out
Jan 7 06:56:49 projectok postfix/smtpd[148100]: lost connection after CONNECT from unknown[46.148.40.183]
Jan 7 06:56:49 projectok postfix/smtpd[148100]: disconnect from unknown[46.148.40.183] commands=0/0
Jan 7 06:56:51 projectok postfix/smtpd[148102]: warning: connect to Milter service inet:localhost:8891: Connection timed out
Jan 7 06:56:51 projectok postfix/smtpd[148102]: lost connection after CONNECT from unknown[46.148.40.196]
Jan 7 06:56:51 projectok postfix/smtpd[148102]: disconnect from unknown[46.148.40.196] commands=0/0
Jan 7 06:56:52 projectok postfix/smtpd[148117]: warning: connect to Milter service inet:localhost:8891: Connection timed out
Jan 7 06:56:54 projectok postfix/trivial-rewrite[142116]: warning: do not list domain projectok.com in BOTH mydestination and virtual_alias_domains
Jan 7 06:56:54 projectok postfix/smtpd[148117]: warning: connect to /var/spool/postfix/postgrey/socket: No such file or directory
Jan 7 06:56:54 projectok postfix/smtpd[148116]: warning: connect to Milter service inet:localhost:8891: Connection timed out
Jan 7 06:56:54 projectok postfix/smtpd[148116]: lost connection after CONNECT from unknown[46.148.40.136]
Jan 7 06:56:54 projectok postfix/smtpd[148116]: disconnect from unknown[46.148.40.136] commands=0/0
Jan 7 06:56:55 projectok postfix/smtpd[148117]: warning: connect to /var/spool/postfix/postgrey/socket: No such file or directory
Jan 7 06:56:55 projectok postfix/smtpd[148117]: warning: problem talking to server /var/spool/postfix/postgrey/socket: No such file or directory
Jan 7 06:56:55 projectok postfix/smtpd[148117]: NOQUEUE: reject: RCPT from smtp-backup-out3.dca.wordpress.com[192.0.97.107]: 451 4.3.5 : Recipient address rejected: Server configuration problem; from= to= proto=ESMTP helo=
Jan 7 06:56:55 projectok postfix/smtpd[148117]: disconnect from smtp-backup-out3.dca.wordpress.com[192.0.97.107] ehlo=2 starttls=1 mail=1 rcpt=0/1 data=0/1 rset=1 quit=1 commands=6/8
Jan 7 06:56:58 projectok postfix/smtpd[148124]: warning: connect to Milter service inet:localhost:8891: Connection timed out
Jan 7 06:56:58 projectok postfix/smtpd[148124]: lost connection after CONNECT from unknown[45.85.190.69]
Jan 7 06:56:58 projectok postfix/smtpd[148124]: disconnect from unknown[45.85.190.69] commands=0/0
Jan 7 06:57:18 projectok dovecot[4654]: imap-login: Disconnected: Connection closed (no auth attempts in 0 secs): user=<>, rip=158.255.2.106, lip=192.168.1.53, session=<57ZUb6LxwLye/wJq>
Jan 7 06:57:18 projectok dovecot[4654]: pop3-login: Disconnected: Connection closed (no auth attempts in 0 secs): user=<>, rip=158.255.2.106, lip=192.168.1.53, session=
Jan 7 06:57:24 projectok dovecot[4654]: imap-login: Disconnected: Connection closed: SSL_accept() failed: error:0A00018C:SSL routines::version too low (no auth attempts in 6 secs): user=<>, rip=158.255.2.106, lip=192.168.1.53, TLS handshaking: SSL_accept() failed: error:0A00018C:SSL routines::version too low, session=<6sGsb6LxlK6e/wJq>
Jan 7 06:57:24 projectok dovecot[4654]: pop3-login: Disconnected: Connection closed: SSL_accept() failed: error:0A00018C:SSL routines::version too low (no auth attempts in 6 secs): user=<>, rip=158.255.2.106, lip=192.168.1.53, TLS handshaking: SSL_accept() failed: error:0A00018C:SSL routines::version too low, session=
Jan 7 06:57:24 projectok dovecot[4654]: imap-login: Disconnected: Connection closed (no auth attempts in 0 secs): user=<>, rip=158.255.2.106, lip=192.168.1.53, TLS handshaking: Connection closed, session=
Jan 7 06:57:24 projectok dovecot[4654]: pop3-login: Disconnected: Connection closed (no auth attempts in 0 secs): user=<>, rip=158.255.2.106, lip=192.168.1.53, TLS handshaking: Connection closed, session=<+ei1b6Lx0MOe/wJq>
Jan 7 06:57:25 projectok dovecot[4654]: imap-login: Disconnected: Connection closed (no auth attempts in 1 secs): user=<>, rip=158.255.2.106, lip=192.168.1.53, TLS, session=
Jan 7 06:57:25 projectok dovecot[4654]: pop3-login: Disconnected: Connection closed (no auth attempts in 1 secs): user=<>, rip=158.255.2.106, lip=192.168.1.53, TLS, session=
Jan 7 06:57:30 projectok postfix/smtpd[142186]: warning: hostname swear.medyamol.com does not resolve to address 141.98.11.112
Jan 7 06:57:30 projectok postfix/smtpd[142186]: connect from unknown[141.98.11.112]
Jan 7 06:57:33 projectok postfix/smtpd[148117]: connect from unknown[193.56.29.118]
Jan 7 06:57:34 projectok dovecot[4654]: pop3-login: Disconnected: Connection closed: SSL_accept() failed: error:0A0000FC:SSL routines::unknown protocol (no auth attempts in 0 secs): user=<>, rip=158.255.2.106, lip=192.168.1.53, TLS handshaking: SSL_accept() failed: error:0A0000FC:SSL routines::unknown protocol, session=
Jan 7 06:57:35 projectok dovecot[4654]: pop3-login: Disconnected: Connection closed: SSL_accept() failed: error:0A0000FC:SSL routines::unknown protocol (no auth attempts in 1 secs): user=<>, rip=158.255.2.106, lip=192.168.1.53, TLS handshaking: SSL_accept() failed: error:0A0000FC:SSL routines::unknown protocol, session=
Jan 7 06:57:35 projectok dovecot[4654]: pop3-login: Disconnected: Connection closed (no auth attempts in 1 secs): user=<>, rip=158.255.2.106, lip=192.168.1.53, TLS, session=
Jan 7 06:57:35 projectok dovecot[4654]: imap-login: Disconnected: Connection closed: read(size=996) failed: Connection reset by peer (no auth attempts in 0 secs): user=<>, rip=158.255.2.106, lip=192.168.1.53, session=
Jan 7 06:57:36 projectok dovecot[4654]: imap-login: Disconnected: Connection closed: SSL_accept() failed: error:0A00010B:SSL routines::wrong version number (no auth attempts in 0 secs): user=<>, rip=158.255.2.106, lip=192.168.1.53, TLS handshaking: SSL_accept() failed: error:0A00010B:SSL routines::wrong version number, session=
Jan 7 06:57:36 projectok dovecot[4654]: imap-login: Disconnected: Connection closed (no auth attempts in 0 secs): user=<>, rip=158.255.2.106, lip=192.168.1.53, session=<6ENncKLx/Oae/wJq>
Jan 7 06:57:36 projectok dovecot[4654]: pop3-login: Disconnected: Connection closed (no auth attempts in 0 secs): user=<>, rip=158.255.2.106, lip=192.168.1.53, session=
Jan 7 06:57:36 projectok dovecot[4654]: imap-login: Disconnected: Connection closed (no auth attempts in 0 secs): user=<>, rip=158.255.2.106, lip=192.168.1.53, session=
Jan 7 06:57:37 projectok dovecot[4654]: pop3-login: Disconnected: Connection closed (no auth attempts in 0 secs): user=<>, rip=158.255.2.106, lip=192.168.1.53, session=
Jan 7 06:57:37 projectok postfix/pickup[113416]: BD11BC178296: uid=0 from=
Jan 7 06:57:38 projectok dovecot[4654]: pop3-login: Disconnected: Connection closed: SSL_accept() failed: error:0A00010B:SSL routines::wrong version number (no auth attempts in 0 secs): user=<>, rip=158.255.2.106, lip=192.168.1.53, TLS handshaking: SSL_accept() failed: error:0A00010B:SSL routines::wrong version number, session=
Jan 7 06:57:39 projectok dovecot[4654]: pop3-login: Disconnected: Connection closed (no auth attempts in 1 secs): user=<>, rip=158.255.2.106, lip=192.168.1.53, TLS, session=
Jan 7 06:57:42 projectok dovecot[4654]: imap-login: Disconnected: Connection closed (no auth attempts in 4 secs): user=<>, rip=158.255.2.106, lip=192.168.1.53, session=
Jan 7 06:57:42 projectok dovecot[4654]: imap-login: Disconnected: Connection closed: SSL_accept() failed: error:0A0000FC:SSL routines::unknown protocol (no auth attempts in 0 secs): user=<>, rip=158.255.2.106, lip=192.168.1.53, TLS handshaking: SSL_accept() failed: error:0A0000FC:SSL routines::unknown protocol, session=
Jan 7 06:57:43 projectok dovecot[4654]: imap-login: Disconnected: Connection closed: SSL_accept() failed: error:0A0000FC:SSL routines::unknown protocol (no auth attempts in 0 secs): user=<>, rip=158.255.2.106, lip=192.168.1.53, TLS handshaking: SSL_accept() failed: error:0A0000FC:SSL routines::unknown protocol, session=
Jan 7 06:57:43 projectok dovecot[4654]: imap-login: Disconnected: Connection closed (no auth attempts in 0 secs): user=<>, rip=158.255.2.106, lip=192.168.1.53, TLS, session=
Jan 7 06:57:44 projectok dovecot[4654]: imap-login: Disconnected: Connection closed (no auth attempts in 1 secs): user=<>, rip=158.255.2.106, lip=192.168.1.53, TLS, session=
Jan 7 06:57:44 projectok dovecot[4654]: pop3-login: Disconnected: Connection closed (no auth attempts in 1 secs): user=<>, rip=158.255.2.106, lip=192.168.1.53, session=
Jan 7 06:57:49 projectok postfix/smtpd[148124]: warning: hostname swear.medyamol.com does not resolve to address 141.98.11.112
Jan 7 06:57:49 projectok postfix/smtpd[148124]: connect from unknown[141.98.11.112]
Jan 7 06:57:57 projectok postfix/smtpd[141829]: connect from unknown[46.148.40.108]
Jan 7 06:58:00 projectok postfix/smtpd[142186]: warning: connect to Milter service inet:localhost:8891: Connection timed out
Jan 7 06:58:03 projectok postfix/smtpd[142186]: warning: SASL authentication failure: cannot connect to saslauthd server: No such file or directory
Jan 7 06:58:03 projectok postfix/smtpd[142186]: warning: unknown[141.98.11.112]: SASL LOGIN authentication failed: generic failure
Jan 7 06:58:03 projectok postfix/smtpd[144958]: connect from unknown[46.148.40.77]
Jan 7 06:58:03 projectok postfix/smtpd[148117]: warning: connect to Milter service inet:localhost:8891: Connection timed out
Jan 7 06:58:04 projectok postfix/smtpd[142186]: disconnect from unknown[141.98.11.112] ehlo=1 auth=0/1 rset=1 quit=1 commands=3/4
Jan 7 06:58:06 projectok postfix/smtpd[148117]: warning: SASL authentication failure: cannot connect to saslauthd server: No such file or directory
Jan 7 06:58:06 projectok postfix/smtpd[148117]: warning: unknown[193.56.29.118]: SASL LOGIN authentication failed: generic failure
Jan 7 06:58:07 projectok dovecot[4654]: pop3-login: Disconnected: Connection closed (no auth attempts in 23 secs): user=<>, rip=158.255.2.106, lip=192.168.1.53, TLS handshaking: Connection closed, session=
Jan 7 06:58:07 projectok dovecot[4654]: imap-login: Disconnected: Connection closed (no auth attempts in 25 secs): user=<>, rip=158.255.2.106, lip=192.168.1.53, TLS handshaking: Connection closed, session=
Jan 7 06:58:07 projectok dovecot[4654]: imap-login: Disconnected: Connection closed (no auth attempts in 0 secs): user=<>, rip=158.255.2.106, lip=192.168.1.53, TLS handshaking: Connection closed, session=
Jan 7 06:58:07 projectok dovecot[4654]: pop3-login: Disconnected: Connection closed (no auth attempts in 0 secs): user=<>, rip=158.255.2.106, lip=192.168.1.53, TLS handshaking: Connection closed, session=
Jan 7 06:58:07 projectok postfix/smtpd[148117]: disconnect from unknown[193.56.29.118] ehlo=1 auth=0/1 quit=1 commands=2/3
Jan 7 06:58:07 projectok postfix/cleanup[148354]: warning: connect to Milter service inet:localhost:8891: Connection timed out
Jan 7 06:58:07 projectok postfix/cleanup[148354]: BD11BC178296: message-id=<1673054857.142346.3@projectok.com>
Jan 7 06:58:07 projectok postfix/smtpd[142186]: warning: hostname swear.medyamol.com does not resolve to address 141.98.11.112
Jan 7 06:58:07 projectok postfix/smtpd[142186]: connect from unknown[141.98.11.112]
Jan 7 06:58:07 projectok postfix/qmgr[66657]: BD11BC178296: from=, size=4635, nrcpt=1 (queue active)
Jan 7 06:58:07 projectok postfix/trivial-rewrite[142116]: warning: do not list domain projectok.com in BOTH mydestination and virtual_alias_domains
Jan 7 06:58:18 projectok postfix/smtpd[142600]: connect from unknown[46.148.40.58]
Jan 7 06:58:19 projectok postfix/smtpd[148124]: warning: connect to Milter service inet:localhost:8891: Connection timed out
Jan 7 06:58:20 projectok postfix/smtpd[148124]: warning: SASL authentication failure: cannot connect to saslauthd server: No such file or directory
Jan 7 06:58:20 projectok postfix/smtpd[148124]: warning: unknown[141.98.11.112]: SASL LOGIN authentication failed: generic failure
Jan 7 06:58:20 projectok postfix/smtpd[148124]: disconnect from unknown[141.98.11.112] ehlo=1 auth=0/1 rset=1 quit=1 commands=3/4
Jan 7 06:58:24 projectok postfix/smtpd[148117]: connect from smtp-backup-out2.dfw.wordpress.com[192.0.85.213]
Jan 7 06:58:26 projectok postfix/smtpd[148124]: warning: hostname swear.medyamol.com does not resolve to address 141.98.11.112
Jan 7 06:58:26 projectok postfix/smtpd[148124]: connect from unknown[141.98.11.112]
Jan 7 06:58:29 projectok postfix/smtpd[141829]: warning: connect to Milter service inet:localhost:8891: Connection timed out
Jan 7 06:58:29 projectok postfix/smtpd[141829]: lost connection after CONNECT from unknown[46.148.40.108]
Jan 7 06:58:29 projectok postfix/smtpd[141829]: disconnect from unknown[46.148.40.108] commands=0/0
Jan 7 06:58:34 projectok spamd[2638]: spamd: connection from ::1 [::1]:51480 to port 783, fd 5
Jan 7 06:58:34 projectok spamd[2638]: spamd: setuid to playalong.gq succeeded
Jan 7 06:58:34 projectok spamd[2638]: spamd: processing message <1673054857.142346.3@projectok.com> for playalong.gq:1122
Jan 7 06:58:36 projectok spamd[2638]: spamd: clean message (0.0/5.0) for playalong.gq:1122 in 1.4 seconds, 4668 bytes.
Jan 7 06:58:36 projectok spamd[2638]: spamd: result: . 0 - NO_RELAYS,URIBL_BLOCKED scantime=1.4,size=4668,user=playalong.gq,uid=1122,required_score=5.0,rhost=::1,raddr=::1,rport=51480,mid=<1673054857.142346.3@projectok.com>,autolearn=ham autolearn_force=no
Jan 7 06:58:36 projectok postfix/local[149076]: BD11BC178296: to=, orig_to=, relay=local, delay=58, delays=30/0/0/28, dsn=2.0.0, status=sent (delivered to command: /usr/bin/procmail-wrapper -o -a $DOMAIN -d $LOGNAME)
Jan 7 06:58:36 projectok postfix/qmgr[66657]: BD11BC178296: removed
Jan 7 06:58:36 projectok postfix/smtpd[144958]: warning: connect to Milter service inet:localhost:8891: Connection timed out
Jan 7 06:58:36 projectok postfix/smtpd[144958]: lost connection after CONNECT from unknown[46.148.40.77]
Jan 7 06:58:36 projectok postfix/smtpd[144958]: disconnect from unknown[46.148.40.77] commands=0/0
Jan 7 06:58:37 projectok postfix/smtpd[142186]: warning: connect to Milter service inet:localhost:8891: Connection timed out
Jan 7 06:58:42 projectok postfix/smtpd[142186]: warning: SASL authentication failure: cannot connect to saslauthd server: No such file or directory
Jan 7 06:58:42 projectok postfix/smtpd[142186]: warning: unknown[141.98.11.112]: SASL LOGIN authentication failed: generic failure
Jan 7 06:58:43 projectok postfix/smtpd[142186]: disconnect from unknown[141.98.11.112] ehlo=1 auth=0/1 rset=1 quit=1 commands=3/4
Jan 7 06:58:45 projectok postfix/smtpd[142186]: warning: hostname swear.medyamol.com does not resolve to address 141.98.11.112
Jan 7 06:58:45 projectok postfix/smtpd[142186]: connect from unknown[141.98.11.112]
Jan 7 06:58:46 projectok postfix/smtpd[150646]: connect from unknown[46.148.40.173]
Jan 7 06:58:50 projectok postfix/smtpd[142600]: warning: connect to Milter service inet:localhost:8891: Connection timed out
Jan 7 06:58:50 projectok postfix/smtpd[142600]: lost connection after CONNECT from unknown[46.148.40.58]
Jan 7 06:58:50 projectok postfix/smtpd[142600]: disconnect from unknown[46.148.40.58] commands=0/0
Jan 7 06:58:54 projectok postfix/smtpd[148117]: warning: connect to Milter service inet:localhost:8891: Connection timed out
Jan 7 06:58:56 projectok postfix/smtpd[148124]: warning: connect to Milter service inet:localhost:8891: Connection timed out
Jan 7 06:58:56 projectok postfix/smtpd[148117]: warning: connect to /var/spool/postfix/postgrey/socket: No such file or directory
Jan 7 06:58:57 projectok postfix/smtpd[150677]: connect from unknown[46.148.40.173]
Jan 7 06:58:57 projectok postfix/smtpd[148124]: warning: SASL authentication failure: cannot connect to saslauthd server: No such file or directory
Jan 7 06:58:57 projectok postfix/smtpd[148124]: warning: unknown[141.98.11.112]: SASL LOGIN authentication failed: generic failure
Jan 7 06:58:57 projectok postfix/smtpd[148117]: warning: connect to /var/spool/postfix/postgrey/socket: No such file or directory
Jan 7 06:58:57 projectok postfix/smtpd[148117]: warning: problem talking to server /var/spool/postfix/postgrey/socket: No such file or directory
Jan 7 06:58:57 projectok postfix/smtpd[148117]: NOQUEUE: reject: RCPT from smtp-backup-out2.dfw.wordpress.com[192.0.85.213]: 451 4.3.5 : Recipient address rejected: Server configuration problem; from= to= proto=ESMTP helo=
Jan 7 06:58:58 projectok postfix/smtpd[148124]: disconnect from unknown[141.98.11.112] ehlo=1 auth=0/1 rset=1 quit=1 commands=3/4
Jan 7 06:58:58 projectok postfix/smtpd[148117]: disconnect from smtp-backup-out2.dfw.wordpress.com[192.0.85.213] ehlo=2 starttls=1 mail=1 rcpt=0/1 data=0/1 rset=1 quit=1 commands=6/8
Jan 7 06:59:04 projectok postfix/smtpd[148124]: warning: hostname swear.medyamol.com does not resolve to address 141.98.11.112
Jan 7 06:59:04 projectok postfix/smtpd[148124]: connect from unknown[141.98.11.112]
Jan 7 06:59:07 projectok postfix/smtpd[148117]: connect from unknown[46.148.40.173]
Jan 7 06:59:15 projectok postfix/smtpd[142186]: warning: connect to Milter service inet:localhost:8891: Connection timed out
Jan 7 06:59:16 projectok postfix/smtpd[150646]: warning: connect to Milter service inet:localhost:8891: Connection timed out
Jan 7 06:59:17 projectok postfix/smtpd[150707]: connect from unknown[46.148.40.173]
Jan 7 06:59:19 projectok postfix/smtpd[142186]: warning: SASL authentication failure: cannot connect to saslauthd server: No such file or directory
Jan 7 06:59:19 projectok postfix/smtpd[142186]: warning: unknown[141.98.11.112]: SASL LOGIN authentication failed: generic failure
Jan 7 06:59:20 projectok postfix/smtpd[142186]: disconnect from unknown[141.98.11.112] ehlo=1 auth=0/1 rset=1 quit=1 commands=3/4
Jan 7 06:59:22 projectok postfix/smtpd[150646]: warning: SASL authentication failure: cannot connect to saslauthd server: No such file or directory
Jan 7 06:59:22 projectok postfix/smtpd[150646]: warning: unknown[46.148.40.173]: SASL LOGIN authentication failed: generic failure
Jan 7 06:59:23 projectok postfix/smtpd[150646]: disconnect from unknown[46.148.40.173] ehlo=1 auth=0/1 rset=1 quit=1 commands=3/4
Jan 7 06:59:27 projectok postfix/smtpd[150677]: warning: connect to Milter service inet:localhost:8891: Connection timed out
Jan 7 06:59:29 projectok postfix/smtpd[142186]: connect from unknown[46.148.40.173]
Jan 7 06:59:30 projectok postfix/smtpd[150677]: warning: SASL authentication failure: cannot connect to saslauthd server: No such file or directory
Jan 7 06:59:30 projectok postfix/smtpd[150677]: warning: unknown[46.148.40.173]: SASL LOGIN authentication failed: generic failure
Jan 7 06:59:32 projectok postfix/smtpd[150677]: disconnect from unknown[46.148.40.173] ehlo=1 auth=0/1 rset=1 quit=1 commands=3/4
Jan 7 06:59:34 projectok postfix/smtpd[148124]: warning: connect to Milter service inet:localhost:8891: Connection timed out
Jan 7 06:59:37 projectok postfix/smtpd[148117]: warning: connect to Milter service inet:localhost:8891: Connection timed out
Jan 7 06:59:37 projectok postfix/smtpd[148124]: warning: SASL authentication failure: cannot connect to saslauthd server: No such file or directory
Jan 7 06:59:37 projectok postfix/smtpd[148124]: warning: unknown[141.98.11.112]: SASL LOGIN authentication failed: generic failure
Jan 7 06:59:37 projectok postfix/smtpd[148124]: disconnect from unknown[141.98.11.112] ehlo=1 auth=0/1 rset=1 quit=1 commands=3/4
Jan 7 06:59:38 projectok postfix/smtpd[150646]: connect from unknown[46.148.40.173]
Jan 7 06:59:40 projectok postfix/pickup[113416]: 5A78BC1EE5D0: uid=0 from=
Jan 7 06:59:41 projectok postfix/smtpd[148117]: warning: SASL authentication failure: cannot connect to saslauthd server: No such file or directory
Jan 7 06:59:41 projectok postfix/smtpd[148117]: warning: unknown[46.148.40.173]: SASL LOGIN authentication failed: generic failure
Jan 7 06:59:42 projectok postfix/smtpd[148117]: disconnect from unknown[46.148.40.173] ehlo=1 auth=0/1 rset=1 quit=1 commands=3/4
Jan 7 06:59:47 projectok postfix/smtpd[150707]: warning: connect to Milter service inet:localhost:8891: Connection timed out
Jan 7 06:59:48 projectok postfix/smtpd[150677]: connect from unknown[46.148.40.173]
Jan 7 06:59:52 projectok postfix/smtpd[150707]: warning: SASL authentication failure: cannot connect to saslauthd server: No such file or directory
Jan 7 06:59:52 projectok postfix/smtpd[150707]: warning: unknown[46.148.40.173]: SASL LOGIN authentication failed: generic failure
Jan 7 06:59:53 projectok postfix/smtpd[150707]: disconnect from unknown[46.148.40.173] ehlo=1 auth=0/1 rset=1 quit=1 commands=3/4
Jan 7 06:59:58 projectok postfix/smtpd[148124]: connect from unknown[46.148.40.173]
Jan 7 06:59:59 projectok postfix/smtpd[142186]: warning: connect to Milter service inet:localhost:8891: Connection timed out
Jan 7 06:59:59 projectok postfix/smtpd[142186]: disconnect from unknown[46.148.40.173] quit=1 commands=1
Jan 7 07:00:08 projectok postfix/smtpd[150646]: warning: connect to Milter service inet:localhost:8891: Connection timed out
Jan 7 07:00:08 projectok postfix/smtpd[141829]: connect from unknown[46.148.40.94]
Jan 7 07:00:09 projectok postfix/smtpd[148117]: connect from unknown[46.148.40.173]
Jan 7 07:00:10 projectok postfix/cleanup[148354]: warning: connect to Milter service inet:localhost:8891: Connection timed out
Jan 7 07:00:10 projectok postfix/cleanup[148354]: 5A78BC1EE5D0: message-id=<1673054980.142346.4@projectok.com>
Jan 7 07:00:10 projectok postfix/qmgr[66657]: 5A78BC1EE5D0: from=, size=5543, nrcpt=1 (queue active)
Jan 7 07:00:10 projectok postfix/trivial-rewrite[142116]: warning: do not list domain projectok.com in BOTH mydestination and virtual_alias_domains
Jan 7 07:00:12 projectok postfix/smtpd[150646]: warning: SASL authentication failure: cannot connect to saslauthd server: No such file or directory
Jan 7 07:00:12 projectok postfix/smtpd[150646]: warning: unknown[46.148.40.173]: SASL LOGIN authentication failed: generic failure
Jan 7 07:00:13 projectok postfix/smtpd[150646]: disconnect from unknown[46.148.40.173] ehlo=1 auth=0/1 rset=1 quit=1 commands=3/4
Jan 7 07:00:18 projectok postfix/smtpd[150677]: warning: connect to Milter service inet:localhost:8891: Connection timed out
Jan 7 07:00:25 projectok postfix/smtpd[150677]: warning: SASL authentication failure: cannot connect to saslauthd server: No such file or directory
Jan 7 07:00:25 projectok postfix/smtpd[150677]: warning: unknown[46.148.40.173]: SASL LOGIN authentication failed: generic failure
Jan 7 07:00:27 projectok postfix/smtpd[150677]: disconnect from unknown[46.148.40.173] ehlo=1 auth=0/1 rset=1 quit=1 commands=3/4
Jan 7 07:00:28 projectok postfix/smtpd[148124]: warning: connect to Milter service inet:localhost:8891: Connection timed out
Jan 7 07:00:33 projectok postfix/smtpd[148124]: warning: SASL authentication failure: cannot connect to saslauthd server: No such file or directory
Jan 7 07:00:33 projectok postfix/smtpd[148124]: warning: unknown[46.148.40.173]: SASL LOGIN authentication failed: generic failure
Jan 7 07:00:34 projectok spamd[2638]: spamd: connection from ::1 [::1]:41078 to port 783, fd 5
Jan 7 07:00:34 projectok spamd[2638]: spamd: setuid to projectok.tk succeeded
Jan 7 07:00:34 projectok postfix/smtpd[148124]: disconnect from unknown[46.148.40.173] ehlo=1 auth=0/1 rset=1 quit=1 commands=3/4
Jan 7 07:00:34 projectok spamd[2638]: spamd: processing message <1673054980.142346.4@projectok.com> for projectok.tk:1137
Jan 7 07:00:37 projectok spamd[2638]: spamd: clean message (0.0/5.0) for projectok.tk:1137 in 3.4 seconds, 5569 bytes.
Jan 7 07:00:37 projectok spamd[2638]: spamd: result: . 0 - NO_RELAYS,URIBL_BLOCKED scantime=3.4,size=5569,user=projectok.tk,uid=1137,required_score=5.0,rhost=::1,raddr=::1,rport=41078,mid=<1673054980.142346.4@projectok.com>,autolearn=ham autolearn_force=no
Jan 7 07:00:37 projectok postfix/local[149076]: 5A78BC1EE5D0: to=, orig_to=, relay=local, delay=57, delays=30/0/0/27, dsn=2.0.0, status=sent (delivered to command: /usr/bin/procmail-wrapper -o -a $DOMAIN -d $LOGNAME)
Jan 7 07:00:37 projectok postfix/qmgr[66657]: 5A78BC1EE5D0: removed
