Jan 7 12:29:28 projectok postfix/smtpd[308631]: connect from unknown[193.56.29.118]
Jan 7 12:29:29 projectok postfix/smtpd[307238]: connect from unknown[219.148.39.134]
Jan 7 12:29:37 projectok postfix/smtpd[307237]: warning: connect to Milter service inet:localhost:8891: Connection timed out
Jan 7 12:29:37 projectok postfix/smtpd[307237]: lost connection after CONNECT from unknown[177.135.103.54]
Jan 7 12:29:37 projectok postfix/smtpd[307237]: disconnect from unknown[177.135.103.54] commands=0/0
Jan 7 12:29:42 projectok postfix/smtpd[308446]: warning: connect to Milter service inet:localhost:8891: Connection timed out
Jan 7 12:29:52 projectok postfix/smtpd[306107]: connect from unknown[46.148.40.197]
Jan 7 12:29:58 projectok postfix/smtpd[308631]: warning: connect to Milter service inet:localhost:8891: Connection timed out
Jan 7 12:29:59 projectok postfix/smtpd[307238]: warning: connect to Milter service inet:localhost:8891: Connection timed out
Jan 7 12:29:59 projectok postfix/smtpd[307238]: lost connection after CONNECT from unknown[219.148.39.134]
Jan 7 12:29:59 projectok postfix/smtpd[307238]: disconnect from unknown[219.148.39.134] commands=0/0
Jan 7 12:30:02 projectok postfix/smtpd[308631]: warning: SASL authentication failure: cannot connect to saslauthd server: No such file or directory
Jan 7 12:30:02 projectok postfix/smtpd[308631]: warning: unknown[193.56.29.118]: SASL LOGIN authentication failed: generic failure
Jan 7 12:30:02 projectok postfix/smtpd[308631]: disconnect from unknown[193.56.29.118] ehlo=1 auth=0/1 quit=1 commands=2/3
Jan 7 12:30:08 projectok dovecot[4654]: imap-login: Disconnected: Connection closed: SSL_accept() failed: error:0A000416:SSL routines::sslv3 alert certificate unknown: SSL alert number 46 (no auth attempts in 0 secs): user=<>, rip=122.160.66.158, lip=192.168.1.53, TLS handshaking: SSL_accept() failed: error:0A000416:SSL routines::sslv3 alert certificate unknown: SSL alert number 46, session=
Jan 7 12:30:08 projectok dovecot[4654]: imap-login: Disconnected: Connection closed: SSL_accept() failed: error:0A000416:SSL routines::sslv3 alert certificate unknown: SSL alert number 46 (no auth attempts in 0 secs): user=<>, rip=122.160.66.158, lip=192.168.1.53, TLS handshaking: SSL_accept() failed: error:0A000416:SSL routines::sslv3 alert certificate unknown: SSL alert number 46, session=
Jan 7 12:30:15 projectok postfix/smtpd[306131]: connect from unknown[46.148.40.193]
Jan 7 12:30:23 projectok dovecot[4654]: imap-login: Disconnected: Connection closed: SSL_accept() failed: error:0A000416:SSL routines::sslv3 alert certificate unknown: SSL alert number 46 (no auth attempts in 0 secs): user=<>, rip=122.160.66.158, lip=192.168.1.53, TLS handshaking: SSL_accept() failed: error:0A000416:SSL routines::sslv3 alert certificate unknown: SSL alert number 46, session=
Jan 7 12:30:25 projectok postfix/smtpd[306107]: warning: connect to Milter service inet:localhost:8891: Connection timed out
Jan 7 12:30:25 projectok postfix/smtpd[306107]: lost connection after CONNECT from unknown[46.148.40.197]
Jan 7 12:30:25 projectok postfix/smtpd[306107]: disconnect from unknown[46.148.40.197] commands=0/0
Jan 7 12:30:33 projectok postfix/pickup[308913]: 2EC4DC1732CA: uid=0 from=
Jan 7 12:30:40 projectok dovecot[4654]: imap-login: Disconnected: Too many invalid commands (no auth attempts in 0 secs): user=<>, rip=170.187.195.167, lip=192.168.1.53, session=
Jan 7 12:30:42 projectok dovecot[4654]: imap-login: Disconnected: Connection closed: read(size=819) failed: Connection reset by peer (no auth attempts in 1 secs): user=<>, rip=170.187.195.167, lip=192.168.1.53, TLS handshaking: read(size=819) failed: Connection reset by peer, session=
Jan 7 12:30:42 projectok postfix/smtpd[294884]: connect from unknown[46.148.40.108]
Jan 7 12:30:42 projectok dovecot[4654]: imap-login: Disconnected: Connection closed (no auth attempts in 0 secs): user=<>, rip=170.187.195.167, lip=192.168.1.53, session=
Jan 7 12:30:43 projectok dovecot[4654]: imap-login: Disconnected: Connection closed: SSL_accept() failed: error:0A000102:SSL routines::unsupported protocol (no auth attempts in 1 secs): user=<>, rip=170.187.195.167, lip=192.168.1.53, TLS handshaking: SSL_accept() failed: error:0A000102:SSL routines::unsupported protocol, session=
Jan 7 12:30:43 projectok dovecot[4654]: imap-login: Disconnected: Connection closed (no auth attempts in 1 secs): user=<>, rip=170.187.195.167, lip=192.168.1.53, TLS handshaking: Connection closed, session=
Jan 7 12:30:44 projectok dovecot[4654]: imap-login: Disconnected: Connection closed: SSL_accept() failed: error:0A000102:SSL routines::unsupported protocol (no auth attempts in 1 secs): user=<>, rip=170.187.195.167, lip=192.168.1.53, TLS handshaking: SSL_accept() failed: error:0A000102:SSL routines::unsupported protocol, session=<8uzEF6fx8smqu8On>
Jan 7 12:30:45 projectok dovecot[4654]: imap-login: Disconnected: Connection closed: read(size=819) failed: Connection reset by peer (no auth attempts in 1 secs): user=<>, rip=170.187.195.167, lip=192.168.1.53, TLS handshaking: read(size=819) failed: Connection reset by peer, session=
Jan 7 12:30:46 projectok dovecot[4654]: imap-login: Disconnected: Connection closed: SSL_accept() failed: error:0A00018C:SSL routines::version too low (no auth attempts in 0 secs): user=<>, rip=170.187.195.167, lip=192.168.1.53, TLS handshaking: SSL_accept() failed: error:0A00018C:SSL routines::version too low, session=
Jan 7 12:30:47 projectok dovecot[4654]: imap-login: Disconnected: Connection closed: SSL_accept() failed: error:0A000102:SSL routines::unsupported protocol (no auth attempts in 0 secs): user=<>, rip=170.187.195.167, lip=192.168.1.53, TLS handshaking: SSL_accept() failed: error:0A000102:SSL routines::unsupported protocol, session=
Jan 7 12:30:48 projectok postfix/smtpd[306131]: warning: connect to Milter service inet:localhost:8891: Connection timed out
Jan 7 12:30:48 projectok postfix/smtpd[306131]: lost connection after CONNECT from unknown[46.148.40.193]
Jan 7 12:30:48 projectok postfix/smtpd[306131]: disconnect from unknown[46.148.40.193] commands=0/0
Jan 7 12:30:49 projectok dovecot[4654]: imap-login: Error: Diffie-Hellman key exchange requested, but no DH parameters provided. Set ssl_dh=, rip=170.187.195.167, lip=192.168.1.53, TLS handshaking: SSL_accept() failed: error:0A0C0103:SSL routines::internal error, session=<2fsPGKfxIqCqu8On>
Jan 7 12:30:49 projectok dovecot[4654]: imap-login: Error: Diffie-Hellman key exchange requested, but no DH parameters provided. Set ssl_dh=, rip=170.187.195.167, lip=192.168.1.53, TLS handshaking: SSL_accept() failed: error:0A0C0103:SSL routines::internal error, session=
Jan 7 12:30:49 projectok dovecot[4654]: imap-login: Disconnected: Connection closed: read(size=669) failed: Connection reset by peer (no auth attempts in 1 secs): user=<>, rip=170.187.195.167, lip=192.168.1.53, TLS handshaking: read(size=669) failed: Connection reset by peer, session=<1M0TGKfxKKCqu8On>
Jan 7 12:30:49 projectok dovecot[4654]: imap-login: Disconnected: Connection closed: read(size=671) failed: Connection reset by peer (no auth attempts in 1 secs): user=<>, rip=170.187.195.167, lip=192.168.1.53, TLS handshaking: read(size=671) failed: Connection reset by peer, session=
Jan 7 12:30:50 projectok dovecot[4654]: imap-login: Error: Diffie-Hellman key exchange requested, but no DH parameters provided. Set ssl_dh=, rip=170.187.195.167, lip=192.168.1.53, TLS handshaking: SSL_accept() failed: error:0A0C0103:SSL routines::internal error, session=<8QMjGKfxSKCqu8On>
Jan 7 12:30:50 projectok dovecot[4654]: imap-login: Disconnected: Connection closed: read(size=671) failed: Connection reset by peer (no auth attempts in 1 secs): user=<>, rip=170.187.195.167, lip=192.168.1.53, TLS handshaking: read(size=671) failed: Connection reset by peer, session=<4hknGKfxOqCqu8On>
Jan 7 12:30:51 projectok dovecot[4654]: imap-login: Disconnected: Connection closed: read(size=673) failed: Connection reset by peer (no auth attempts in 1 secs): user=<>, rip=170.187.195.167, lip=192.168.1.53, TLS handshaking: read(size=673) failed: Connection reset by peer, session=
Jan 7 12:30:52 projectok dovecot[4654]: imap-login: Disconnected: Connection closed: SSL_accept() failed: error:0A0000C1:SSL routines::no shared cipher (no auth attempts in 0 secs): user=<>, rip=170.187.195.167, lip=192.168.1.53, TLS handshaking: SSL_accept() failed: error:0A0000C1:SSL routines::no shared cipher, session=
Jan 7 12:30:53 projectok postfix/smtpd[306107]: connect from unknown[46.148.40.136]
Jan 7 12:31:03 projectok postfix/cleanup[308916]: warning: connect to Milter service inet:localhost:8891: Connection timed out
Jan 7 12:31:03 projectok postfix/cleanup[308916]: 2EC4DC1732CA: message-id=<1673074833.307254.1@projectok.com>
Jan 7 12:31:03 projectok postfix/qmgr[66657]: 2EC4DC1732CA: from=, size=4632, nrcpt=1 (queue active)
Jan 7 12:31:03 projectok postfix/trivial-rewrite[307241]: warning: do not list domain projectok.com in BOTH mydestination and virtual_alias_domains
Jan 7 12:31:04 projectok postfix/smtpd[306131]: connect from unknown[46.148.40.135]
Jan 7 12:31:06 projectok postfix/smtpd[309003]: connect from unknown[46.148.40.185]
Jan 7 12:31:15 projectok postfix/smtpd[294884]: warning: connect to Milter service inet:localhost:8891: Connection timed out
Jan 7 12:31:15 projectok postfix/smtpd[294884]: lost connection after CONNECT from unknown[46.148.40.108]
Jan 7 12:31:15 projectok postfix/smtpd[294884]: disconnect from unknown[46.148.40.108] commands=0/0
Jan 7 12:31:23 projectok spamd[2638]: spamd: connection from ::1 [::1]:49762 to port 783, fd 5
Jan 7 12:31:23 projectok spamd[2638]: spamd: setuid to playalong succeeded
Jan 7 12:31:23 projectok spamd[2638]: spamd: processing message <1673074833.307254.1@projectok.com> for playalong:1123
Jan 7 12:31:25 projectok spamd[2638]: spamd: clean message (0.0/5.0) for playalong:1123 in 1.8 seconds, 4659 bytes.
Jan 7 12:31:25 projectok spamd[2638]: spamd: result: . 0 - NO_RELAYS,URIBL_BLOCKED scantime=1.8,size=4659,user=playalong,uid=1123,required_score=5.0,rhost=::1,raddr=::1,rport=49762,mid=<1673074833.307254.1@projectok.com>,autolearn=ham autolearn_force=no
Jan 7 12:31:25 projectok postfix/local[308978]: 2EC4DC1732CA: to=, orig_to=, relay=local, delay=52, delays=30/0.02/0/22, dsn=2.0.0, status=sent (delivered to command: /usr/bin/procmail-wrapper -o -a $DOMAIN -d $LOGNAME)
Jan 7 12:31:25 projectok postfix/qmgr[66657]: 2EC4DC1732CA: removed
Jan 7 12:31:25 projectok postfix/smtpd[306107]: warning: connect to Milter service inet:localhost:8891: Connection timed out
Jan 7 12:31:25 projectok postfix/smtpd[306107]: lost connection after CONNECT from unknown[46.148.40.136]
Jan 7 12:31:25 projectok postfix/smtpd[306107]: disconnect from unknown[46.148.40.136] commands=0/0
Jan 7 12:31:37 projectok postfix/smtpd[306131]: warning: connect to Milter service inet:localhost:8891: Connection timed out
Jan 7 12:31:37 projectok postfix/smtpd[306131]: lost connection after CONNECT from unknown[46.148.40.135]
Jan 7 12:31:37 projectok postfix/smtpd[306131]: disconnect from unknown[46.148.40.135] commands=0/0
Jan 7 12:31:38 projectok postfix/smtpd[294884]: connect from unknown[46.148.40.198]
Jan 7 12:31:39 projectok postfix/smtpd[309003]: warning: connect to Milter service inet:localhost:8891: Connection timed out
Jan 7 12:31:39 projectok postfix/smtpd[309003]: lost connection after CONNECT from unknown[46.148.40.185]
Jan 7 12:31:39 projectok postfix/smtpd[309003]: disconnect from unknown[46.148.40.185] commands=0/0
Jan 7 12:31:56 projectok postfix/smtpd[306107]: connect from unknown[46.148.40.94]
Jan 7 12:32:08 projectok postfix/smtpd[306131]: connect from unknown[46.148.40.189]
Jan 7 12:32:08 projectok postfix/smtpd[309074]: warning: hostname swear.medyamol.com does not resolve to address 141.98.11.112
Jan 7 12:32:08 projectok postfix/smtpd[309074]: connect from unknown[141.98.11.112]
Jan 7 12:32:12 projectok postfix/smtpd[294884]: warning: connect to Milter service inet:localhost:8891: Connection timed out
Jan 7 12:32:12 projectok postfix/smtpd[294884]: lost connection after CONNECT from unknown[46.148.40.198]
Jan 7 12:32:12 projectok postfix/smtpd[294884]: disconnect from unknown[46.148.40.198] commands=0/0
Jan 7 12:32:17 projectok postfix/smtpd[309003]: connect from unknown[46.148.40.107]
Jan 7 12:32:20 projectok postfix/smtpd[294884]: connect from unknown[46.148.40.58]
Jan 7 12:32:26 projectok postfix/smtpd[309108]: warning: hostname swear.medyamol.com does not resolve to address 141.98.11.112
Jan 7 12:32:26 projectok postfix/smtpd[309108]: connect from unknown[141.98.11.112]
Jan 7 12:32:29 projectok postfix/smtpd[306107]: warning: connect to Milter service inet:localhost:8891: Connection timed out
Jan 7 12:32:29 projectok postfix/smtpd[306107]: lost connection after CONNECT from unknown[46.148.40.94]
Jan 7 12:32:29 projectok postfix/smtpd[306107]: disconnect from unknown[46.148.40.94] commands=0/0
Jan 7 12:32:34 projectok postfix/pickup[308913]: 4348EC1732CA: uid=0 from=
Jan 7 12:32:38 projectok postfix/smtpd[309074]: warning: connect to Milter service inet:localhost:8891: Connection timed out
Jan 7 12:32:38 projectok postfix/smtpd[309074]: disconnect from unknown[141.98.11.112] quit=1 commands=1
Jan 7 12:32:41 projectok postfix/smtpd[306131]: warning: connect to Milter service inet:localhost:8891: Connection timed out
Jan 7 12:32:41 projectok postfix/smtpd[306131]: lost connection after CONNECT from unknown[46.148.40.189]
Jan 7 12:32:41 projectok postfix/smtpd[306131]: disconnect from unknown[46.148.40.189] commands=0/0
Jan 7 12:32:45 projectok postfix/smtpd[309074]: warning: hostname swear.medyamol.com does not resolve to address 141.98.11.112
Jan 7 12:32:45 projectok postfix/smtpd[309074]: connect from unknown[141.98.11.112]
Jan 7 12:32:51 projectok postfix/smtpd[309003]: warning: connect to Milter service inet:localhost:8891: Connection timed out
Jan 7 12:32:51 projectok postfix/smtpd[309003]: lost connection after CONNECT from unknown[46.148.40.107]
Jan 7 12:32:51 projectok postfix/smtpd[309003]: disconnect from unknown[46.148.40.107] commands=0/0
Jan 7 12:32:53 projectok postfix/smtpd[294884]: warning: connect to Milter service inet:localhost:8891: Connection timed out
Jan 7 12:32:53 projectok postfix/smtpd[294884]: lost connection after CONNECT from unknown[46.148.40.58]
Jan 7 12:32:53 projectok postfix/smtpd[294884]: disconnect from unknown[46.148.40.58] commands=0/0
Jan 7 12:32:56 projectok postfix/smtpd[309108]: warning: connect to Milter service inet:localhost:8891: Connection timed out
Jan 7 12:32:57 projectok postfix/smtpd[309108]: warning: SASL authentication failure: cannot connect to saslauthd server: No such file or directory
Jan 7 12:32:57 projectok postfix/smtpd[309108]: warning: unknown[141.98.11.112]: SASL LOGIN authentication failed: generic failure
Jan 7 12:32:57 projectok postfix/smtpd[309108]: disconnect from unknown[141.98.11.112] ehlo=1 auth=0/1 rset=1 quit=1 commands=3/4
Jan 7 12:33:04 projectok postfix/smtpd[309108]: warning: hostname swear.medyamol.com does not resolve to address 141.98.11.112
Jan 7 12:33:04 projectok postfix/smtpd[309108]: connect from unknown[141.98.11.112]
Jan 7 12:33:04 projectok postfix/cleanup[308916]: warning: connect to Milter service inet:localhost:8891: Connection timed out
Jan 7 12:33:04 projectok postfix/cleanup[308916]: 4348EC1732CA: message-id=<1673074954.307254.2@projectok.com>
Jan 7 12:33:04 projectok postfix/qmgr[66657]: 4348EC1732CA: from=, size=5543, nrcpt=1 (queue active)
Jan 7 12:33:04 projectok postfix/trivial-rewrite[307241]: warning: do not list domain projectok.com in BOTH mydestination and virtual_alias_domains
Jan 7 12:33:08 projectok postfix/smtpd[306107]: connect from unknown[46.148.40.49]
Jan 7 12:33:15 projectok postfix/smtpd[309074]: warning: connect to Milter service inet:localhost:8891: Connection timed out
Jan 7 12:33:17 projectok postfix/smtpd[309074]: warning: SASL authentication failure: cannot connect to saslauthd server: No such file or directory
Jan 7 12:33:17 projectok postfix/smtpd[309074]: warning: unknown[141.98.11.112]: SASL LOGIN authentication failed: generic failure
Jan 7 12:33:17 projectok postfix/smtpd[309074]: disconnect from unknown[141.98.11.112] ehlo=1 auth=0/1 rset=1 quit=1 commands=3/4
Jan 7 12:33:22 projectok postfix/smtpd[309074]: warning: hostname swear.medyamol.com does not resolve to address 141.98.11.112
Jan 7 12:33:22 projectok postfix/smtpd[309074]: connect from unknown[141.98.11.112]
Jan 7 12:33:29 projectok spamd[2638]: spamd: connection from ::1 [::1]:49172 to port 783, fd 5
Jan 7 12:33:29 projectok spamd[2638]: spamd: setuid to playalong.tk succeeded
Jan 7 12:33:29 projectok spamd[2638]: spamd: processing message <1673074954.307254.2@projectok.com> for playalong.tk:1124
Jan 7 12:33:32 projectok spamd[2638]: spamd: clean message (0.0/5.0) for playalong.tk:1124 in 2.6 seconds, 5569 bytes.
Jan 7 12:33:32 projectok spamd[2638]: spamd: result: . 0 - NO_RELAYS,URIBL_BLOCKED scantime=2.6,size=5569,user=playalong.tk,uid=1124,required_score=5.0,rhost=::1,raddr=::1,rport=49172,mid=<1673074954.307254.2@projectok.com>,autolearn=ham autolearn_force=no
Jan 7 12:33:32 projectok postfix/local[308978]: 4348EC1732CA: to=, orig_to=, relay=local, delay=58, delays=30/0/0/28, dsn=2.0.0, status=sent (delivered to command: /usr/bin/procmail-wrapper -o -a $DOMAIN -d $LOGNAME)
Jan 7 12:33:32 projectok postfix/qmgr[66657]: 4348EC1732CA: removed
Jan 7 12:33:34 projectok postfix/smtpd[309108]: warning: connect to Milter service inet:localhost:8891: Connection timed out
Jan 7 12:33:36 projectok postfix/smtpd[309108]: warning: SASL authentication failure: cannot connect to saslauthd server: No such file or directory
Jan 7 12:33:36 projectok postfix/smtpd[309108]: warning: unknown[141.98.11.112]: SASL LOGIN authentication failed: generic failure
Jan 7 12:33:36 projectok postfix/smtpd[309108]: disconnect from unknown[141.98.11.112] ehlo=1 auth=0/1 rset=1 quit=1 commands=3/4
Jan 7 12:33:41 projectok postfix/smtpd[309108]: warning: hostname swear.medyamol.com does not resolve to address 141.98.11.112
Jan 7 12:33:41 projectok postfix/smtpd[309108]: connect from unknown[141.98.11.112]
Jan 7 12:33:41 projectok postfix/smtpd[306107]: warning: connect to Milter service inet:localhost:8891: Connection timed out
Jan 7 12:33:41 projectok postfix/smtpd[306107]: lost connection after CONNECT from unknown[46.148.40.49]
Jan 7 12:33:41 projectok postfix/smtpd[306107]: disconnect from unknown[46.148.40.49] commands=0/0
Jan 7 12:33:46 projectok postfix/smtpd[311262]: connect from mail-qv1-f47.google.com[209.85.219.47]
Jan 7 12:33:52 projectok postfix/smtpd[309074]: warning: connect to Milter service inet:localhost:8891: Connection timed out
Jan 7 12:33:57 projectok postfix/smtpd[309074]: warning: SASL authentication failure: cannot connect to saslauthd server: No such file or directory
Jan 7 12:33:57 projectok postfix/smtpd[309074]: warning: unknown[141.98.11.112]: SASL LOGIN authentication failed: generic failure
Jan 7 12:33:58 projectok postfix/smtpd[309074]: disconnect from unknown[141.98.11.112] ehlo=1 auth=0/1 rset=1 quit=1 commands=3/4
Jan 7 12:34:01 projectok postfix/smtpd[309074]: warning: hostname swear.medyamol.com does not resolve to address 141.98.11.112
Jan 7 12:34:01 projectok postfix/smtpd[309074]: connect from unknown[141.98.11.112]
Jan 7 12:34:09 projectok postfix/smtpd[306131]: connect from unknown[46.148.40.195]
Jan 7 12:34:11 projectok postfix/smtpd[309108]: warning: connect to Milter service inet:localhost:8891: Connection timed out
Jan 7 12:34:12 projectok postfix/qmgr[66657]: A338EC1798F0: from=, size=668, nrcpt=1 (queue active)
Jan 7 12:34:12 projectok postfix/smtp[311305]: fatal: unknown service: smtp/tcp
Jan 7 12:34:12 projectok postfix/smtpd[309108]: warning: SASL authentication failure: cannot connect to saslauthd server: No such file or directory
Jan 7 12:34:12 projectok postfix/smtpd[309108]: warning: unknown[141.98.11.112]: SASL LOGIN authentication failed: generic failure
Jan 7 12:34:12 projectok postfix/smtpd[309108]: disconnect from unknown[141.98.11.112] ehlo=1 auth=0/1 rset=1 quit=1 commands=3/4
Jan 7 12:34:13 projectok postfix/qmgr[66657]: warning: private/smtp socket: malformed response
Jan 7 12:34:13 projectok postfix/qmgr[66657]: warning: transport smtp failure -- see a previous warning/fatal/panic logfile record for the problem description
Jan 7 12:34:13 projectok postfix/master[66343]: warning: process /usr/libexec/postfix/smtp pid 311305 exit status 1
Jan 7 12:34:13 projectok postfix/master[66343]: warning: /usr/libexec/postfix/smtp: bad command startup -- throttling
Jan 7 12:34:13 projectok postfix/error[311313]: A338EC1798F0: to=, relay=none, delay=29944, delays=29943/1.1/0/0.04, dsn=4.3.0, status=deferred (unknown mail transport error)
Jan 7 12:34:16 projectok postfix/smtpd[309003]: connect from unknown[46.148.40.199]
Jan 7 12:34:16 projectok postfix/smtpd[311262]: warning: connect to Milter service inet:localhost:8891: Connection timed out
Jan 7 12:34:18 projectok postfix/smtpd[309108]: connect from unknown[46.148.40.103]
Jan 7 12:34:19 projectok postfix/smtpd[311262]: warning: connect to /var/spool/postfix/postgrey/socket: No such file or directory
Jan 7 12:34:20 projectok postfix/smtpd[311262]: warning: connect to /var/spool/postfix/postgrey/socket: No such file or directory
Jan 7 12:34:20 projectok postfix/smtpd[311262]: warning: problem talking to server /var/spool/postfix/postgrey/socket: No such file or directory
Jan 7 12:34:20 projectok postfix/smtpd[311262]: NOQUEUE: reject: RCPT from mail-qv1-f47.google.com[209.85.219.47]: 451 4.3.5 : Recipient address rejected: Server configuration problem; from= to= proto=ESMTP helo=
Jan 7 12:34:31 projectok postfix/smtpd[309074]: warning: connect to Milter service inet:localhost:8891: Connection timed out
Jan 7 12:34:31 projectok postfix/smtpd[309074]: disconnect from unknown[141.98.11.112] quit=1 commands=1
Jan 7 12:34:39 projectok postfix/smtpd[306107]: connect from unknown[46.148.40.77]
Jan 7 12:34:42 projectok postfix/smtpd[308446]: timeout after CONNECT from unknown[43.155.164.152]
Jan 7 12:34:42 projectok postfix/smtpd[308446]: disconnect from unknown[43.155.164.152] commands=0/0
Jan 7 12:34:42 projectok postfix/smtpd[306131]: warning: connect to Milter service inet:localhost:8891: Connection timed out
Jan 7 12:34:42 projectok postfix/smtpd[306131]: lost connection after CONNECT from unknown[46.148.40.195]
Jan 7 12:34:42 projectok postfix/smtpd[306131]: disconnect from unknown[46.148.40.195] commands=0/0
Jan 7 12:34:46 projectok postfix/anvil[66871]: statistics: max connection rate 6/60s for (smtp:46.148.40.173) at
Jan 7 06:58:22
Jan 7 12:34:46 projectok postfix/anvil[66871]: statistics: max connection count 4 for (smtp:46.148.40.173) at
Jan 7 06:58:02
Jan 7 12:34:46 projectok postfix/anvil[66871]: statistics: max cache size 13 at
Jan 7 06:59:29
Jan 7 12:34:48 projectok postfix/smtpd[309108]: warning: connect to Milter service inet:localhost:8891: Connection timed out
Jan 7 12:34:48 projectok postfix/smtpd[309108]: disconnect from unknown[46.148.40.103] quit=1 commands=1
Jan 7 12:34:49 projectok postfix/smtpd[309003]: warning: connect to Milter service inet:localhost:8891: Connection timed out
Jan 7 12:34:49 projectok postfix/smtpd[309003]: lost connection after CONNECT from unknown[46.148.40.199]
Jan 7 12:34:49 projectok postfix/smtpd[309003]: disconnect from unknown[46.148.40.199] commands=0/0
Jan 7 12:34:53 projectok postfix/smtpd[311262]: disconnect from mail-qv1-f47.google.com[209.85.219.47] ehlo=2 starttls=1 mail=1 rcpt=0/1 bdat=0/1 rset=1 quit=1 commands=6/8
Jan 7 12:34:55 projectok postfix/smtpd[309074]: connect from unknown[46.148.40.103]
Jan 7 12:35:01 projectok postfix/smtpd[308446]: connect from unknown[46.148.40.103]
Jan 7 12:35:10 projectok postfix/smtpd[309108]: connect from unknown[193.56.29.178]
Jan 7 12:35:12 projectok postfix/smtpd[306107]: warning: connect to Milter service inet:localhost:8891: Connection timed out
Jan 7 12:35:12 projectok postfix/smtpd[306107]: lost connection after CONNECT from unknown[46.148.40.77]
Jan 7 12:35:12 projectok postfix/smtpd[306107]: disconnect from unknown[46.148.40.77] commands=0/0
Jan 7 12:35:14 projectok postfix/smtpd[306131]: connect from unknown[46.148.40.191]
Jan 7 12:35:23 projectok postfix/smtpd[311262]: connect from unknown[46.148.40.103]
Jan 7 12:35:25 projectok postfix/smtpd[309074]: warning: connect to Milter service inet:localhost:8891: Connection timed out
Jan 7 12:35:25 projectok postfix/smtpd[309074]: disconnect from unknown[46.148.40.103] quit=1 commands=1
Jan 7 12:35:30 projectok postfix/pickup[308913]: C824AC1ED9AD: uid=0 from=
Jan 7 12:35:31 projectok postfix/smtpd[308446]: warning: connect to Milter service inet:localhost:8891: Connection timed out
Jan 7 12:35:35 projectok postfix/smtpd[308446]: warning: SASL authentication failure: cannot connect to saslauthd server: No such file or directory
Jan 7 12:35:35 projectok postfix/smtpd[308446]: warning: unknown[46.148.40.103]: SASL LOGIN authentication failed: generic failure
Jan 7 12:35:36 projectok postfix/smtpd[308446]: disconnect from unknown[46.148.40.103] ehlo=1 auth=0/1 rset=1 quit=1 commands=3/4
Jan 7 12:35:36 projectok postfix/smtpd[309003]: connect from unknown[46.148.40.153]
Jan 7 12:35:40 projectok postfix/smtpd[309108]: warning: connect to Milter service inet:localhost:8891: Connection timed out
Jan 7 12:35:41 projectok postfix/smtpd[309108]: warning: SASL authentication failure: cannot connect to saslauthd server: No such file or directory
Jan 7 12:35:41 projectok postfix/smtpd[309108]: warning: unknown[193.56.29.178]: SASL LOGIN authentication failed: generic failure
Jan 7 12:35:41 projectok postfix/smtpd[309108]: disconnect from unknown[193.56.29.178] ehlo=1 auth=0/1 quit=1 commands=2/3
Jan 7 12:35:43 projectok postfix/smtpd[309074]: connect from unknown[46.148.40.103]
Jan 7 12:35:49 projectok postfix/smtpd[306131]: warning: connect to Milter service inet:localhost:8891: Connection timed out
Jan 7 12:35:49 projectok postfix/smtpd[306131]: lost connection after CONNECT from unknown[46.148.40.191]
Jan 7 12:35:49 projectok postfix/smtpd[306131]: disconnect from unknown[46.148.40.191] commands=0/0
Jan 7 12:35:53 projectok postfix/smtpd[311262]: warning: connect to Milter service inet:localhost:8891: Connection timed out
Jan 7 12:35:53 projectok postfix/smtpd[311262]: disconnect from unknown[46.148.40.103] quit=1 commands=1
Jan 7 12:36:00 projectok postfix/cleanup[311481]: warning: connect to Milter service inet:localhost:8891: Connection timed out
Jan 7 12:36:00 projectok postfix/cleanup[311481]: C824AC1ED9AD: message-id=<1673075130.307254.3@projectok.com>
Jan 7 12:36:00 projectok postfix/qmgr[66657]: C824AC1ED9AD: from=, size=4635, nrcpt=1 (queue active)
Jan 7 12:36:00 projectok postfix/trivial-rewrite[307241]: warning: do not list domain projectok.com in BOTH mydestination and virtual_alias_domains
Jan 7 12:36:05 projectok postfix/smtpd[308446]: connect from unknown[46.148.40.103]
Jan 7 12:36:10 projectok postfix/smtpd[309003]: warning: connect to Milter service inet:localhost:8891: Connection timed out
Jan 7 12:36:10 projectok postfix/smtpd[309003]: lost connection after CONNECT from unknown[46.148.40.153]
Jan 7 12:36:10 projectok postfix/smtpd[309003]: disconnect from unknown[46.148.40.153] commands=0/0
Jan 7 12:36:13 projectok postfix/smtpd[309074]: warning: connect to Milter service inet:localhost:8891: Connection timed out
Jan 7 12:36:16 projectok postfix/smtpd[309074]: warning: SASL authentication failure: cannot connect to saslauthd server: No such file or directory
Jan 7 12:36:16 projectok postfix/smtpd[309074]: warning: unknown[46.148.40.103]: SASL LOGIN authentication failed: generic failure
Jan 7 12:36:17 projectok postfix/smtpd[309074]: disconnect from unknown[46.148.40.103] ehlo=1 auth=0/1 rset=1 quit=1 commands=3/4
Jan 7 12:36:21 projectok spamd[2638]: spamd: connection from ::1 [::1]:50570 to port 783, fd 5
Jan 7 12:36:21 projectok spamd[2638]: spamd: setuid to projectok.ga succeeded
Jan 7 12:36:21 projectok spamd[2638]: spamd: processing message <1673075130.307254.3@projectok.com> for projectok.ga:1134
Jan 7 12:36:22 projectok postfix/smtpd[309108]: connect from smtp-backup-out3.dca.wordpress.com[192.0.97.107]
Jan 7 12:36:22 projectok spamd[2638]: spamd: clean message (0.0/5.0) for projectok.ga:1134 in 1.5 seconds, 4668 bytes.
Jan 7 12:36:22 projectok spamd[2638]: spamd: result: . 0 - NO_RELAYS,URIBL_BLOCKED scantime=1.5,size=4668,user=projectok.ga,uid=1134,required_score=5.0,rhost=::1,raddr=::1,rport=50570,mid=<1673075130.307254.3@projectok.com>,autolearn=ham autolearn_force=no
Jan 7 12:36:23 projectok postfix/local[311529]: C824AC1ED9AD: to=, orig_to=, relay=local, delay=52, delays=30/0/0/22, dsn=2.0.0, status=sent (delivered to command: /usr/bin/procmail-wrapper -o -a $DOMAIN -d $LOGNAME)
Jan 7 12:36:23 projectok postfix/qmgr[66657]: C824AC1ED9AD: removed
Jan 7 12:36:27 projectok postfix/smtpd[311262]: connect from unknown[46.148.40.103]
Jan 7 12:36:35 projectok postfix/smtpd[308446]: warning: connect to Milter service inet:localhost:8891: Connection timed out
Jan 7 12:36:40 projectok postfix/smtpd[308446]: warning: SASL authentication failure: cannot connect to saslauthd server: No such file or directory
Jan 7 12:36:40 projectok postfix/smtpd[308446]: warning: unknown[46.148.40.103]: SASL LOGIN authentication failed: generic failure
Jan 7 12:36:41 projectok postfix/smtpd[308446]: disconnect from unknown[46.148.40.103] ehlo=1 auth=0/1 rset=1 quit=1 commands=3/4
Jan 7 12:36:42 projectok postfix/smtpd[306107]: connect from unknown[46.148.40.196]
Jan 7 12:36:48 projectok postfix/smtpd[309074]: connect from unknown[46.148.40.103]
Jan 7 12:36:52 projectok postfix/smtpd[309108]: warning: connect to Milter service inet:localhost:8891: Connection timed out
Jan 7 12:36:54 projectok postfix/trivial-rewrite[307241]: warning: do not list domain projectok.com in BOTH mydestination and virtual_alias_domains
Jan 7 12:36:54 projectok postfix/smtpd[309108]: warning: connect to /var/spool/postfix/postgrey/socket: No such file or directory
Jan 7 12:36:55 projectok postfix/smtpd[309108]: warning: connect to /var/spool/postfix/postgrey/socket: No such file or directory
Jan 7 12:36:55 projectok postfix/smtpd[309108]: warning: problem talking to server /var/spool/postfix/postgrey/socket: No such file or directory
Jan 7 12:36:55 projectok postfix/smtpd[309108]: NOQUEUE: reject: RCPT from smtp-backup-out3.dca.wordpress.com[192.0.97.107]: 451 4.3.5 : Recipient address rejected: Server configuration problem; from= to= proto=ESMTP helo=
Jan 7 12:36:55 projectok postfix/smtpd[309108]: disconnect from smtp-backup-out3.dca.wordpress.com[192.0.97.107] ehlo=2 starttls=1 mail=1 rcpt=0/1 data=0/1 rset=1 quit=1 commands=6/8
Jan 7 12:36:57 projectok postfix/smtpd[311262]: warning: connect to Milter service inet:localhost:8891: Connection timed out
Jan 7 12:36:57 projectok postfix/smtpd[311262]: disconnect from unknown[46.148.40.103] quit=1 commands=1
Jan 7 12:37:05 projectok postfix/smtpd[306131]: connect from unknown[46.148.40.108]
Jan 7 12:37:10 projectok postfix/smtpd[308446]: connect from unknown[46.148.40.103]
Jan 7 12:37:12 projectok postfix/smtpd[309003]: connect from unknown[46.148.40.192]
Jan 7 12:37:13 projectok postfix/smtpd[311624]: connect from unknown[46.148.40.190]
Jan 7 12:37:15 projectok postfix/smtpd[306107]: warning: connect to Milter service inet:localhost:8891: Connection timed out
Jan 7 12:37:15 projectok postfix/smtpd[306107]: lost connection after CONNECT from unknown[46.148.40.196]
Jan 7 12:37:15 projectok postfix/smtpd[306107]: disconnect from unknown[46.148.40.196] commands=0/0
Jan 7 12:37:18 projectok postfix/smtpd[309074]: warning: connect to Milter service inet:localhost:8891: Connection timed out
Jan 7 12:37:21 projectok postfix/smtpd[309074]: warning: SASL authentication failure: cannot connect to saslauthd server: No such file or directory
Jan 7 12:37:21 projectok postfix/smtpd[309074]: warning: unknown[46.148.40.103]: SASL LOGIN authentication failed: generic failure
Jan 7 12:37:22 projectok postfix/smtpd[309074]: disconnect from unknown[46.148.40.103] ehlo=1 auth=0/1 rset=1 quit=1 commands=3/4
Jan 7 12:37:31 projectok postfix/smtpd[309108]: connect from unknown[46.148.40.103]
Jan 7 12:37:35 projectok postfix/pickup[308913]: 3D423C1ED9AD: uid=0 from=
Jan 7 12:37:38 projectok postfix/smtpd[306131]: warning: connect to Milter service inet:localhost:8891: Connection timed out
Jan 7 12:37:38 projectok postfix/smtpd[306131]: lost connection after CONNECT from unknown[46.148.40.108]
Jan 7 12:37:38 projectok postfix/smtpd[306131]: disconnect from unknown[46.148.40.108] commands=0/0
Jan 7 12:37:40 projectok postfix/smtpd[308446]: warning: connect to Milter service inet:localhost:8891: Connection timed out
Jan 7 12:37:45 projectok postfix/smtpd[308446]: warning: SASL authentication failure: cannot connect to saslauthd server: No such file or directory
Jan 7 12:37:45 projectok postfix/smtpd[308446]: warning: unknown[46.148.40.103]: SASL LOGIN authentication failed: generic failure
Jan 7 12:37:46 projectok postfix/smtpd[311624]: warning: connect to Milter service inet:localhost:8891: Connection timed out
Jan 7 12:37:46 projectok postfix/smtpd[311624]: lost connection after CONNECT from unknown[46.148.40.190]
Jan 7 12:37:46 projectok postfix/smtpd[311624]: disconnect from unknown[46.148.40.190] commands=0/0
Jan 7 12:37:46 projectok postfix/smtpd[308446]: disconnect from unknown[46.148.40.103] ehlo=1 auth=0/1 rset=1 quit=1 commands=3/4
Jan 7 12:37:46 projectok postfix/smtpd[309003]: warning: connect to Milter service inet:localhost:8891: Connection timed out
Jan 7 12:37:46 projectok postfix/smtpd[309003]: lost connection after CONNECT from unknown[46.148.40.192]
Jan 7 12:37:46 projectok postfix/smtpd[309003]: disconnect from unknown[46.148.40.192] commands=0/0
Jan 7 12:37:49 projectok postfix/smtpd[306107]: connect from unknown[46.148.40.183]
Jan 7 12:38:00 projectok postfix/smtpd[306131]: connect from unknown[46.148.40.114]
Jan 7 12:38:01 projectok postfix/smtpd[309108]: warning: connect to Milter service inet:localhost:8891: Connection timed out
Jan 7 12:38:04 projectok postfix/smtpd[309108]: warning: SASL authentication failure: cannot connect to saslauthd server: No such file or directory
Jan 7 12:38:04 projectok postfix/smtpd[309108]: warning: unknown[46.148.40.103]: SASL LOGIN authentication failed: generic failure
Jan 7 12:38:05 projectok postfix/cleanup[311481]: warning: connect to Milter service inet:localhost:8891: Connection timed out
Jan 7 12:38:05 projectok postfix/cleanup[311481]: 3D423C1ED9AD: message-id=<1673075255.307254.4@projectok.com>
Jan 7 12:38:05 projectok postfix/qmgr[66657]: 3D423C1ED9AD: from=, size=4635, nrcpt=1 (queue active)
Jan 7 12:38:05 projectok postfix/trivial-rewrite[307241]: warning: do not list domain projectok.com in BOTH mydestination and virtual_alias_domains
Jan 7 12:38:05 projectok postfix/smtpd[309108]: disconnect from unknown[46.148.40.103] ehlo=1 auth=0/1 rset=1 quit=1 commands=3/4
Jan 7 12:38:10 projectok postfix/smtpd[311624]: connect from unknown[46.148.40.186]
Jan 7 12:38:19 projectok postfix/smtpd[309003]: connect from unknown[46.148.40.94]
Jan 7 12:38:23 projectok postfix/smtpd[306107]: warning: connect to Milter service inet:localhost:8891: Connection timed out
Jan 7 12:38:23 projectok postfix/smtpd[306107]: lost connection after CONNECT from unknown[46.148.40.183]
Jan 7 12:38:23 projectok postfix/smtpd[306107]: disconnect from unknown[46.148.40.183] commands=0/0
Jan 7 12:38:24 projectok postfix/smtpd[311262]: connect from smtp-backup-out1.dfw.wordpress.com[192.0.85.212]
Jan 7 12:38:30 projectok spamd[2638]: spamd: connection from ::1 [::1]:57100 to port 783, fd 5
Jan 7 12:38:30 projectok spamd[2638]: spamd: setuid to projectok.gq succeeded
Jan 7 12:38:30 projectok spamd[2638]: spamd: processing message <1673075255.307254.4@projectok.com> for projectok.gq:1135
Jan 7 12:38:32 projectok postfix/smtpd[306131]: warning: connect to Milter service inet:localhost:8891: Connection timed out
Jan 7 12:38:32 projectok postfix/smtpd[306131]: lost connection after CONNECT from unknown[46.148.40.114]
Jan 7 12:38:32 projectok postfix/smtpd[306131]: disconnect from unknown[46.148.40.114] commands=0/0
Jan 7 12:38:32 projectok spamd[2638]: spamd: clean message (0.0/5.0) for projectok.gq:1135 in 2.2 seconds, 4668 bytes.
Jan 7 12:38:32 projectok spamd[2638]: spamd: result: . 0 - NO_RELAYS,URIBL_BLOCKED scantime=2.2,size=4668,user=projectok.gq,uid=1135,required_score=5.0,rhost=::1,raddr=::1,rport=57100,mid=<1673075255.307254.4@projectok.com>,autolearn=ham autolearn_force=no
Jan 7 12:38:32 projectok postfix/local[312057]: 3D423C1ED9AD: to=, orig_to=, relay=local, delay=57, delays=30/0.01/0/27, dsn=2.0.0, status=sent (delivered to command: /usr/bin/procmail-wrapper -o -a $DOMAIN -d $LOGNAME)
Jan 7 12:38:32 projectok postfix/qmgr[66657]: 3D423C1ED9AD: removed
Jan 7 12:38:39 projectok postfix/smtpd[306107]: connect from unknown[46.148.40.189]
Jan 7 12:38:44 projectok postfix/smtpd[311624]: warning: connect to Milter service inet:localhost:8891: Connection timed out
Jan 7 12:38:44 projectok postfix/smtpd[311624]: lost connection after CONNECT from unknown[46.148.40.186]
Jan 7 12:38:44 projectok postfix/smtpd[311624]: disconnect from unknown[46.148.40.186] commands=0/0
Jan 7 12:38:52 projectok postfix/smtpd[309003]: warning: connect to Milter service inet:localhost:8891: Connection timed out
Jan 7 12:38:52 projectok postfix/smtpd[309003]: lost connection after CONNECT from unknown[46.148.40.94]
Jan 7 12:38:52 projectok postfix/smtpd[309003]: disconnect from unknown[46.148.40.94] commands=0/0
Jan 7 12:38:54 projectok postfix/smtpd[311262]: warning: connect to Milter service inet:localhost:8891: Connection timed out
Jan 7 12:38:56 projectok postfix/trivial-rewrite[307241]: warning: do not list domain projectok.com in BOTH mydestination and virtual_alias_domains
Jan 7 12:38:56 projectok postfix/smtpd[311262]: warning: connect to /var/spool/postfix/postgrey/socket: No such file or directory
Jan 7 12:38:57 projectok postfix/smtpd[309074]: connect from unknown[46.148.40.173]
Jan 7 12:38:57 projectok postfix/smtpd[311262]: warning: connect to /var/spool/postfix/postgrey/socket: No such file or directory
Jan 7 12:38:57 projectok postfix/smtpd[311262]: warning: problem talking to server /var/spool/postfix/postgrey/socket: No such file or directory
Jan 7 12:38:57 projectok postfix/smtpd[311262]: NOQUEUE: reject: RCPT from smtp-backup-out1.dfw.wordpress.com[192.0.85.212]: 451 4.3.5 : Recipient address rejected: Server configuration problem; from= to= proto=ESMTP helo=
Jan 7 12:38:57 projectok postfix/smtpd[311262]: disconnect from smtp-backup-out1.dfw.wordpress.com[192.0.85.212] ehlo=2 starttls=1 mail=1 rcpt=0/1 data=0/1 rset=1 quit=1 commands=6/8
Jan 7 12:39:08 projectok postfix/smtpd[308446]: connect from unknown[46.148.40.173]
Jan 7 12:39:10 projectok postfix/smtpd[306131]: connect from unknown[46.148.40.13]
Jan 7 12:39:12 projectok postfix/qmgr[66657]: 0E578C1798DB: from=, size=668, nrcpt=1 (queue active)
Jan 7 12:39:12 projectok postfix/smtp[313891]: fatal: unknown service: smtp/tcp
Jan 7 12:39:13 projectok postfix/smtpd[306107]: warning: connect to Milter service inet:localhost:8891: Connection timed out
Jan 7 12:39:13 projectok postfix/smtpd[306107]: lost connection after CONNECT from unknown[46.148.40.189]
Jan 7 12:39:13 projectok postfix/smtpd[306107]: disconnect from unknown[46.148.40.189] commands=0/0
Jan 7 12:39:13 projectok postfix/qmgr[66657]: warning: private/smtp socket: malformed response
Jan 7 12:39:13 projectok postfix/qmgr[66657]: warning: transport smtp failure -- see a previous warning/fatal/panic logfile record for the problem description
Jan 7 12:39:13 projectok postfix/master[66343]: warning: process /usr/libexec/postfix/smtp pid 313891 exit status 1
Jan 7 12:39:13 projectok postfix/master[66343]: warning: /usr/libexec/postfix/smtp: bad command startup -- throttling
Jan 7 12:39:13 projectok postfix/error[313892]: 0E578C1798DB: to=, relay=none, delay=29845, delays=29844/1.2/0/0.03, dsn=4.3.0, status=deferred (unknown mail transport error)
Jan 7 12:39:17 projectok postfix/smtpd[309108]: connect from unknown[46.148.40.173]
Jan 7 12:39:27 projectok postfix/smtpd[309074]: warning: connect to Milter service inet:localhost:8891: Connection timed out
Jan 7 12:39:29 projectok postfix/smtpd[311262]: connect from unknown[46.148.40.173]
Jan 7 12:39:31 projectok postfix/smtpd[309074]: warning: SASL authentication failure: cannot connect to saslauthd server: No such file or directory
Jan 7 12:39:31 projectok postfix/smtpd[309074]: warning: unknown[46.148.40.173]: SASL LOGIN authentication failed: generic failure
Jan 7 12:39:32 projectok postfix/smtpd[309074]: disconnect from unknown[46.148.40.173] ehlo=1 auth=0/1 rset=1 quit=1 commands=3/4
Jan 7 12:39:34 projectok postfix/pickup[308913]: 851DEC17370E: uid=0 from=
Jan 7 12:39:38 projectok postfix/smtpd[309074]: connect from unknown[46.148.40.173]
Jan 7 12:39:38 projectok postfix/smtpd[308446]: warning: connect to Milter service inet:localhost:8891: Connection timed out
Jan 7 12:39:38 projectok postfix/smtpd[308446]: disconnect from unknown[46.148.40.173] quit=1 commands=1
Jan 7 12:39:42 projectok postfix/smtpd[306131]: warning: connect to Milter service inet:localhost:8891: Connection timed out
Jan 7 12:39:42 projectok postfix/smtpd[306131]: lost connection after CONNECT from unknown[46.148.40.13]
Jan 7 12:39:42 projectok postfix/smtpd[306131]: disconnect from unknown[46.148.40.13] commands=0/0
Jan 7 12:39:47 projectok postfix/smtpd[309108]: warning: connect to Milter service inet:localhost:8891: Connection timed out
Jan 7 12:39:47 projectok postfix/smtpd[309108]: disconnect from unknown[46.148.40.173] quit=1 commands=1
Jan 7 12:39:48 projectok postfix/smtpd[308446]: connect from unknown[46.148.40.173]
Jan 7 12:39:58 projectok postfix/smtpd[309108]: connect from unknown[46.148.40.173]
Jan 7 12:39:59 projectok postfix/smtpd[311262]: warning: connect to Milter service inet:localhost:8891: Connection timed out
Jan 7 12:39:59 projectok postfix/smtpd[311262]: disconnect from unknown[46.148.40.173] quit=1 commands=1
Jan 7 12:40:04 projectok postfix/cleanup[311481]: warning: connect to Milter service inet:localhost:8891: Connection timed out
Jan 7 12:40:04 projectok postfix/cleanup[311481]: 851DEC17370E: message-id=<1673075374.307254.5@projectok.com>
Jan 7 12:40:04 projectok postfix/qmgr[66657]: 851DEC17370E: from=, size=4635, nrcpt=1 (queue active)
Jan 7 12:40:04 projectok postfix/trivial-rewrite[307241]: warning: do not list domain projectok.com in BOTH mydestination and virtual_alias_domains
Jan 7 12:40:08 projectok postfix/smtpd[311262]: connect from unknown[46.148.40.173]
Jan 7 12:40:08 projectok postfix/smtpd[309074]: warning: connect to Milter service inet:localhost:8891: Connection timed out
Jan 7 12:40:08 projectok postfix/smtpd[311624]: connect from unknown[46.148.40.130]
Jan 7 12:40:11 projectok postfix/smtpd[309074]: warning: SASL authentication failure: cannot connect to saslauthd server: No such file or directory
Jan 7 12:40:11 projectok postfix/smtpd[309074]: warning: unknown[46.148.40.173]: SASL LOGIN authentication failed: generic failure
Jan 7 12:40:13 projectok postfix/smtpd[309074]: disconnect from unknown[46.148.40.173] ehlo=1 auth=0/1 rset=1 quit=1 commands=3/4
Jan 7 12:40:18 projectok postfix/smtpd[309074]: connect from unknown[46.148.40.173]
Jan 7 12:40:18 projectok postfix/smtpd[308446]: warning: connect to Milter service inet:localhost:8891: Connection timed out
Jan 7 12:40:20 projectok postfix/smtpd[308446]: warning: SASL authentication failure: cannot connect to saslauthd server: No such file or directory
Jan 7 12:40:20 projectok postfix/smtpd[308446]: warning: unknown[46.148.40.173]: SASL LOGIN authentication failed: generic failure
Jan 7 12:40:21 projectok postfix/smtpd[309003]: connect from unknown[46.148.40.58]
Jan 7 12:40:22 projectok postfix/smtpd[308446]: disconnect from unknown[46.148.40.173] ehlo=1 auth=0/1 rset=1 quit=1 commands=3/4
Jan 7 12:40:25 projectok spamd[2638]: spamd: connection from ::1 [::1]:48296 to port 783, fd 5
Jan 7 12:40:25 projectok spamd[2638]: spamd: setuid to projectok.ml succeeded
Jan 7 12:40:25 projectok spamd[2638]: spamd: processing message <1673075374.307254.5@projectok.com> for projectok.ml:1136
Jan 7 12:40:26 projectok spamd[2638]: spamd: clean message (0.0/5.0) for projectok.ml:1136 in 1.4 seconds, 4668 bytes.
Jan 7 12:40:26 projectok spamd[2638]: spamd: result: . 0 - NO_RELAYS,URIBL_BLOCKED scantime=1.4,size=4668,user=projectok.ml,uid=1136,required_score=5.0,rhost=::1,raddr=::1,rport=48296,mid=<1673075374.307254.5@projectok.com>,autolearn=ham autolearn_force=no
Jan 7 12:40:26 projectok postfix/local[312057]: 851DEC17370E: to=, orig_to=, relay=local, delay=52, delays=30/0/0/22, dsn=2.0.0, status=sent (delivered to command: /usr/bin/procmail-wrapper -o -a $DOMAIN -d $LOGNAME)
Jan 7 12:40:26 projectok postfix/qmgr[66657]: 851DEC17370E: removed
Jan 7 12:40:28 projectok postfix/smtpd[309108]: warning: connect to Milter service inet:localhost:8891: Connection timed out
Jan 7 12:40:29 projectok postfix/smtpd[308446]: connect from unknown[46.148.40.173]
Jan 7 12:40:31 projectok postfix/smtpd[314158]: connect from unknown[193.56.29.118]
Jan 7 12:40:34 projectok postfix/smtpd[309108]: warning: SASL authentication failure: cannot connect to saslauthd server: No such file or directory
Jan 7 12:40:34 projectok postfix/smtpd[309108]: warning: unknown[46.148.40.173]: SASL LOGIN authentication failed: generic failure
Jan 7 12:40:34 projectok postfix/smtpd[309108]: disconnect from unknown[46.148.40.173] ehlo=1 auth=0/1 rset=1 quit=1 commands=3/4
Jan 7 12:40:38 projectok postfix/smtpd[311262]: warning: connect to Milter service inet:localhost:8891: Connection timed out
Jan 7 12:40:38 projectok postfix/smtpd[309108]: connect from unknown[46.148.40.173]
Jan 7 12:40:39 projectok postfix/smtpd[306107]: connect from unknown[46.148.40.195]
Jan 7 12:40:40 projectok postfix/smtpd[311624]: warning: connect to Milter service inet:localhost:8891: Connection timed out
Jan 7 12:40:40 projectok postfix/smtpd[311624]: lost connection after CONNECT from unknown[46.148.40.130]
Jan 7 12:40:40 projectok postfix/smtpd[311624]: disconnect from unknown[46.148.40.130] commands=0/0
Jan 7 12:40:42 projectok postfix/smtpd[311262]: warning: SASL authentication failure: cannot connect to saslauthd server: No such file or directory
Jan 7 12:40:42 projectok postfix/smtpd[311262]: warning: unknown[46.148.40.173]: SASL LOGIN authentication failed: generic failure
Jan 7 12:40:43 projectok postfix/smtpd[311262]: disconnect from unknown[46.148.40.173] ehlo=1 auth=0/1 rset=1 quit=1 commands=3/4
Jan 7 12:40:48 projectok postfix/smtpd[309074]: warning: connect to Milter service inet:localhost:8891: Connection timed out
Jan 7 12:40:53 projectok postfix/smtpd[309074]: warning: SASL authentication failure: cannot connect to saslauthd server: No such file or directory
Jan 7 12:40:53 projectok postfix/smtpd[309074]: warning: unknown[46.148.40.173]: SASL LOGIN authentication failed: generic failure
Jan 7 12:40:53 projectok postfix/smtpd[309003]: warning: connect to Milter service inet:localhost:8891: Connection timed out
Jan 7 12:40:53 projectok postfix/smtpd[309003]: lost connection after CONNECT from unknown[46.148.40.58]
Jan 7 12:40:53 projectok postfix/smtpd[309003]: disconnect from unknown[46.148.40.58] commands=0/0
Jan 7 12:40:54 projectok postfix/smtpd[309074]: disconnect from unknown[46.148.40.173] ehlo=1 auth=0/1 rset=1 quit=1 commands=3/4
Jan 7 12:40:56 projectok postfix/smtpd[306131]: connect from unknown[46.148.40.77]
Jan 7 12:40:59 projectok postfix/smtpd[308446]: warning: connect to Milter service inet:localhost:8891: Connection timed out
Jan 7 12:40:59 projectok postfix/smtpd[308446]: disconnect from unknown[46.148.40.173] quit=1 commands=1
Jan 7 12:41:01 projectok postfix/smtpd[314158]: warning: connect to Milter service inet:localhost:8891: Connection timed out
Jan 7 12:41:05 projectok postfix/smtpd[314158]: warning: SASL authentication failure: cannot connect to saslauthd server: No such file or directory
Jan 7 12:41:05 projectok postfix/smtpd[314158]: warning: unknown[193.56.29.118]: SASL LOGIN authentication failed: generic failure
Jan 7 12:41:05 projectok postfix/smtpd[314158]: disconnect from unknown[193.56.29.118] ehlo=1 auth=0/1 quit=1 commands=2/3
Jan 7 12:41:08 projectok postfix/smtpd[311624]: connect from unknown[46.148.40.95]
Jan 7 12:41:08 projectok postfix/smtpd[309108]: warning: connect to Milter service inet:localhost:8891: Connection timed out
Jan 7 12:41:11 projectok postfix/smtpd[306107]: warning: connect to Milter service inet:localhost:8891: Connection timed out
Jan 7 12:41:11 projectok postfix/smtpd[306107]: lost connection after CONNECT from unknown[46.148.40.195]
Jan 7 12:41:11 projectok postfix/smtpd[306107]: disconnect from unknown[46.148.40.195] commands=0/0
Jan 7 12:41:13 projectok postfix/smtpd[309108]: warning: SASL authentication failure: cannot connect to saslauthd server: No such file or directory
Jan 7 12:41:13 projectok postfix/smtpd[309108]: warning: unknown[46.148.40.173]: SASL LOGIN authentication failed: generic failure
Jan 7 12:41:14 projectok postfix/smtpd[309108]: disconnect from unknown[46.148.40.173] ehlo=1 auth=0/1 rset=1 quit=1 commands=3/4
Jan 7 12:41:29 projectok postfix/smtpd[306131]: warning: connect to Milter service inet:localhost:8891: Connection timed out
Jan 7 12:41:29 projectok postfix/smtpd[306131]: lost connection after CONNECT from unknown[46.148.40.77]
