Jan 7 13:46:32 projectok postfix/pickup[308913]: 01C0AC1ED9BC: uid=0 from=
Jan 7 13:46:48 projectok postfix/smtpd[358172]: warning: connect to Milter service inet:localhost:8891: Connection timed out
Jan 7 13:46:49 projectok postfix/trivial-rewrite[358283]: warning: do not list domain projectok.com in BOTH mydestination and virtual_alias_domains
Jan 7 13:46:49 projectok postfix/smtpd[358172]: warning: connect to /var/spool/postfix/postgrey/socket: No such file or directory
Jan 7 13:46:50 projectok postfix/smtpd[358172]: warning: connect to /var/spool/postfix/postgrey/socket: No such file or directory
Jan 7 13:46:50 projectok postfix/smtpd[358172]: warning: problem talking to server /var/spool/postfix/postgrey/socket: No such file or directory
Jan 7 13:46:50 projectok postfix/smtpd[358172]: NOQUEUE: reject: RCPT from unknown[163.123.140.92]: 451 4.3.5 : Recipient address rejected: Server configuration problem; from=<60090-90975-594630-13483-sales=projectok.com@mail.feverpatrol.shop> to= proto=ESMTP helo=
Jan 7 13:46:50 projectok postfix/smtpd[358172]: disconnect from unknown[163.123.140.92] ehlo=1 mail=1 rcpt=0/1 quit=1 commands=3/4
Jan 7 13:46:54 projectok postfix/smtpd[358212]: warning: connect to Milter service inet:localhost:8891: Connection timed out
Jan 7 13:46:56 projectok postfix/smtpd[358212]: warning: connect to /var/spool/postfix/postgrey/socket: No such file or directory
Jan 7 13:46:57 projectok postfix/smtpd[358212]: warning: connect to /var/spool/postfix/postgrey/socket: No such file or directory
Jan 7 13:46:57 projectok postfix/smtpd[358212]: warning: problem talking to server /var/spool/postfix/postgrey/socket: No such file or directory
Jan 7 13:46:57 projectok postfix/smtpd[358212]: NOQUEUE: reject: RCPT from smtp-backup-out3.dfw.wordpress.com[192.0.85.11]: 451 4.3.5 : Recipient address rejected: Server configuration problem; from= to= proto=ESMTP helo=
Jan 7 13:46:57 projectok postfix/smtpd[358212]: disconnect from smtp-backup-out3.dfw.wordpress.com[192.0.85.11] ehlo=2 starttls=1 mail=1 rcpt=0/1 data=0/1 rset=1 quit=1 commands=6/8
Jan 7 13:47:02 projectok postfix/cleanup[364904]: warning: connect to Milter service inet:localhost:8891: Connection timed out
Jan 7 13:47:02 projectok postfix/cleanup[364904]: 01C0AC1ED9BC: message-id=<1673079391.342497.5@projectok.com>
Jan 7 13:47:02 projectok postfix/qmgr[66657]: 01C0AC1ED9BC: from=, size=4635, nrcpt=1 (queue active)
Jan 7 13:47:02 projectok postfix/trivial-rewrite[358283]: warning: do not list domain projectok.com in BOTH mydestination and virtual_alias_domains
Jan 7 13:47:02 projectok spamd[2638]: spamd: connection from ::1 [::1]:44760 to port 783, fd 5
Jan 7 13:47:02 projectok spamd[2638]: spamd: setuid to projectok.ml succeeded
Jan 7 13:47:02 projectok spamd[2638]: spamd: processing message <1673079391.342497.5@projectok.com> for projectok.ml:1136
Jan 7 13:47:03 projectok postfix/smtpd[362084]: connect from unknown[46.148.40.49]
Jan 7 13:47:04 projectok spamd[2638]: spamd: clean message (0.0/5.0) for projectok.ml:1136 in 1.8 seconds, 4668 bytes.
Jan 7 13:47:04 projectok spamd[2638]: spamd: result: . 0 - NO_RELAYS,URIBL_BLOCKED scantime=1.8,size=4668,user=projectok.ml,uid=1136,required_score=5.0,rhost=::1,raddr=::1,rport=44760,mid=<1673079391.342497.5@projectok.com>,autolearn=ham autolearn_force=no
Jan 7 13:47:04 projectok postfix/local[367115]: 01C0AC1ED9BC: to=, orig_to=, relay=local, delay=33, delays=30/0.05/0/2.4, dsn=2.0.0, status=sent (delivered to command: /usr/bin/procmail-wrapper -o -a $DOMAIN -d $LOGNAME)
Jan 7 13:47:04 projectok postfix/qmgr[66657]: 01C0AC1ED9BC: removed
Jan 7 13:47:12 projectok postfix/smtpd[367930]: connect from unknown[46.148.40.153]
Jan 7 13:47:18 projectok postfix/smtpd[368373]: connect from unknown[46.148.40.108]
Jan 7 13:47:22 projectok postfix/smtpd[358172]: connect from unknown[193.56.29.178]
Jan 7 13:47:35 projectok postfix/smtpd[362084]: warning: connect to Milter service inet:localhost:8891: Connection timed out
Jan 7 13:47:35 projectok postfix/smtpd[362084]: lost connection after CONNECT from unknown[46.148.40.49]
Jan 7 13:47:35 projectok postfix/smtpd[362084]: disconnect from unknown[46.148.40.49] commands=0/0
Jan 7 13:47:39 projectok postfix/smtpd[362084]: connect from unknown[46.148.40.135]
Jan 7 13:47:45 projectok postfix/smtpd[367930]: warning: connect to Milter service inet:localhost:8891: Connection timed out
Jan 7 13:47:45 projectok postfix/smtpd[367930]: lost connection after CONNECT from unknown[46.148.40.153]
Jan 7 13:47:45 projectok postfix/smtpd[367930]: disconnect from unknown[46.148.40.153] commands=0/0
Jan 7 13:47:51 projectok postfix/smtpd[368373]: warning: connect to Milter service inet:localhost:8891: Connection timed out
Jan 7 13:47:51 projectok postfix/smtpd[368373]: lost connection after CONNECT from unknown[46.148.40.108]
Jan 7 13:47:51 projectok postfix/smtpd[368373]: disconnect from unknown[46.148.40.108] commands=0/0
Jan 7 13:47:52 projectok postfix/smtpd[358172]: warning: connect to Milter service inet:localhost:8891: Connection timed out
Jan 7 13:47:53 projectok postfix/smtpd[358172]: warning: SASL authentication failure: cannot connect to saslauthd server: No such file or directory
Jan 7 13:47:53 projectok postfix/smtpd[358172]: warning: unknown[193.56.29.178]: SASL LOGIN authentication failed: generic failure
Jan 7 13:47:53 projectok postfix/smtpd[358172]: disconnect from unknown[193.56.29.178] ehlo=1 auth=0/1 quit=1 commands=2/3
Jan 7 13:47:59 projectok postfix/smtpd[358212]: warning: hostname swear.medyamol.com does not resolve to address 141.98.11.112
Jan 7 13:47:59 projectok postfix/smtpd[358212]: connect from unknown[141.98.11.112]
Jan 7 13:48:04 projectok postfix/smtpd[367930]: connect from unknown[46.148.40.94]
Jan 7 13:48:12 projectok postfix/smtpd[362084]: warning: connect to Milter service inet:localhost:8891: Connection timed out
Jan 7 13:48:12 projectok postfix/smtpd[362084]: lost connection after CONNECT from unknown[46.148.40.135]
Jan 7 13:48:12 projectok postfix/smtpd[362084]: disconnect from unknown[46.148.40.135] commands=0/0
Jan 7 13:48:17 projectok postfix/smtpd[358172]: warning: hostname swear.medyamol.com does not resolve to address 141.98.11.112
Jan 7 13:48:17 projectok postfix/smtpd[358172]: connect from unknown[141.98.11.112]
Jan 7 13:48:21 projectok postfix/smtpd[368373]: connect from unknown[46.148.40.107]
Jan 7 13:48:23 projectok postfix/smtpd[362084]: connect from unknown[46.148.40.197]
Jan 7 13:48:25 projectok postfix/smtpd[373704]: connect from unknown[46.148.40.173]
Jan 7 13:48:29 projectok postfix/smtpd[358212]: warning: connect to Milter service inet:localhost:8891: Connection timed out
Jan 7 13:48:29 projectok postfix/smtpd[358212]: disconnect from unknown[141.98.11.112] quit=1 commands=1
Jan 7 13:48:35 projectok postfix/smtpd[358212]: warning: hostname swear.medyamol.com does not resolve to address 141.98.11.112
Jan 7 13:48:35 projectok postfix/smtpd[358212]: connect from unknown[141.98.11.112]
Jan 7 13:48:36 projectok postfix/smtpd[374601]: connect from unknown[46.148.40.199]
Jan 7 13:48:36 projectok postfix/smtpd[374635]: connect from unknown[46.148.40.173]
Jan 7 13:48:36 projectok postfix/smtpd[367930]: warning: connect to Milter service inet:localhost:8891: Connection timed out
Jan 7 13:48:36 projectok postfix/smtpd[367930]: lost connection after CONNECT from unknown[46.148.40.94]
Jan 7 13:48:36 projectok postfix/smtpd[367930]: disconnect from unknown[46.148.40.94] commands=0/0
Jan 7 13:50:35 projectok postfix/smtpd[374601]: connect from unknown[46.148.40.198]
Jan 7 13:50:52 projectok postfix/smtpd[367930]: connect from unknown[46.148.40.77]
Jan 7 13:50:56 projectok postfix/smtpd[368373]: connect from unknown[46.148.40.195]
Jan 7 13:51:08 projectok postfix/smtpd[374601]: warning: connect to Milter service inet:localhost:8891: Connection timed out
Jan 7 13:51:08 projectok postfix/smtpd[374601]: lost connection after CONNECT from unknown[46.148.40.198]
Jan 7 13:51:08 projectok postfix/smtpd[374601]: disconnect from unknown[46.148.40.198] commands=0/0
Jan 7 13:51:25 projectok postfix/smtpd[367930]: warning: connect to Milter service inet:localhost:8891: Connection timed out
Jan 7 13:51:25 projectok postfix/smtpd[367930]: lost connection after CONNECT from unknown[46.148.40.77]
Jan 7 13:51:25 projectok postfix/smtpd[367930]: disconnect from unknown[46.148.40.77] commands=0/0
Jan 7 13:51:29 projectok postfix/smtpd[368373]: warning: connect to Milter service inet:localhost:8891: Connection timed out
Jan 7 13:51:29 projectok postfix/smtpd[368373]: lost connection after CONNECT from unknown[46.148.40.195]
Jan 7 13:51:29 projectok postfix/smtpd[368373]: disconnect from unknown[46.148.40.195] commands=0/0
Jan 7 13:51:38 projectok postfix/smtpd[375141]: connect from unknown[193.56.29.178]
Jan 7 13:52:03 projectok postfix/smtpd[374601]: connect from unknown[46.148.40.58]
Jan 7 13:52:08 projectok postfix/smtpd[375141]: warning: connect to Milter service inet:localhost:8891: Connection timed out
Jan 7 13:52:09 projectok postfix/smtpd[375141]: warning: SASL authentication failure: cannot connect to saslauthd server: No such file or directory
Jan 7 13:52:09 projectok postfix/smtpd[375141]: warning: unknown[193.56.29.178]: SASL LOGIN authentication failed: generic failure
Jan 7 13:52:09 projectok postfix/smtpd[375141]: disconnect from unknown[193.56.29.178] ehlo=1 auth=0/1 quit=1 commands=2/3
Jan 7 13:52:36 projectok postfix/smtpd[374601]: warning: connect to Milter service inet:localhost:8891: Connection timed out
Jan 7 13:52:36 projectok postfix/smtpd[374601]: lost connection after CONNECT from unknown[46.148.40.58]
Jan 7 13:52:36 projectok postfix/smtpd[374601]: disconnect from unknown[46.148.40.58] commands=0/0
Jan 7 13:53:19 projectok postfix/smtpd[375141]: connect from unknown[193.56.29.118]
Jan 7 13:53:36 projectok postfix/smtpd[374601]: connect from unknown[46.148.40.13]
Jan 7 13:53:36 projectok postfix/smtpd[380411]: connect from unknown[46.148.40.191]
Jan 7 13:53:46 projectok postfix/smtpd[380530]: connect from unknown[46.148.40.108]
Jan 7 13:53:49 projectok postfix/smtpd[375141]: warning: connect to Milter service inet:localhost:8891: Connection timed out
Jan 7 13:53:50 projectok postfix/smtpd[375141]: warning: SASL authentication failure: cannot connect to saslauthd server: No such file or directory
Jan 7 13:53:50 projectok postfix/smtpd[375141]: warning: unknown[193.56.29.118]: SASL LOGIN authentication failed: generic failure
Jan 7 13:53:50 projectok postfix/smtpd[375141]: disconnect from unknown[193.56.29.118] ehlo=1 auth=0/1 quit=1 commands=2/3
Jan 7 13:54:08 projectok postfix/smtpd[380860]: connect from unknown[46.148.40.114]
Jan 7 13:54:09 projectok postfix/smtpd[374601]: warning: connect to Milter service inet:localhost:8891: Connection timed out
Jan 7 13:54:09 projectok postfix/smtpd[374601]: lost connection after CONNECT from unknown[46.148.40.13]
Jan 7 13:54:09 projectok postfix/smtpd[374601]: disconnect from unknown[46.148.40.13] commands=0/0
Jan 7 13:54:10 projectok postfix/smtpd[380411]: warning: connect to Milter service inet:localhost:8891: Connection timed out
Jan 7 13:54:10 projectok postfix/smtpd[380411]: lost connection after CONNECT from unknown[46.148.40.191]
Jan 7 13:54:10 projectok postfix/smtpd[380411]: disconnect from unknown[46.148.40.191] commands=0/0
Jan 7 13:54:12 projectok postfix/qmgr[66657]: 5876EC1798C3: from=, size=669, nrcpt=1 (queue active)
Jan 7 13:54:12 projectok postfix/smtp[380904]: fatal: unknown service: smtp/tcp
Jan 7 13:54:13 projectok postfix/qmgr[66657]: warning: private/smtp socket: malformed response
Jan 7 13:54:13 projectok postfix/master[66343]: warning: process /usr/libexec/postfix/smtp pid 380904 exit status 1
Jan 7 13:54:13 projectok postfix/master[66343]: warning: /usr/libexec/postfix/smtp: bad command startup -- throttling
Jan 7 13:54:13 projectok postfix/qmgr[66657]: warning: transport smtp failure -- see a previous warning/fatal/panic logfile record for the problem description
Jan 7 13:54:13 projectok postfix/error[380906]: 5876EC1798C3: to=, relay=none, delay=34155, delays=34154/1.1/0/0.02, dsn=4.3.0, status=deferred (unknown mail transport error)