Jan 7 05:31:48 projectok postfix/smtpd[102346]: warning: hostname swear.medyamol.com does not resolve to address 141.98.11.112
Jan 7 05:31:48 projectok postfix/smtpd[102346]: connect from unknown[141.98.11.112]
Jan 7 05:31:51 projectok postfix/smtpd[102328]: warning: connect to Milter service inet:localhost:8891: Connection timed out
Jan 7 05:31:52 projectok postfix/smtpd[104441]: connect from unknown[46.148.40.135]
Jan 7 05:31:53 projectok postfix/trivial-rewrite[104997]: warning: do not list domain projectok.com in BOTH mydestination and virtual_alias_domains
Jan 7 05:31:53 projectok postfix/smtpd[102328]: warning: connect to /var/spool/postfix/postgrey/socket: No such file or directory
Jan 7 05:31:54 projectok postfix/smtpd[102328]: warning: connect to /var/spool/postfix/postgrey/socket: No such file or directory
Jan 7 05:31:54 projectok postfix/smtpd[102328]: warning: problem talking to server /var/spool/postfix/postgrey/socket: No such file or directory
Jan 7 05:31:54 projectok postfix/smtpd[102328]: NOQUEUE: reject: RCPT from smtp-backup-out3.dca.wordpress.com[192.0.97.107]: 451 4.3.5 : Recipient address rejected: Server configuration problem; from= to= proto=ESMTP helo=
Jan 7 05:31:54 projectok postfix/smtpd[105861]: connect from unknown[46.148.40.185]
Jan 7 05:31:54 projectok postfix/smtpd[102328]: disconnect from smtp-backup-out3.dca.wordpress.com[192.0.97.107] ehlo=2 starttls=1 mail=1 rcpt=0/1 data=0/1 rset=1 quit=1 commands=6/8
Jan 7 05:31:55 projectok postfix/smtpd[106128]: connect from unknown[46.148.40.189]
Jan 7 05:32:00 projectok postfix/smtpd[102347]: warning: connect to Milter service inet:localhost:8891: Connection timed out
Jan 7 05:32:02 projectok postfix/smtpd[102347]: warning: SASL authentication failure: cannot connect to saslauthd server: No such file or directory
Jan 7 05:32:02 projectok postfix/smtpd[102347]: warning: unknown[141.98.11.112]: SASL LOGIN authentication failed: generic failure
Jan 7 05:32:02 projectok postfix/smtpd[102347]: disconnect from unknown[141.98.11.112] ehlo=1 auth=0/1 rset=1 quit=1 commands=3/4
Jan 7 05:32:07 projectok postfix/smtpd[102356]: warning: hostname swear.medyamol.com does not resolve to address 141.98.11.112
Jan 7 05:32:07 projectok postfix/smtpd[102356]: connect from unknown[141.98.11.112]
Jan 7 05:32:17 projectok postfix/pickup[66656]: A780AC178D1E: uid=0 from=
Jan 7 05:32:18 projectok postfix/smtpd[102346]: warning: connect to Milter service inet:localhost:8891: Connection timed out
Jan 7 05:32:22 projectok postfix/smtpd[102346]: warning: SASL authentication failure: cannot connect to saslauthd server: No such file or directory
Jan 7 05:32:22 projectok postfix/smtpd[102346]: warning: unknown[141.98.11.112]: SASL LOGIN authentication failed: generic failure
Jan 7 05:32:23 projectok postfix/smtpd[102346]: disconnect from unknown[141.98.11.112] ehlo=1 auth=0/1 rset=1 quit=1 commands=3/4
Jan 7 05:32:25 projectok postfix/smtpd[104441]: warning: connect to Milter service inet:localhost:8891: Connection timed out
Jan 7 05:32:25 projectok postfix/smtpd[104441]: lost connection after CONNECT from unknown[46.148.40.135]
Jan 7 05:32:25 projectok postfix/smtpd[104441]: disconnect from unknown[46.148.40.135] commands=0/0
Jan 7 05:32:27 projectok postfix/smtpd[105861]: warning: connect to Milter service inet:localhost:8891: Connection timed out
Jan 7 05:32:27 projectok postfix/smtpd[105861]: lost connection after CONNECT from unknown[46.148.40.185]
Jan 7 05:32:27 projectok postfix/smtpd[105861]: disconnect from unknown[46.148.40.185] commands=0/0
Jan 7 05:32:27 projectok postfix/smtpd[102328]: warning: hostname swear.medyamol.com does not resolve to address 141.98.11.112
Jan 7 05:32:27 projectok postfix/smtpd[102328]: connect from unknown[141.98.11.112]
Jan 7 05:32:28 projectok postfix/smtpd[106128]: warning: connect to Milter service inet:localhost:8891: Connection timed out
Jan 7 05:32:28 projectok postfix/smtpd[106128]: lost connection after CONNECT from unknown[46.148.40.189]
Jan 7 05:32:28 projectok postfix/smtpd[106128]: disconnect from unknown[46.148.40.189] commands=0/0
Jan 7 05:32:37 projectok postfix/smtpd[102356]: warning: connect to Milter service inet:localhost:8891: Connection timed out
Jan 7 05:32:38 projectok postfix/smtpd[102356]: warning: SASL authentication failure: cannot connect to saslauthd server: No such file or directory
Jan 7 05:32:38 projectok postfix/smtpd[102356]: warning: unknown[141.98.11.112]: SASL LOGIN authentication failed: generic failure
Jan 7 05:32:38 projectok postfix/smtpd[102356]: disconnect from unknown[141.98.11.112] ehlo=1 auth=0/1 rset=1 quit=1 commands=3/4
Jan 7 05:32:47 projectok postfix/cleanup[106034]: warning: connect to Milter service inet:localhost:8891: Connection timed out
Jan 7 05:32:47 projectok postfix/cleanup[106034]: A780AC178D1E: message-id=<1673049737.104999.2@projectok.com>
Jan 7 05:32:47 projectok postfix/qmgr[66657]: A780AC178D1E: from=, size=4674, nrcpt=1 (queue active)
Jan 7 05:32:47 projectok postfix/trivial-rewrite[104997]: warning: do not list domain projectok.com in BOTH mydestination and virtual_alias_domains
Jan 7 05:32:57 projectok postfix/smtpd[102328]: warning: connect to Milter service inet:localhost:8891: Connection timed out
Jan 7 05:32:57 projectok postfix/smtpd[102328]: disconnect from unknown[141.98.11.112] quit=1 commands=1
Jan 7 05:33:09 projectok spamd[2638]: spamd: connection from ::1 [::1]:42544 to port 783, fd 5
Jan 7 05:33:09 projectok spamd[2638]: spamd: setuid to anujchadha.ga succeeded
Jan 7 05:33:09 projectok spamd[2638]: spamd: processing message <1673049737.104999.2@projectok.com> for anujchadha.ga:1015
Jan 7 05:33:09 projectok postfix/smtpd[102342]: connect from unknown[46.148.40.153]
Jan 7 05:33:11 projectok spamd[2638]: spamd: clean message (0.0/5.0) for anujchadha.ga:1015 in 2.0 seconds, 4710 bytes.
Jan 7 05:33:11 projectok spamd[2638]: spamd: result: . 0 - NO_RELAYS,URIBL_BLOCKED scantime=2.0,size=4710,user=anujchadha.ga,uid=1015,required_score=5.0,rhost=::1,raddr=::1,rport=42544,mid=<1673049737.104999.2@projectok.com>,autolearn=ham autolearn_force=no
Jan 7 05:33:11 projectok postfix/local[106171]: A780AC178D1E: to=, orig_to=, relay=local, delay=54, delays=30/0/0/24, dsn=2.0.0, status=sent (delivered to command: /usr/bin/procmail-wrapper -o -a $DOMAIN -d $LOGNAME)
Jan 7 05:33:11 projectok postfix/qmgr[66657]: A780AC178D1E: removed
Jan 7 05:33:24 projectok postfix/smtpd[104441]: connect from unknown[46.148.40.195]
Jan 7 05:33:31 projectok postfix/smtpd[105861]: connect from unknown[46.148.40.107]
Jan 7 05:33:42 projectok postfix/smtpd[102342]: warning: connect to Milter service inet:localhost:8891: Connection timed out
Jan 7 05:33:42 projectok postfix/smtpd[102342]: lost connection after CONNECT from unknown[46.148.40.153]
Jan 7 05:33:42 projectok postfix/smtpd[102342]: disconnect from unknown[46.148.40.153] commands=0/0
Jan 7 05:33:57 projectok postfix/smtpd[104441]: warning: connect to Milter service inet:localhost:8891: Connection timed out
Jan 7 05:33:57 projectok postfix/smtpd[104441]: lost connection after CONNECT from unknown[46.148.40.195]
Jan 7 05:33:57 projectok postfix/smtpd[104441]: disconnect from unknown[46.148.40.195] commands=0/0
Jan 7 05:34:05 projectok postfix/smtpd[105861]: warning: connect to Milter service inet:localhost:8891: Connection timed out
Jan 7 05:34:05 projectok postfix/smtpd[105861]: lost connection after CONNECT from unknown[46.148.40.107]
Jan 7 05:34:05 projectok postfix/smtpd[105861]: disconnect from unknown[46.148.40.107] commands=0/0
Jan 7 05:34:12 projectok postfix/qmgr[66657]: A338EC1798F0: from=, size=668, nrcpt=1 (queue active)
Jan 7 05:34:12 projectok postfix/qmgr[66657]: A13CDC197F4D: from=, size=994, nrcpt=1 (queue active)
Jan 7 05:34:12 projectok postfix/smtp[109594]: fatal: unknown service: smtp/tcp
Jan 7 05:34:12 projectok postfix/smtp[109595]: fatal: unknown service: smtp/tcp
Jan 7 05:34:13 projectok postfix/qmgr[66657]: warning: private/smtp socket: malformed response
Jan 7 05:34:13 projectok postfix/qmgr[66657]: warning: transport smtp failure -- see a previous warning/fatal/panic logfile record for the problem description
Jan 7 05:34:13 projectok postfix/master[66343]: warning: process /usr/libexec/postfix/smtp pid 109594 exit status 1
Jan 7 05:34:13 projectok postfix/master[66343]: warning: /usr/libexec/postfix/smtp: bad command startup -- throttling
Jan 7 05:34:13 projectok postfix/error[109596]: A338EC1798F0: to=, relay=none, delay=4744, delays=4743/1.1/0/0.03, dsn=4.3.0, status=deferred (unknown mail transport error)
Jan 7 05:34:13 projectok postfix/qmgr[66657]: warning: private/smtp socket: malformed response
Jan 7 05:34:13 projectok postfix/qmgr[66657]: warning: transport smtp failure -- see a previous warning/fatal/panic logfile record for the problem description
Jan 7 05:34:13 projectok postfix/master[66343]: warning: process /usr/libexec/postfix/smtp pid 109595 exit status 1
Jan 7 05:34:13 projectok postfix/error[109596]: A13CDC197F4D: to=, relay=none, delay=937, delays=936/1.2/0/0.01, dsn=4.3.0, status=deferred (unknown mail transport error)
Jan 7 05:34:18 projectok postfix/smtpd[102328]: connect from unknown[193.56.29.118]
Jan 7 05:34:29 projectok postfix/smtpd[102342]: connect from unknown[46.148.40.108]
Jan 7 05:34:33 projectok postfix/smtpd[104441]: connect from unknown[46.148.40.49]
Jan 7 05:34:46 projectok postfix/anvil[66871]: statistics: max connection rate 6/60s for (smtp:46.148.40.173) at
Jan 6 23:58:47
Jan 7 05:34:46 projectok postfix/anvil[66871]: statistics: max connection count 4 for (smtp:46.148.40.173) at
Jan 6 23:58:26
Jan 7 05:34:46 projectok postfix/anvil[66871]: statistics: max cache size 8 at
Jan 6 23:55:08
Jan 7 05:34:48 projectok postfix/smtpd[102328]: warning: connect to Milter service inet:localhost:8891: Connection timed out
Jan 7 05:34:49 projectok postfix/smtpd[102328]: warning: SASL authentication failure: cannot connect to saslauthd server: No such file or directory
Jan 7 05:34:49 projectok postfix/smtpd[102328]: warning: unknown[193.56.29.118]: SASL LOGIN authentication failed: generic failure
Jan 7 05:34:50 projectok postfix/smtpd[102328]: disconnect from unknown[193.56.29.118] ehlo=1 auth=0/1 quit=1 commands=2/3
Jan 7 05:34:55 projectok postfix/smtpd[102328]: connect from unknown[103.151.125.9]
Jan 7 05:35:02 projectok postfix/smtpd[102342]: warning: connect to Milter service inet:localhost:8891: Connection timed out
Jan 7 05:35:02 projectok postfix/smtpd[102342]: lost connection after CONNECT from unknown[46.148.40.108]
Jan 7 05:35:02 projectok postfix/smtpd[102342]: disconnect from unknown[46.148.40.108] commands=0/0
Jan 7 05:35:05 projectok postfix/smtpd[104441]: warning: connect to Milter service inet:localhost:8891: Connection timed out
Jan 7 05:35:05 projectok postfix/smtpd[104441]: lost connection after CONNECT from unknown[46.148.40.49]
Jan 7 05:35:05 projectok postfix/smtpd[104441]: disconnect from unknown[46.148.40.49] commands=0/0
Jan 7 05:35:23 projectok postfix/smtpd[105861]: connect from unknown[46.148.40.77]
Jan 7 05:35:24 projectok postfix/smtpd[102342]: connect from unknown[46.148.40.13]
Jan 7 05:35:25 projectok postfix/smtpd[102328]: warning: connect to Milter service inet:localhost:8891: Connection timed out
Jan 7 05:35:26 projectok postfix/smtpd[102328]: warning: SASL authentication failure: cannot connect to saslauthd server: No such file or directory
Jan 7 05:35:26 projectok postfix/smtpd[102328]: warning: unknown[103.151.125.9]: SASL LOGIN authentication failed: generic failure
Jan 7 05:35:26 projectok postfix/smtpd[102328]: disconnect from unknown[103.151.125.9] ehlo=1 auth=0/1 quit=1 commands=2/3
Jan 7 05:35:34 projectok postfix/smtpd[102328]: connect from unknown[193.56.29.178]
Jan 7 05:35:55 projectok postfix/smtpd[104441]: connect from unknown[46.148.40.190]
Jan 7 05:35:56 projectok postfix/smtpd[102342]: warning: connect to Milter service inet:localhost:8891: Connection timed out
Jan 7 05:35:56 projectok postfix/smtpd[102342]: lost connection after CONNECT from unknown[46.148.40.13]
Jan 7 05:35:56 projectok postfix/smtpd[102342]: disconnect from unknown[46.148.40.13] commands=0/0
Jan 7 05:35:57 projectok postfix/smtpd[105861]: warning: connect to Milter service inet:localhost:8891: Connection timed out
Jan 7 05:35:57 projectok postfix/smtpd[105861]: lost connection after CONNECT from unknown[46.148.40.77]
Jan 7 05:35:57 projectok postfix/smtpd[105861]: disconnect from unknown[46.148.40.77] commands=0/0
Jan 7 05:36:04 projectok postfix/smtpd[102328]: warning: connect to Milter service inet:localhost:8891: Connection timed out
Jan 7 05:36:06 projectok postfix/smtpd[102328]: warning: SASL authentication failure: cannot connect to saslauthd server: No such file or directory
Jan 7 05:36:06 projectok postfix/smtpd[102328]: warning: unknown[193.56.29.178]: SASL LOGIN authentication failed: generic failure
Jan 7 05:36:06 projectok postfix/smtpd[102328]: disconnect from unknown[193.56.29.178] ehlo=1 auth=0/1 quit=1 commands=2/3
Jan 7 05:36:28 projectok postfix/smtpd[104441]: warning: connect to Milter service inet:localhost:8891: Connection timed out
Jan 7 05:36:28 projectok postfix/smtpd[104441]: lost connection after CONNECT from unknown[46.148.40.190]
Jan 7 05:36:28 projectok postfix/smtpd[104441]: disconnect from unknown[46.148.40.190] commands=0/0
Jan 7 05:36:43 projectok postfix/smtpd[102342]: connect from unknown[46.148.40.94]
Jan 7 05:36:50 projectok postfix/smtpd[102328]: connect from unknown[46.148.40.103]
Jan 7 05:37:06 projectok postfix/smtpd[105861]: connect from unknown[46.148.40.191]
Jan 7 05:37:11 projectok postfix/smtpd[109712]: connect from unknown[46.148.40.103]
Jan 7 05:37:14 projectok postfix/smtpd[109709]: warning: hostname igum.navic.shop does not resolve to address 45.85.190.69
Jan 7 05:37:14 projectok postfix/smtpd[109709]: connect from unknown[45.85.190.69]
Jan 7 05:37:16 projectok postfix/smtpd[102342]: warning: connect to Milter service inet:localhost:8891: Connection timed out
Jan 7 05:37:16 projectok postfix/smtpd[102342]: lost connection after CONNECT from unknown[46.148.40.94]
Jan 7 05:37:16 projectok postfix/smtpd[102342]: disconnect from unknown[46.148.40.94] commands=0/0
Jan 7 05:37:20 projectok postfix/smtpd[102328]: warning: connect to Milter service inet:localhost:8891: Connection timed out
Jan 7 05:37:25 projectok postfix/smtpd[102328]: warning: SASL authentication failure: cannot connect to saslauthd server: No such file or directory
Jan 7 05:37:25 projectok postfix/smtpd[102328]: warning: unknown[46.148.40.103]: SASL LOGIN authentication failed: generic failure
Jan 7 05:37:26 projectok postfix/smtpd[102328]: disconnect from unknown[46.148.40.103] ehlo=1 auth=0/1 rset=1 quit=1 commands=3/4
Jan 7 05:37:31 projectok postfix/smtpd[104441]: connect from unknown[46.148.40.183]
Jan 7 05:37:31 projectok postfix/smtpd[102328]: warning: hostname igum.navic.shop does not resolve to address 45.85.190.69
Jan 7 05:37:31 projectok postfix/smtpd[102328]: connect from unknown[45.85.190.69]
Jan 7 05:37:32 projectok postfix/smtpd[109715]: connect from unknown[46.148.40.103]
Jan 7 05:37:40 projectok postfix/smtpd[105861]: warning: connect to Milter service inet:localhost:8891: Connection timed out
Jan 7 05:37:40 projectok postfix/smtpd[105861]: lost connection after CONNECT from unknown[46.148.40.191]
Jan 7 05:37:40 projectok postfix/smtpd[105861]: disconnect from unknown[46.148.40.191] commands=0/0
Jan 7 05:37:41 projectok postfix/smtpd[109712]: warning: connect to Milter service inet:localhost:8891: Connection timed out
Jan 7 05:37:41 projectok postfix/smtpd[102342]: connect from unknown[46.148.40.192]
Jan 7 05:37:43 projectok postfix/smtpd[105861]: connect from unknown[46.148.40.186]
Jan 7 05:37:44 projectok postfix/smtpd[109709]: warning: connect to Milter service inet:localhost:8891: Connection timed out
Jan 7 05:37:44 projectok postfix/smtpd[109709]: lost connection after CONNECT from unknown[45.85.190.69]
Jan 7 05:37:44 projectok postfix/smtpd[109709]: disconnect from unknown[45.85.190.69] commands=0/0
Jan 7 05:37:45 projectok postfix/smtpd[109712]: warning: SASL authentication failure: cannot connect to saslauthd server: No such file or directory
Jan 7 05:37:45 projectok postfix/smtpd[109712]: warning: unknown[46.148.40.103]: SASL LOGIN authentication failed: generic failure
Jan 7 05:37:46 projectok postfix/smtpd[109712]: disconnect from unknown[46.148.40.103] ehlo=1 auth=0/1 rset=1 quit=1 commands=3/4
Jan 7 05:37:54 projectok postfix/smtpd[109709]: connect from unknown[46.148.40.103]
Jan 7 05:37:56 projectok postfix/smtpd[109728]: connect from unknown[46.148.40.196]
Jan 7 05:38:01 projectok postfix/smtpd[102328]: warning: connect to Milter service inet:localhost:8891: Connection timed out
Jan 7 05:38:01 projectok postfix/smtpd[102328]: lost connection after CONNECT from unknown[45.85.190.69]
Jan 7 05:38:01 projectok postfix/smtpd[102328]: disconnect from unknown[45.85.190.69] commands=0/0
Jan 7 05:38:02 projectok postfix/smtpd[109715]: warning: connect to Milter service inet:localhost:8891: Connection timed out
Jan 7 05:38:05 projectok postfix/smtpd[104441]: warning: connect to Milter service inet:localhost:8891: Connection timed out
Jan 7 05:38:05 projectok postfix/smtpd[104441]: lost connection after CONNECT from unknown[46.148.40.183]
Jan 7 05:38:05 projectok postfix/smtpd[104441]: disconnect from unknown[46.148.40.183] commands=0/0
Jan 7 05:38:06 projectok postfix/smtpd[109715]: warning: SASL authentication failure: cannot connect to saslauthd server: No such file or directory
Jan 7 05:38:06 projectok postfix/smtpd[109715]: warning: unknown[46.148.40.103]: SASL LOGIN authentication failed: generic failure
Jan 7 05:38:07 projectok postfix/smtpd[109715]: disconnect from unknown[46.148.40.103] ehlo=1 auth=0/1 rset=1 quit=1 commands=3/4
Jan 7 05:38:15 projectok postfix/smtpd[102342]: warning: connect to Milter service inet:localhost:8891: Connection timed out
Jan 7 05:38:15 projectok postfix/smtpd[102342]: lost connection after CONNECT from unknown[46.148.40.192]
Jan 7 05:38:15 projectok postfix/smtpd[102342]: disconnect from unknown[46.148.40.192] commands=0/0
Jan 7 05:38:16 projectok postfix/smtpd[109712]: connect from unknown[46.148.40.103]
Jan 7 05:38:17 projectok postfix/smtpd[105861]: warning: connect to Milter service inet:localhost:8891: Connection timed out
Jan 7 05:38:17 projectok postfix/smtpd[105861]: lost connection after CONNECT from unknown[46.148.40.186]
Jan 7 05:38:17 projectok postfix/smtpd[105861]: disconnect from unknown[46.148.40.186] commands=0/0
Jan 7 05:38:20 projectok postfix/smtpd[104441]: connect from unknown[46.148.40.130]
Jan 7 05:38:20 projectok postfix/smtpd[102328]: connect from smtp-backup-out3.dca.wordpress.com[192.0.97.107]
Jan 7 05:38:23 projectok postfix/smtpd[109715]: connect from smtp-backup-out2.dca.wordpress.com[192.0.97.250]
Jan 7 05:38:24 projectok postfix/smtpd[109709]: warning: connect to Milter service inet:localhost:8891: Connection timed out
Jan 7 05:38:26 projectok postfix/smtpd[110710]: connect from smtp-backup-out2.dfw.wordpress.com[192.0.85.213]
Jan 7 05:38:26 projectok postfix/smtpd[102342]: connect from unknown[46.148.40.189]
Jan 7 05:38:26 projectok postfix/smtpd[110716]: connect from smtp-backup-out1.dfw.wordpress.com[192.0.85.212]
Jan 7 05:38:28 projectok postfix/smtpd[109728]: warning: connect to Milter service inet:localhost:8891: Connection timed out
Jan 7 05:38:28 projectok postfix/smtpd[109728]: lost connection after CONNECT from unknown[46.148.40.196]
Jan 7 05:38:28 projectok postfix/smtpd[109728]: disconnect from unknown[46.148.40.196] commands=0/0
Jan 7 05:38:29 projectok postfix/smtpd[109709]: warning: SASL authentication failure: cannot connect to saslauthd server: No such file or directory
Jan 7 05:38:29 projectok postfix/smtpd[109709]: warning: unknown[46.148.40.103]: SASL LOGIN authentication failed: generic failure
Jan 7 05:38:30 projectok postfix/smtpd[109709]: disconnect from unknown[46.148.40.103] ehlo=1 auth=0/1 rset=1 quit=1 commands=3/4
Jan 7 05:38:37 projectok postfix/smtpd[109709]: connect from unknown[46.148.40.103]
Jan 7 05:38:46 projectok postfix/smtpd[109712]: warning: connect to Milter service inet:localhost:8891: Connection timed out
Jan 7 05:38:49 projectok postfix/smtpd[109712]: warning: SASL authentication failure: cannot connect to saslauthd server: No such file or directory
Jan 7 05:38:49 projectok postfix/smtpd[109712]: warning: unknown[46.148.40.103]: SASL LOGIN authentication failed: generic failure
Jan 7 05:38:49 projectok postfix/smtpd[109712]: disconnect from unknown[46.148.40.103] ehlo=1 auth=0/1 rset=1 quit=1 commands=3/4
Jan 7 05:38:50 projectok postfix/smtpd[102328]: warning: connect to Milter service inet:localhost:8891: Connection timed out
Jan 7 05:38:50 projectok postfix/smtpd[105861]: connect from unknown[46.148.40.95]
Jan 7 05:38:51 projectok postfix/smtpd[102328]: warning: connect to /var/spool/postfix/postgrey/socket: No such file or directory
Jan 7 05:38:52 projectok postfix/smtpd[104441]: warning: connect to Milter service inet:localhost:8891: Connection timed out
Jan 7 05:38:52 projectok postfix/smtpd[104441]: lost connection after CONNECT from unknown[46.148.40.130]
Jan 7 05:38:52 projectok postfix/smtpd[104441]: disconnect from unknown[46.148.40.130] commands=0/0
Jan 7 05:38:52 projectok postfix/smtpd[102328]: warning: connect to /var/spool/postfix/postgrey/socket: No such file or directory
Jan 7 05:38:52 projectok postfix/smtpd[102328]: warning: problem talking to server /var/spool/postfix/postgrey/socket: No such file or directory
Jan 7 05:38:52 projectok postfix/smtpd[102328]: NOQUEUE: reject: RCPT from smtp-backup-out3.dca.wordpress.com[192.0.97.107]: 451 4.3.5 : Recipient address rejected: Server configuration problem; from= to= proto=ESMTP helo=
Jan 7 05:38:52 projectok postfix/smtpd[109728]: connect from unknown[46.148.40.58]
Jan 7 05:38:52 projectok postfix/smtpd[102328]: disconnect from smtp-backup-out3.dca.wordpress.com[192.0.97.107] ehlo=2 starttls=1 mail=1 rcpt=0/1 data=0/1 rset=1 quit=1 commands=6/8
Jan 7 05:38:53 projectok postfix/smtpd[109715]: warning: connect to Milter service inet:localhost:8891: Connection timed out
Jan 7 05:38:55 projectok postfix/trivial-rewrite[110737]: warning: do not list domain projectok.com in BOTH mydestination and virtual_alias_domains
Jan 7 05:38:55 projectok postfix/smtpd[109715]: warning: connect to /var/spool/postfix/postgrey/socket: No such file or directory
Jan 7 05:38:56 projectok postfix/smtpd[110710]: warning: connect to Milter service inet:localhost:8891: Connection timed out
Jan 7 05:38:56 projectok postfix/smtpd[109715]: warning: connect to /var/spool/postfix/postgrey/socket: No such file or directory
Jan 7 05:38:56 projectok postfix/smtpd[109715]: warning: problem talking to server /var/spool/postfix/postgrey/socket: No such file or directory
Jan 7 05:38:56 projectok postfix/smtpd[109715]: NOQUEUE: reject: RCPT from smtp-backup-out2.dca.wordpress.com[192.0.97.250]: 451 4.3.5 : Recipient address rejected: Server configuration problem; from= to= proto=ESMTP helo=
Jan 7 05:38:56 projectok postfix/smtpd[109715]: disconnect from smtp-backup-out2.dca.wordpress.com[192.0.97.250] ehlo=2 starttls=1 mail=1 rcpt=0/1 data=0/1 rset=1 quit=1 commands=6/8
Jan 7 05:38:56 projectok postfix/smtpd[110716]: warning: connect to Milter service inet:localhost:8891: Connection timed out
Jan 7 05:38:58 projectok postfix/trivial-rewrite[110737]: warning: do not list domain projectok.com in BOTH mydestination and virtual_alias_domains
Jan 7 05:38:58 projectok postfix/smtpd[110710]: warning: connect to /var/spool/postfix/postgrey/socket: No such file or directory
Jan 7 05:38:58 projectok postfix/trivial-rewrite[110737]: warning: do not list domain projectok.com in BOTH mydestination and virtual_alias_domains
Jan 7 05:38:58 projectok postfix/smtpd[110716]: warning: connect to /var/spool/postfix/postgrey/socket: No such file or directory
Jan 7 05:38:59 projectok postfix/smtpd[110710]: warning: connect to /var/spool/postfix/postgrey/socket: No such file or directory
Jan 7 05:38:59 projectok postfix/smtpd[110710]: warning: problem talking to server /var/spool/postfix/postgrey/socket: No such file or directory
Jan 7 05:38:59 projectok postfix/smtpd[110710]: NOQUEUE: reject: RCPT from smtp-backup-out2.dfw.wordpress.com[192.0.85.213]: 451 4.3.5 : Recipient address rejected: Server configuration problem; from= to= proto=ESMTP helo=
Jan 7 05:38:59 projectok postfix/smtpd[110710]: disconnect from smtp-backup-out2.dfw.wordpress.com[192.0.85.213] ehlo=2 starttls=1 mail=1 rcpt=0/1 data=0/1 rset=1 quit=1 commands=6/8
Jan 7 05:38:59 projectok postfix/smtpd[110716]: warning: connect to /var/spool/postfix/postgrey/socket: No such file or directory
Jan 7 05:38:59 projectok postfix/smtpd[110716]: warning: problem talking to server /var/spool/postfix/postgrey/socket: No such file or directory
Jan 7 05:38:59 projectok postfix/smtpd[110716]: NOQUEUE: reject: RCPT from smtp-backup-out1.dfw.wordpress.com[192.0.85.212]: 451 4.3.5 : Recipient address rejected: Server configuration problem; from= to= proto=ESMTP helo=
Jan 7 05:39:00 projectok postfix/smtpd[110716]: disconnect from smtp-backup-out1.dfw.wordpress.com[192.0.85.212] ehlo=2 starttls=1 mail=1 rcpt=0/1 data=0/1 rset=1 quit=1 commands=6/8
Jan 7 05:39:00 projectok postfix/smtpd[102342]: warning: connect to Milter service inet:localhost:8891: Connection timed out
Jan 7 05:39:00 projectok postfix/smtpd[102342]: lost connection after CONNECT from unknown[46.148.40.189]
Jan 7 05:39:00 projectok postfix/smtpd[102342]: disconnect from unknown[46.148.40.189] commands=0/0
Jan 7 05:39:07 projectok postfix/smtpd[109709]: warning: connect to Milter service inet:localhost:8891: Connection timed out
Jan 7 05:39:12 projectok postfix/smtpd[109709]: warning: SASL authentication failure: cannot connect to saslauthd server: No such file or directory
Jan 7 05:39:12 projectok postfix/smtpd[109709]: warning: unknown[46.148.40.103]: SASL LOGIN authentication failed: generic failure
Jan 7 05:39:12 projectok postfix/qmgr[66657]: 0E578C1798DB: from=, size=668, nrcpt=1 (queue active)
Jan 7 05:39:12 projectok postfix/smtp[110752]: fatal: unknown service: smtp/tcp
Jan 7 05:39:13 projectok postfix/smtpd[109709]: disconnect from unknown[46.148.40.103] ehlo=1 auth=0/1 rset=1 quit=1 commands=3/4
Jan 7 05:39:13 projectok postfix/qmgr[66657]: warning: private/smtp socket: malformed response
Jan 7 05:39:13 projectok postfix/qmgr[66657]: warning: transport smtp failure -- see a previous warning/fatal/panic logfile record for the problem description
Jan 7 05:39:13 projectok postfix/master[66343]: warning: process /usr/libexec/postfix/smtp pid 110752 exit status 1
Jan 7 05:39:13 projectok postfix/master[66343]: warning: /usr/libexec/postfix/smtp: bad command startup -- throttling
Jan 7 05:39:13 projectok postfix/error[110761]: 0E578C1798DB: to=, relay=none, delay=4646, delays=4645/1.1/0/0.04, dsn=4.3.0, status=deferred (unknown mail transport error)
Jan 7 05:39:18 projectok postfix/smtpd[109712]: connect from unknown[46.148.40.173]
Jan 7 05:39:23 projectok postfix/smtpd[105861]: warning: connect to Milter service inet:localhost:8891: Connection timed out
Jan 7 05:39:23 projectok postfix/smtpd[105861]: lost connection after CONNECT from unknown[46.148.40.95]
Jan 7 05:39:23 projectok postfix/smtpd[105861]: disconnect from unknown[46.148.40.95] commands=0/0
Jan 7 05:39:24 projectok postfix/smtpd[109728]: warning: connect to Milter service inet:localhost:8891: Connection timed out
Jan 7 05:39:24 projectok postfix/smtpd[109728]: lost connection after CONNECT from unknown[46.148.40.58]
Jan 7 05:39:24 projectok postfix/smtpd[109728]: disconnect from unknown[46.148.40.58] commands=0/0
Jan 7 05:39:28 projectok postfix/smtpd[102328]: connect from unknown[46.148.40.173]
Jan 7 05:39:29 projectok postfix/smtpd[104441]: connect from unknown[46.148.40.114]
Jan 7 05:39:32 projectok postfix/smtpd[102342]: connect from unknown[46.148.40.199]
Jan 7 05:39:38 projectok postfix/smtpd[109715]: connect from unknown[46.148.40.173]
Jan 7 05:39:44 projectok postfix/smtpd[105861]: connect from unknown[46.148.40.195]
Jan 7 05:39:48 projectok postfix/smtpd[109712]: warning: connect to Milter service inet:localhost:8891: Connection timed out
Jan 7 05:39:48 projectok postfix/smtpd[109712]: disconnect from unknown[46.148.40.173] quit=1 commands=1
Jan 7 05:39:49 projectok postfix/smtpd[110710]: connect from unknown[46.148.40.173]
Jan 7 05:39:58 projectok postfix/smtpd[102328]: warning: connect to Milter service inet:localhost:8891: Connection timed out
Jan 7 05:39:59 projectok postfix/smtpd[110716]: connect from unknown[46.148.40.173]
Jan 7 05:40:02 projectok postfix/smtpd[104441]: warning: connect to Milter service inet:localhost:8891: Connection timed out
Jan 7 05:40:02 projectok postfix/smtpd[104441]: lost connection after CONNECT from unknown[46.148.40.114]
Jan 7 05:40:02 projectok postfix/smtpd[104441]: disconnect from unknown[46.148.40.114] commands=0/0
Jan 7 05:40:02 projectok postfix/smtpd[102328]: warning: SASL authentication failure: cannot connect to saslauthd server: No such file or directory
Jan 7 05:40:02 projectok postfix/smtpd[102328]: warning: unknown[46.148.40.173]: SASL LOGIN authentication failed: generic failure
Jan 7 05:40:04 projectok postfix/smtpd[102328]: disconnect from unknown[46.148.40.173] ehlo=1 auth=0/1 rset=1 quit=1 commands=3/4
Jan 7 05:40:05 projectok postfix/smtpd[102342]: warning: connect to Milter service inet:localhost:8891: Connection timed out
Jan 7 05:40:05 projectok postfix/smtpd[102342]: lost connection after CONNECT from unknown[46.148.40.199]
Jan 7 05:40:05 projectok postfix/smtpd[102342]: disconnect from unknown[46.148.40.199] commands=0/0
Jan 7 05:40:08 projectok postfix/smtpd[109715]: warning: connect to Milter service inet:localhost:8891: Connection timed out
Jan 7 05:40:09 projectok postfix/smtpd[109709]: connect from unknown[46.148.40.173]
Jan 7 05:40:11 projectok postfix/smtpd[109715]: warning: SASL authentication failure: cannot connect to saslauthd server: No such file or directory
Jan 7 05:40:11 projectok postfix/smtpd[109715]: warning: unknown[46.148.40.173]: SASL LOGIN authentication failed: generic failure
Jan 7 05:40:12 projectok postfix/smtpd[109715]: disconnect from unknown[46.148.40.173] ehlo=1 auth=0/1 rset=1 quit=1 commands=3/4
Jan 7 05:40:16 projectok postfix/smtpd[105861]: warning: connect to Milter service inet:localhost:8891: Connection timed out
Jan 7 05:40:16 projectok postfix/smtpd[105861]: lost connection after CONNECT from unknown[46.148.40.195]
Jan 7 05:40:16 projectok postfix/smtpd[105861]: disconnect from unknown[46.148.40.195] commands=0/0
Jan 7 05:40:19 projectok postfix/smtpd[110710]: warning: connect to Milter service inet:localhost:8891: Connection timed out
Jan 7 05:40:24 projectok postfix/smtpd[110710]: warning: SASL authentication failure: cannot connect to saslauthd server: No such file or directory
Jan 7 05:40:24 projectok postfix/smtpd[110710]: warning: unknown[46.148.40.173]: SASL LOGIN authentication failed: generic failure
Jan 7 05:40:26 projectok postfix/smtpd[110710]: disconnect from unknown[46.148.40.173] ehlo=1 auth=0/1 rset=1 quit=1 commands=3/4
Jan 7 05:40:26 projectok postfix/smtpd[109712]: connect from smtp-backup-out2.dfw.wordpress.com[192.0.85.213]
Jan 7 05:40:29 projectok postfix/smtpd[110716]: warning: connect to Milter service inet:localhost:8891: Connection timed out
Jan 7 05:40:33 projectok postfix/smtpd[110716]: warning: SASL authentication failure: cannot connect to saslauthd server: No such file or directory
Jan 7 05:40:33 projectok postfix/smtpd[110716]: warning: unknown[46.148.40.173]: SASL LOGIN authentication failed: generic failure
Jan 7 05:40:34 projectok postfix/smtpd[110716]: disconnect from unknown[46.148.40.173] ehlo=1 auth=0/1 rset=1 quit=1 commands=3/4
Jan 7 05:40:39 projectok postfix/smtpd[109709]: warning: connect to Milter service inet:localhost:8891: Connection timed out
Jan 7 05:40:43 projectok postfix/smtpd[109709]: warning: SASL authentication failure: cannot connect to saslauthd server: No such file or directory
Jan 7 05:40:43 projectok postfix/smtpd[109709]: warning: unknown[46.148.40.173]: SASL LOGIN authentication failed: generic failure
Jan 7 05:40:45 projectok postfix/smtpd[109709]: disconnect from unknown[46.148.40.173] ehlo=1 auth=0/1 rset=1 quit=1 commands=3/4
Jan 7 05:40:55 projectok postfix/smtpd[109728]: connect from unknown[46.148.40.108]
Jan 7 05:40:56 projectok postfix/smtpd[109712]: warning: connect to Milter service inet:localhost:8891: Connection timed out
Jan 7 05:40:57 projectok postfix/trivial-rewrite[110737]: warning: do not list domain projectok.com in BOTH mydestination and virtual_alias_domains
Jan 7 05:40:57 projectok postfix/smtpd[109712]: warning: connect to /var/spool/postfix/postgrey/socket: No such file or directory
Jan 7 05:40:58 projectok postfix/smtpd[109712]: warning: connect to /var/spool/postfix/postgrey/socket: No such file or directory
Jan 7 05:40:58 projectok postfix/smtpd[109712]: warning: problem talking to server /var/spool/postfix/postgrey/socket: No such file or directory
Jan 7 05:40:58 projectok postfix/smtpd[109712]: NOQUEUE: reject: RCPT from smtp-backup-out2.dfw.wordpress.com[192.0.85.213]: 451 4.3.5 : Recipient address rejected: Server configuration problem; from= to= proto=ESMTP helo=
Jan 7 05:40:59 projectok postfix/smtpd[109712]: disconnect from smtp-backup-out2.dfw.wordpress.com[192.0.85.213] ehlo=2 starttls=1 mail=1 rcpt=0/1 data=0/1 rset=1 quit=1 commands=6/8
Jan 7 05:41:05 projectok postfix/smtpd[104441]: connect from unknown[46.148.40.153]
Jan 7 05:41:10 projectok postfix/pickup[66656]: 2CBA4C178B44: uid=0 from=
Jan 7 05:41:27 projectok postfix/smtpd[109728]: warning: connect to Milter service inet:localhost:8891: Connection timed out
Jan 7 05:41:27 projectok postfix/smtpd[109728]: lost connection after CONNECT from unknown[46.148.40.108]
Jan 7 05:41:27 projectok postfix/smtpd[109728]: disconnect from unknown[46.148.40.108] commands=0/0
Jan 7 05:41:39 projectok postfix/smtpd[104441]: warning: connect to Milter service inet:localhost:8891: Connection timed out
Jan 7 05:41:39 projectok postfix/smtpd[104441]: lost connection after CONNECT from unknown[46.148.40.153]
Jan 7 05:41:39 projectok postfix/smtpd[104441]: disconnect from unknown[46.148.40.153] commands=0/0
Jan 7 05:41:40 projectok postfix/smtpd[102342]: connect from unknown[46.148.40.77]
Jan 7 05:41:40 projectok postfix/cleanup[111017]: warning: connect to Milter service inet:localhost:8891: Connection timed out
Jan 7 05:41:40 projectok postfix/cleanup[111017]: 2CBA4C178B44: message-id=<1673050270.109741.1@projectok.com>
Jan 7 05:41:40 projectok postfix/qmgr[66657]: 2CBA4C178B44: from=, size=4664, nrcpt=1 (queue active)
Jan 7 05:41:40 projectok postfix/trivial-rewrite[110737]: warning: do not list domain projectok.com in BOTH mydestination and virtual_alias_domains
Jan 7 05:42:00 projectok spamd[2638]: spamd: connection from ::1 [::1]:52998 to port 783, fd 5
Jan 7 05:42:00 projectok spamd[2638]: spamd: setuid to anujchadha@projectok.com succeeded
Jan 7 05:42:00 projectok spamd[2638]: spamd: processing message <1673050270.109741.1@projectok.com> for anujchadha@projectok.com:1131
Jan 7 05:42:02 projectok spamd[2638]: spamd: clean message (0.0/5.0) for anujchadha@projectok.com:1131 in 1.5 seconds, 4708 bytes.
Jan 7 05:42:02 projectok spamd[2638]: spamd: result: . 0 - NO_RELAYS,URIBL_BLOCKED scantime=1.5,size=4708,user=anujchadha@projectok.com,uid=1131,required_score=5.0,rhost=::1,raddr=::1,rport=52998,mid=<1673050270.109741.1@projectok.com>,autolearn=ham autolearn_force=no
Jan 7 05:42:02 projectok postfix/local[111112]: 2CBA4C178B44: to=, orig_to=, relay=local, delay=52, delays=30/0/0/22, dsn=2.0.0, status=sent (delivered to command: /usr/bin/procmail-wrapper -o -a $DOMAIN -d $LOGNAME)
Jan 7 05:42:02 projectok postfix/qmgr[66657]: 2CBA4C178B44: removed
Jan 7 05:42:12 projectok postfix/smtpd[102342]: warning: connect to Milter service inet:localhost:8891: Connection timed out
Jan 7 05:42:12 projectok postfix/smtpd[102342]: lost connection after CONNECT from unknown[46.148.40.77]
Jan 7 05:42:12 projectok postfix/smtpd[102342]: disconnect from unknown[46.148.40.77] commands=0/0
Jan 7 05:42:20 projectok postfix/smtpd[109728]: connect from unknown[46.148.40.193]
Jan 7 05:42:37 projectok postfix/smtpd[104441]: connect from unknown[46.148.40.136]
Jan 7 05:42:43 projectok postfix/smtpd[111206]: warning: hostname swear.medyamol.com does not resolve to address 141.98.11.112
Jan 7 05:42:43 projectok postfix/smtpd[111206]: connect from unknown[141.98.11.112]
Jan 7 05:42:53 projectok postfix/smtpd[109728]: warning: connect to Milter service inet:localhost:8891: Connection timed out
Jan 7 05:42:53 projectok postfix/smtpd[109728]: lost connection after CONNECT from unknown[46.148.40.193]
Jan 7 05:42:53 projectok postfix/smtpd[109728]: disconnect from unknown[46.148.40.193] commands=0/0
Jan 7 05:43:01 projectok postfix/smtpd[111254]: warning: hostname swear.medyamol.com does not resolve to address 141.98.11.112
Jan 7 05:43:01 projectok postfix/smtpd[111254]: connect from unknown[141.98.11.112]
Jan 7 05:43:10 projectok postfix/smtpd[104441]: warning: connect to Milter service inet:localhost:8891: Connection timed out
Jan 7 05:43:10 projectok postfix/smtpd[104441]: lost connection after CONNECT from unknown[46.148.40.136]
Jan 7 05:43:10 projectok postfix/smtpd[104441]: disconnect from unknown[46.148.40.136] commands=0/0
Jan 7 05:43:11 projectok postfix/smtpd[102342]: connect from unknown[46.148.40.94]
Jan 7 05:43:11 projectok postfix/pickup[66656]: 6D987C178B47: uid=0 from=
Jan 7 05:43:13 projectok postfix/smtpd[111206]: warning: connect to Milter service inet:localhost:8891: Connection timed out
Jan 7 05:43:15 projectok postfix/smtpd[111206]: warning: SASL authentication failure: cannot connect to saslauthd server: No such file or directory
Jan 7 05:43:15 projectok postfix/smtpd[111206]: warning: unknown[141.98.11.112]: SASL LOGIN authentication failed: generic failure
Jan 7 05:43:16 projectok postfix/smtpd[111206]: disconnect from unknown[141.98.11.112] ehlo=1 auth=0/1 rset=1 quit=1 commands=3/4
Jan 7 05:43:20 projectok postfix/smtpd[111206]: warning: hostname swear.medyamol.com does not resolve to address 141.98.11.112
Jan 7 05:43:20 projectok postfix/smtpd[111206]: connect from unknown[141.98.11.112]
Jan 7 05:43:24 projectok postfix/smtpd[112785]: connect from unknown[42.1.94.1]
Jan 7 05:43:31 projectok postfix/smtpd[111254]: warning: connect to Milter service inet:localhost:8891: Connection timed out
Jan 7 05:43:32 projectok postfix/smtpd[113241]: connect from unknown[103.109.72.93]
Jan 7 05:43:33 projectok postfix/smtpd[109728]: connect from unknown[46.148.40.198]
Jan 7 05:43:36 projectok postfix/smtpd[111254]: warning: SASL authentication failure: cannot connect to saslauthd server: No such file or directory
Jan 7 05:43:36 projectok postfix/smtpd[111254]: warning: unknown[141.98.11.112]: SASL LOGIN authentication failed: generic failure
Jan 7 05:43:36 projectok postfix/smtpd[111254]: disconnect from unknown[141.98.11.112] ehlo=1 auth=0/1 rset=1 quit=1 commands=3/4
Jan 7 05:43:39 projectok postfix/smtpd[111254]: warning: hostname swear.medyamol.com does not resolve to address 141.98.11.112
Jan 7 05:43:39 projectok postfix/smtpd[111254]: connect from unknown[141.98.11.112]
Jan 7 05:43:41 projectok postfix/smtpd[104441]: connect from unknown[46.148.40.197]
Jan 7 05:43:41 projectok postfix/cleanup[111017]: warning: connect to Milter service inet:localhost:8891: Connection timed out
Jan 7 05:43:41 projectok postfix/cleanup[111017]: 6D987C178B47: message-id=<1673050391.109741.2@projectok.com>
Jan 7 05:43:41 projectok postfix/qmgr[66657]: 6D987C178B47: from=, size=5589, nrcpt=1 (queue active)
Jan 7 05:43:41 projectok postfix/trivial-rewrite[110737]: warning: do not list domain projectok.com in BOTH mydestination and virtual_alias_domains
Jan 7 05:43:43 projectok postfix/smtpd[102342]: warning: connect to Milter service inet:localhost:8891: Connection timed out
Jan 7 05:43:43 projectok postfix/smtpd[102342]: lost connection after CONNECT from unknown[46.148.40.94]
Jan 7 05:43:43 projectok postfix/smtpd[102342]: disconnect from unknown[46.148.40.94] commands=0/0
Jan 7 05:43:44 projectok postfix/smtpd[113349]: connect from d157-84-231.home4.cgocable.net[24.157.84.231]
Jan 7 05:43:50 projectok postfix/smtpd[111206]: warning: connect to Milter service inet:localhost:8891: Connection timed out
Jan 7 05:43:51 projectok postfix/smtpd[113377]: warning: hostname nsg-corporate-67.230.187.122.airtel.in does not resolve to address 122.187.230.67: Name or service not known
Jan 7 05:43:51 projectok postfix/smtpd[113377]: connect from unknown[122.187.230.67]
Jan 7 05:43:51 projectok postfix/smtpd[111206]: warning: SASL authentication failure: cannot connect to saslauthd server: No such file or directory
Jan 7 05:43:51 projectok postfix/smtpd[111206]: warning: unknown[141.98.11.112]: SASL LOGIN authentication failed: generic failure
Jan 7 05:43:51 projectok postfix/smtpd[111206]: disconnect from unknown[141.98.11.112] ehlo=1 auth=0/1 rset=1 quit=1 commands=3/4
Jan 7 05:43:54 projectok postfix/smtpd[112785]: warning: connect to Milter service inet:localhost:8891: Connection timed out
Jan 7 05:43:54 projectok postfix/smtpd[112785]: lost connection after CONNECT from unknown[42.1.94.1]
Jan 7 05:43:54 projectok postfix/smtpd[112785]: disconnect from unknown[42.1.94.1] commands=0/0
Jan 7 05:43:57 projectok postfix/smtpd[111206]: warning: hostname swear.medyamol.com does not resolve to address 141.98.11.112
Jan 7 05:43:57 projectok postfix/smtpd[111206]: connect from unknown[141.98.11.112]
Jan 7 05:44:02 projectok spamd[2638]: spamd: connection from ::1 [::1]:46284 to port 783, fd 5
Jan 7 05:44:02 projectok spamd[2638]: spamd: setuid to anujchadha.tk succeeded
Jan 7 05:44:02 projectok spamd[2638]: spamd: processing message <1673050391.109741.2@projectok.com> for anujchadha.tk:1020
Jan 7 05:44:02 projectok postfix/smtpd[113241]: warning: connect to Milter service inet:localhost:8891: Connection timed out
Jan 7 05:44:02 projectok postfix/smtpd[113241]: lost connection after CONNECT from unknown[103.109.72.93]
Jan 7 05:44:02 projectok postfix/smtpd[113241]: disconnect from unknown[103.109.72.93] commands=0/0
Jan 7 05:44:04 projectok spamd[2638]: spamd: clean message (0.0/5.0) for anujchadha.tk:1020 in 1.5 seconds, 5618 bytes.
Jan 7 05:44:04 projectok spamd[2638]: spamd: result: . 0 - NO_RELAYS,URIBL_BLOCKED scantime=1.5,size=5618,user=anujchadha.tk,uid=1020,required_score=5.0,rhost=::1,raddr=::1,rport=46284,mid=<1673050391.109741.2@projectok.com>,autolearn=ham autolearn_force=no
Jan 7 05:44:04 projectok postfix/local[111112]: 6D987C178B47: to=, orig_to=, relay=local, delay=53, delays=30/0/0/23, dsn=2.0.0, status=sent (delivered to command: /usr/bin/procmail-wrapper -o -a $DOMAIN -d $LOGNAME)
Jan 7 05:44:04 projectok postfix/qmgr[66657]: 6D987C178B47: removed
Jan 7 05:44:06 projectok postfix/smtpd[109728]: warning: connect to Milter service inet:localhost:8891: Connection timed out
Jan 7 05:44:06 projectok postfix/smtpd[109728]: lost connection after CONNECT from unknown[46.148.40.198]
Jan 7 05:44:06 projectok postfix/smtpd[109728]: disconnect from unknown[46.148.40.198] commands=0/0
Jan 7 05:44:09 projectok postfix/smtpd[111254]: warning: connect to Milter service inet:localhost:8891: Connection timed out
Jan 7 05:44:11 projectok postfix/smtpd[111254]: warning: SASL authentication failure: cannot connect to saslauthd server: No such file or directory
Jan 7 05:44:11 projectok postfix/smtpd[111254]: warning: unknown[141.98.11.112]: SASL LOGIN authentication failed: generic failure
Jan 7 05:44:12 projectok postfix/smtpd[111254]: disconnect from unknown[141.98.11.112] ehlo=1 auth=0/1 rset=1 quit=1 commands=3/4
Jan 7 05:44:12 projectok postfix/qmgr[66657]: 5876EC1798C3: from=, size=669, nrcpt=1 (queue active)
Jan 7 05:44:12 projectok postfix/smtp[113414]: fatal: unknown service: smtp/tcp
Jan 7 05:44:12 projectok postfix/smtpd[112785]: warning: hostname 223-197-223-237.static.imsbiz.com does not resolve to address 223.197.223.237
Jan 7 05:44:12 projectok postfix/smtpd[112785]: connect from unknown[223.197.223.237]
Jan 7 05:44:13 projectok postfix/qmgr[66657]: warning: private/smtp socket: malformed response
Jan 7 05:44:13 projectok postfix/qmgr[66657]: warning: transport smtp failure -- see a previous warning/fatal/panic logfile record for the problem description
Jan 7 05:44:13 projectok postfix/master[66343]: warning: process /usr/libexec/postfix/smtp pid 113414 exit status 1
Jan 7 05:44:13 projectok postfix/master[66343]: warning: /usr/libexec/postfix/smtp: bad command startup -- throttling
Jan 7 05:44:13 projectok postfix/error[113415]: 5876EC1798C3: to=, relay=none, delay=4755, delays=4754/1.1/0/0.05, dsn=4.3.0, status=deferred (unknown mail transport error)
Jan 7 05:44:14 projectok postfix/smtpd[113349]: warning: connect to Milter service inet:localhost:8891: Connection timed out
Jan 7 05:44:14 projectok postfix/smtpd[113349]: lost connection after CONNECT from d157-84-231.home4.cgocable.net[24.157.84.231]
Jan 7 05:44:14 projectok postfix/smtpd[113349]: disconnect from d157-84-231.home4.cgocable.net[24.157.84.231] commands=0/0
Jan 7 05:44:14 projectok postfix/smtpd[104441]: warning: connect to Milter service inet:localhost:8891: Connection timed out
Jan 7 05:44:14 projectok postfix/smtpd[104441]: lost connection after CONNECT from unknown[46.148.40.197]
Jan 7 05:44:14 projectok postfix/smtpd[104441]: disconnect from unknown[46.148.40.197] commands=0/0
Jan 7 05:44:16 projectok postfix/smtpd[113241]: warning: hostname swear.medyamol.com does not resolve to address 141.98.11.112
Jan 7 05:44:16 projectok postfix/smtpd[113241]: connect from unknown[141.98.11.112]
Jan 7 05:44:20 projectok postfix/smtpd[111254]: warning: hostname nsg-corporate-87.234.187.122.airtel.in does not resolve to address 122.187.234.87: Name or service not known
Jan 7 05:44:20 projectok postfix/smtpd[111254]: connect from unknown[122.187.234.87]
Jan 7 05:44:21 projectok postfix/smtpd[113377]: warning: connect to Milter service inet:localhost:8891: Connection timed out
Jan 7 05:44:21 projectok postfix/smtpd[113377]: lost connection after CONNECT from unknown[122.187.230.67]
Jan 7 05:44:21 projectok postfix/smtpd[113377]: disconnect from unknown[122.187.230.67] commands=0/0
Jan 7 05:44:27 projectok postfix/smtpd[111206]: warning: connect to Milter service inet:localhost:8891: Connection timed out
Jan 7 05:44:28 projectok postfix/smtpd[111206]: warning: SASL authentication failure: cannot connect to saslauthd server: No such file or directory
Jan 7 05:44:28 projectok postfix/smtpd[111206]: warning: unknown[141.98.11.112]: SASL LOGIN authentication failed: generic failure
Jan 7 05:44:30 projectok postfix/smtpd[111206]: disconnect from unknown[141.98.11.112] ehlo=1 auth=0/1 rset=1 quit=1 commands=3/4
Jan 7 05:44:32 projectok postfix/smtpd[113349]: connect from 167.150.198.203.static.netvigator.com[203.198.150.167]
Jan 7 05:44:37 projectok postfix/smtpd[102342]: connect from unknown[46.148.40.135]
Jan 7 05:44:42 projectok postfix/smtpd[113377]: connect from 180.124.103.218.static.netvigator.com[218.103.124.180]
Jan 7 05:44:42 projectok postfix/smtpd[112785]: warning: connect to Milter service inet:localhost:8891: Connection timed out
Jan 7 05:44:42 projectok postfix/smtpd[112785]: lost connection after CONNECT from unknown[223.197.223.237]
Jan 7 05:44:42 projectok postfix/smtpd[112785]: disconnect from unknown[223.197.223.237] commands=0/0
Jan 7 05:44:46 projectok postfix/smtpd[113241]: warning: connect to Milter service inet:localhost:8891: Connection timed out
Jan 7 05:44:46 projectok postfix/anvil[66871]: statistics: max connection rate 6/60s for (smtp:46.148.40.173) at
Jan 7 00:10:09
Jan 7 05:44:46 projectok postfix/anvil[66871]: statistics: max connection count 4 for (smtp:46.148.40.173) at
Jan 7 00:09:59
Jan 7 05:44:46 projectok postfix/anvil[66871]: statistics: max cache size 14 at
Jan 7 00:08:54
Jan 7 05:44:47 projectok postfix/smtpd[113241]: warning: SASL authentication failure: cannot connect to saslauthd server: No such file or directory
Jan 7 05:44:47 projectok postfix/smtpd[113241]: warning: unknown[141.98.11.112]: SASL LOGIN authentication failed: generic failure
Jan 7 05:44:48 projectok postfix/smtpd[113241]: disconnect from unknown[141.98.11.112] ehlo=1 auth=0/1 rset=1 quit=1 commands=3/4
Jan 7 05:44:50 projectok postfix/smtpd[111254]: warning: connect to Milter service inet:localhost:8891: Connection timed out
Jan 7 05:44:50 projectok postfix/smtpd[111254]: lost connection after CONNECT from unknown[122.187.234.87]
Jan 7 05:44:50 projectok postfix/smtpd[111254]: disconnect from unknown[122.187.234.87] commands=0/0
Jan 7 05:44:52 projectok postfix/smtpd[109728]: connect from unknown[46.148.40.185]
Jan 7 05:44:56 projectok postfix/smtpd[104441]: connect from unknown[46.148.40.189]
Jan 7 05:45:02 projectok postfix/smtpd[113349]: warning: connect to Milter service inet:localhost:8891: Connection timed out
Jan 7 05:45:02 projectok postfix/smtpd[113349]: lost connection after CONNECT from 167.150.198.203.static.netvigator.com[203.198.150.167]
Jan 7 05:45:02 projectok postfix/smtpd[113349]: disconnect from 167.150.198.203.static.netvigator.com[203.198.150.167] commands=0/0
Jan 7 05:45:09 projectok postfix/smtpd[102342]: warning: connect to Milter service inet:localhost:8891: Connection timed out
Jan 7 05:45:09 projectok postfix/smtpd[102342]: lost connection after CONNECT from unknown[46.148.40.135]
Jan 7 05:45:09 projectok postfix/smtpd[102342]: disconnect from unknown[46.148.40.135] commands=0/0
